{"id":7603,"date":"2026-01-22T11:58:40","date_gmt":"2026-01-22T10:58:40","guid":{"rendered":"https:\/\/academiespatiale.fr\/?post_type=tribe_events&#038;p=7603"},"modified":"2026-01-22T11:59:29","modified_gmt":"2026-01-22T10:59:29","slug":"seminaire-ipgp-les-applications-satellitaires-au-service-des-politiques-publiques-environnementales-presentation-du-plan-dapplications-satellitaires-2023-2027","status":"publish","type":"tribe_events","link":"https:\/\/academiespatiale.fr\/index.php\/event\/seminaire-ipgp-les-applications-satellitaires-au-service-des-politiques-publiques-environnementales-presentation-du-plan-dapplications-satellitaires-2023-2027\/","title":{"rendered":"[S\u00e9minaire IPGP] Les applications satellitaires au service des politiques publiques environnementales : pr\u00e9sentation du Plan d&rsquo;Applications Satellitaires 2023-2027"},"content":{"rendered":"<div  class=\"tribe-events-schedule tribe-clearfix\" >\n\t<p class=\"tribe-events-schedule__datetime\">\n\t\t<span class=\"tribe-events-schedule__date tribe-events-schedule__date--start\">\n\t\t\t30 janvier\t\t<\/span>\n\n\t\t\t\t\t<span class=\"tribe-events-schedule__separator tribe-events-schedule__separator--date\">\n\t\t\t\t : \t\t\t<\/span>\n\t\t\t<span class=\"tribe-events-schedule__time tribe-events-schedule__time--start\">\n\t\t\t\t14h00\t\t\t<\/span>\n\t\t\n\t\t\t\t\t\t\t\t\t<span class=\"tribe-events-schedule__separator tribe-events-schedule__separator--time\">\n\t\t\t\t\t&#8211;\t\t\t\t<\/span>\n\t\t\t\n\t\t\t\t\t\t\t<span class=\"tribe-events-schedule__time tribe-events-schedule__time--end\">\n\t\t\t\t\t15h00\t\t\t\t<\/span>\n\t\t\t\n\t\t\t\t\t\t<\/p>\n<\/div>\n\n\n\n<div class=\"wp-block-cover is-light\" style=\"padding-top:var(--wp--preset--spacing--80);padding-right:var(--wp--preset--spacing--80);padding-bottom:var(--wp--preset--spacing--80);padding-left:var(--wp--preset--spacing--80);min-height:470px;aspect-ratio:unset;\"><span aria-hidden=\"true\" class=\"wp-block-cover__background has-white-background-color has-background-dim-100 has-background-dim\"><\/span><div class=\"wp-block-cover__inner-container is-layout-constrained wp-container-core-cover-is-layout-10bc4538 wp-block-cover-is-layout-constrained\">\n<p class=\"has-text-align-left\"><strong>Audrey Pellet, charg\u00e9e de mission applications satellitaires au Minist\u00e8re de la Transition \u00e9cologique et ing\u00e9nieure des Travaux Publics de l\u2019Etat, pr\u00e9sentera le vendredi 30 janvier 2026, un s\u00e9minaire intitul\u00e9 : \u00ab\u00a0<em><em>Les applications satellitaires au service des politiques publiques environnementales : pr\u00e9sentation du Plan d&rsquo;Applications Satellitaires 2023-2027<\/em><\/em>\u00a0\u00bb.<\/strong><\/p>\n\n\n\n<p class=\"has-text-align-left\">Ce s\u00e9minaire est organis\u00e9 par les Masters 2 FRS, GAED \/ TGAE et IG-AST de l\u2019Universit\u00e9 Paris-Cit\u00e9, de Sorbonne Universit\u00e9 et de l&rsquo;ENSG, dans le cadre de leur s\u00e9rie annuelle d\u00e9di\u00e9e \u00e0 l\u2019observation spatiale, la g\u00e9omatique et leurs applications.<\/p>\n\n\n\n<div class=\"wp-block-columns is-layout-flex wp-container-core-columns-is-layout-28f84493 wp-block-columns-is-layout-flex\">\n<div class=\"wp-block-column is-vertically-aligned-center is-layout-flow wp-block-column-is-layout-flow\" style=\"flex-basis:66.66%\">\n<p class=\"has-text-align-center\"><strong><strong><em><em>Les applications satellitaires au service des politiques publiques environnementales : <\/em><\/em><\/strong><\/strong><br><strong><strong><em><em>pr\u00e9sentation du Plan d&rsquo;Applications Satellitaires 2023-2027<\/em><\/em><\/strong><\/strong><\/p>\n\n\n\n<p class=\"has-text-align-center\">Vendredi 30 janvier 2026 \u00e0 14h<br>IPGP, salle P07 Outremer<\/p>\n\n\n\n<p class=\"has-text-align-center\">Entr\u00e9e libre, ouvert au public<\/p>\n<\/div>\n\n\n\n<div class=\"wp-block-column is-layout-flow wp-block-column-is-layout-flow\" style=\"flex-basis:33.33%\">\n<figure class=\"wp-block-image size-full\"><img loading=\"lazy\" decoding=\"async\" width=\"750\" height=\"500\" src=\"https:\/\/academiespatiale.fr\/wp-content\/uploads\/2026\/01\/SeminaireUPCite_30janv_Audrey-Pellet.png\" alt=\"\" class=\"wp-image-7604\" srcset=\"https:\/\/academiespatiale.fr\/wp-content\/uploads\/2026\/01\/SeminaireUPCite_30janv_Audrey-Pellet.png 750w, https:\/\/academiespatiale.fr\/wp-content\/uploads\/2026\/01\/SeminaireUPCite_30janv_Audrey-Pellet-300x200.png 300w, https:\/\/academiespatiale.fr\/wp-content\/uploads\/2026\/01\/SeminaireUPCite_30janv_Audrey-Pellet-360x240.png 360w\" sizes=\"auto, (max-width: 750px) 100vw, 750px\" \/><\/figure>\n<\/div>\n<\/div>\n\n\n\n<p>R\u00c9SUM\u00c9<br>Face aux d\u00e9fis environnementaux, le minist\u00e8re en charge de la transition \u00e9cologique s\u2019appuie sur les applications satellitaires pour renforcer le suivi, l\u2019\u00e9valuation et l\u2019efficacit\u00e9 de l\u2019action publique. Le Plan d\u2019Applications Satellitaires (PAS) 2023-2027 vise \u00e0 faciliter l\u2019appropriation op\u00e9rationnelle des donn\u00e9es issues des satellites d&rsquo;observation de la terre par les administrations, les op\u00e9rateurs et les collectivit\u00e9s territoriales. Cette pr\u00e9sentation propose un \u00e9clairage sur les objectifs, les usages concrets et les enjeux de cette d\u00e9marche publique.<\/p>\n\n\n\n<p class=\"has-background-color-background-color has-background\">Voir tous les webinaires<br>\u2192 <a href=\"https:\/\/academiespatiale.fr\/index.php\/2025\/11\/21\/seminaire-ipgp-2025-2026\/\">Cycle de s\u00e9minaire IPGP \u2013 Observation spatiale et g\u00e9omatique &#8211; Acad\u00e9mie Spatiale d&rsquo;\u00cele-de-France<\/a><br><br>Site officiel<br>\u2192 <a href=\"http:\/\/teledetection.ipgp.fr\/mpt\/MPT_seminaires.htm\" target=\"_blank\" rel=\"noopener\" title=\"\">Seminaires t\u00e9l\u00e9d\u00e9tection IPGP 2025-2026<\/a><\/p>\n<\/div><\/div>\n","protected":false},"excerpt":{"rendered":"","protected":false},"author":1,"featured_media":7604,"template":"","meta":{"_monsterinsights_skip_tracking":false,"_monsterinsights_sitenote_active":false,"_monsterinsights_sitenote_note":"","_monsterinsights_sitenote_category":0,"_EventAllDay":false,"_EventTimezone":"Europe\/Paris","_EventStartDate":"2026-01-30 14:00:00","_EventEndDate":"2026-01-30 15:00:00","_EventStartDateUTC":"2026-01-30 13:00:00","_EventEndDateUTC":"2026-01-30 14:00:00","_EventShowMap":false,"_EventShowMapLink":false,"_EventURL":"","_EventCost":"","_EventCostDescription":"","_EventCurrencySymbol":"\u20ac","_EventCurrencyCode":"EUR","_EventCurrencyPosition":"suffix","_EventDateTimeSeparator":" : ","_EventTimeRangeSeparator":"-","_EventOrganizerID":[],"_EventVenueID":[],"_OrganizerEmail":"","_OrganizerPhone":"","_OrganizerWebsite":"","_VenueAddress":"","_VenueCity":"","_VenueCountry":"","_VenueProvince":"","_VenueState":"","_VenueZip":"","_VenuePhone":"","_VenueURL":"","_VenueStateProvince":"","_VenueLat":"","_VenueLng":"","_VenueShowMap":false,"_VenueShowMapLink":false,"_tribe_events_status":"","_tribe_events_status_reason":"","footnotes":""},"tags":[],"tribe_events_cat":[38],"class_list":["post-7603","tribe_events","type-tribe_events","status-publish","has-post-thumbnail","hentry","tribe_events_cat-seminaire","cat_seminaire"],"aioseo_notices":[],"_links":{"self":[{"href":"https:\/\/academiespatiale.fr\/index.php\/wp-json\/wp\/v2\/tribe_events\/7603","targetHints":{"allow":["GET"]}}],"collection":[{"href":"https:\/\/academiespatiale.fr\/index.php\/wp-json\/wp\/v2\/tribe_events"}],"about":[{"href":"https:\/\/academiespatiale.fr\/index.php\/wp-json\/wp\/v2\/types\/tribe_events"}],"author":[{"embeddable":true,"href":"https:\/\/academiespatiale.fr\/index.php\/wp-json\/wp\/v2\/users\/1"}],"version-history":[{"count":2,"href":"https:\/\/academiespatiale.fr\/index.php\/wp-json\/wp\/v2\/tribe_events\/7603\/revisions"}],"predecessor-version":[{"id":7606,"href":"https:\/\/academiespatiale.fr\/index.php\/wp-json\/wp\/v2\/tribe_events\/7603\/revisions\/7606"}],"wp:featuredmedia":[{"embeddable":true,"href":"https:\/\/academiespatiale.fr\/index.php\/wp-json\/wp\/v2\/media\/7604"}],"wp:attachment":[{"href":"https:\/\/academiespatiale.fr\/index.php\/wp-json\/wp\/v2\/media?parent=7603"}],"wp:term":[{"taxonomy":"post_tag","embeddable":true,"href":"https:\/\/academiespatiale.fr\/index.php\/wp-json\/wp\/v2\/tags?post=7603"},{"taxonomy":"tribe_events_cat","embeddable":true,"href":"https:\/\/academiespatiale.fr\/index.php\/wp-json\/wp\/v2\/tribe_events_cat?post=7603"}],"curies":[{"name":"wp","href":"https:\/\/api.w.org\/{rel}","templated":true}]}}

[Séminaire IPGP] Les applications satellitaires au service des politiques publiques environnementales : présentation du Plan d&rsquo;Applications Satellitaires 2023-2027

<div  class="tribe-events-schedule tribe-clearfix" >
	<p class="tribe-events-schedule__datetime">
		<span class="tribe-events-schedule__date tribe-events-schedule__date--start">
			30 janvier		</span>

					<span class="tribe-events-schedule__separator tribe-events-schedule__separator--date">
				 : 			</span>
			<span class="tribe-events-schedule__time tribe-events-schedule__time--start">
				14h00			</span>
		
									<span class="tribe-events-schedule__separator tribe-events-schedule__separator--time">
					&#8211;				</span>
			
							<span class="tribe-events-schedule__time tribe-events-schedule__time--end">
					15h00				</span>
			
						</p>
</div>



<div class="wp-block-cover is-light" style="padding-top:var(--wp--preset--spacing--80);padding-right:var(--wp--preset--spacing--80);padding-bottom:var(--wp--preset--spacing--80);padding-left:var(--wp--preset--spacing--80);min-height:470px;aspect-ratio:unset;"><span aria-hidden="true" class="wp-block-cover__background has-white-background-color has-background-dim-100 has-background-dim"></span><div class="wp-block-cover__inner-container is-layout-constrained wp-container-core-cover-is-layout-10bc4538 wp-block-cover-is-layout-constrained">
<p class="has-text-align-left"><strong>Audrey Pellet, chargée de mission applications satellitaires au Ministère de la Transition écologique et ingénieure des Travaux Publics de l’Etat, présentera le vendredi 30 janvier 2026, un séminaire intitulé : « <em><em>Les applications satellitaires au service des politiques publiques environnementales : présentation du Plan d&rsquo;Applications Satellitaires 2023-2027</em></em> ».</strong></p>



<p class="has-text-align-left">Ce séminaire est organisé par les Masters 2 FRS, GAED / TGAE et IG-AST de l’Université Paris-Cité, de Sorbonne Université et de l&rsquo;ENSG, dans le cadre de leur série annuelle dédiée à l’observation spatiale, la géomatique et leurs applications.</p>



<div class="wp-block-columns is-layout-flex wp-container-core-columns-is-layout-28f84493 wp-block-columns-is-layout-flex">
<div class="wp-block-column is-vertically-aligned-center is-layout-flow wp-block-column-is-layout-flow" style="flex-basis:66.66%">
<p class="has-text-align-center"><strong><strong><em><em>Les applications satellitaires au service des politiques publiques environnementales : </em></em></strong></strong><br><strong><strong><em><em>présentation du Plan d&rsquo;Applications Satellitaires 2023-2027</em></em></strong></strong></p>



<p class="has-text-align-center">Vendredi 30 janvier 2026 à 14h<br>IPGP, salle P07 Outremer</p>



<p class="has-text-align-center">Entrée libre, ouvert au public</p>
</div>



<div class="wp-block-column is-layout-flow wp-block-column-is-layout-flow" style="flex-basis:33.33%">
<figure class="wp-block-image size-full"><img loading="lazy" decoding="async" width="750" height="500" src="https://academiespatiale.fr/wp-content/uploads/2026/01/SeminaireUPCite_30janv_Audrey-Pellet.png" alt="" class="wp-image-7604" srcset="https://academiespatiale.fr/wp-content/uploads/2026/01/SeminaireUPCite_30janv_Audrey-Pellet.png 750w, https://academiespatiale.fr/wp-content/uploads/2026/01/SeminaireUPCite_30janv_Audrey-Pellet-300x200.png 300w, https://academiespatiale.fr/wp-content/uploads/2026/01/SeminaireUPCite_30janv_Audrey-Pellet-360x240.png 360w" sizes="auto, (max-width: 750px) 100vw, 750px" /></figure>
</div>
</div>



<p>RÉSUMÉ<br>Face aux défis environnementaux, le ministère en charge de la transition écologique s’appuie sur les applications satellitaires pour renforcer le suivi, l’évaluation et l’efficacité de l’action publique. Le Plan d’Applications Satellitaires (PAS) 2023-2027 vise à faciliter l’appropriation opérationnelle des données issues des satellites d&rsquo;observation de la terre par les administrations, les opérateurs et les collectivités territoriales. Cette présentation propose un éclairage sur les objectifs, les usages concrets et les enjeux de cette démarche publique.</p>



<p class="has-background-color-background-color has-background">Voir tous les webinaires<br>→ <a href="https://academiespatiale.fr/index.php/2025/11/21/seminaire-ipgp-2025-2026/">Cycle de séminaire IPGP – Observation spatiale et géomatique &#8211; Académie Spatiale d&rsquo;Île-de-France</a><br><br>Site officiel<br>→ <a href="http://teledetection.ipgp.fr/mpt/MPT_seminaires.htm" target="_blank" rel="noopener" title="">Seminaires télédétection IPGP 2025-2026</a></p>
</div></div>
