{"id":7597,"date":"2026-01-22T11:47:45","date_gmt":"2026-01-22T10:47:45","guid":{"rendered":"https:\/\/academiespatiale.fr\/?post_type=tribe_events&#038;p=7597"},"modified":"2026-01-22T11:47:45","modified_gmt":"2026-01-22T10:47:45","slug":"seminaire-ipgp-les-drones-un-vecteur-de-plus-en-plus-utilise-pour-lacquisition-dimagerie-a-haute-resolution","status":"publish","type":"tribe_events","link":"https:\/\/academiespatiale.fr\/index.php\/event\/seminaire-ipgp-les-drones-un-vecteur-de-plus-en-plus-utilise-pour-lacquisition-dimagerie-a-haute-resolution\/","title":{"rendered":"[S\u00e9minaire IPGP] Les drones : un vecteur de plus en plus utilis\u00e9 pour l&rsquo;acquisition d&rsquo;imagerie \u00e0 haute r\u00e9solution"},"content":{"rendered":"<div  class=\"tribe-events-schedule tribe-clearfix\" >\n\t<p class=\"tribe-events-schedule__datetime\">\n\t\t<span class=\"tribe-events-schedule__date tribe-events-schedule__date--start\">\n\t\t\t23 janvier\t\t<\/span>\n\n\t\t\t\t\t<span class=\"tribe-events-schedule__separator tribe-events-schedule__separator--date\">\n\t\t\t\t : \t\t\t<\/span>\n\t\t\t<span class=\"tribe-events-schedule__time tribe-events-schedule__time--start\">\n\t\t\t\t14h00\t\t\t<\/span>\n\t\t\n\t\t\t\t\t\t\t\t\t<span class=\"tribe-events-schedule__separator tribe-events-schedule__separator--time\">\n\t\t\t\t\t&#8211;\t\t\t\t<\/span>\n\t\t\t\n\t\t\t\t\t\t\t<span class=\"tribe-events-schedule__time tribe-events-schedule__time--end\">\n\t\t\t\t\t15h00\t\t\t\t<\/span>\n\t\t\t\n\t\t\t\t\t\t<\/p>\n<\/div>\n\n\n\n<div class=\"wp-block-cover is-light\" style=\"padding-top:var(--wp--preset--spacing--80);padding-right:var(--wp--preset--spacing--80);padding-bottom:var(--wp--preset--spacing--80);padding-left:var(--wp--preset--spacing--80);min-height:470px;aspect-ratio:unset;\"><span aria-hidden=\"true\" class=\"wp-block-cover__background has-white-background-color has-background-dim-100 has-background-dim\"><\/span><div class=\"wp-block-cover__inner-container is-layout-constrained wp-container-core-cover-is-layout-10bc4538 wp-block-cover-is-layout-constrained\">\n<p class=\"has-text-align-left\"><strong>Paul\u00a0VANDEMEULEBROUCK, pr\u00e9sident &#8211; Drone Expertise Centre, pr\u00e9sentera le vendredi 23 janvier 2026, un s\u00e9minaire intitul\u00e9 : \u00ab\u00a0<em>Les drones : un vecteur de plus en plus utilis\u00e9 pour l&rsquo;acquisition d&rsquo;imagerie \u00e0 haute r\u00e9solution<\/em>\u00a0\u00bb.<\/strong><\/p>\n\n\n\n<p class=\"has-text-align-left\">Ce s\u00e9minaire est organis\u00e9 par les Masters 2 FRS, GAED \/ TGAE et IG-AST de l\u2019Universit\u00e9 Paris-Cit\u00e9, de Sorbonne Universit\u00e9 et de l&rsquo;ENSG, dans le cadre de leur s\u00e9rie annuelle d\u00e9di\u00e9e \u00e0 l\u2019observation spatiale, la g\u00e9omatique et leurs applications.<\/p>\n\n\n\n<div class=\"wp-block-columns is-layout-flex wp-container-core-columns-is-layout-28f84493 wp-block-columns-is-layout-flex\">\n<div class=\"wp-block-column is-vertically-aligned-center is-layout-flow wp-block-column-is-layout-flow\" style=\"flex-basis:66.66%\">\n<p class=\"has-text-align-center\"><strong><strong><em>Les drones : un vecteur de plus en plus utilis\u00e9 pour l&rsquo;acquisition d&rsquo;imagerie \u00e0 haute r\u00e9solution<\/em><\/strong><\/strong><\/p>\n\n\n\n<p class=\"has-text-align-center\">Vendredi 23 janvier 2026 \u00e0 14h<br>IPGP, salle P07 Outremer<\/p>\n\n\n\n<p class=\"has-text-align-center\">Entr\u00e9e libre, ouvert au public<\/p>\n<\/div>\n\n\n\n<div class=\"wp-block-column is-layout-flow wp-block-column-is-layout-flow\" style=\"flex-basis:33.33%\">\n<figure class=\"wp-block-image size-full\"><img loading=\"lazy\" decoding=\"async\" width=\"750\" height=\"500\" src=\"https:\/\/academiespatiale.fr\/wp-content\/uploads\/2026\/01\/SeminaireUPCite_23janv_Paul-VANDEMEULEBROUCK.png\" alt=\"\" class=\"wp-image-7600\" srcset=\"https:\/\/academiespatiale.fr\/wp-content\/uploads\/2026\/01\/SeminaireUPCite_23janv_Paul-VANDEMEULEBROUCK.png 750w, https:\/\/academiespatiale.fr\/wp-content\/uploads\/2026\/01\/SeminaireUPCite_23janv_Paul-VANDEMEULEBROUCK-300x200.png 300w, https:\/\/academiespatiale.fr\/wp-content\/uploads\/2026\/01\/SeminaireUPCite_23janv_Paul-VANDEMEULEBROUCK-360x240.png 360w\" sizes=\"auto, (max-width: 750px) 100vw, 750px\" \/><\/figure>\n<\/div>\n<\/div>\n\n\n\n<p>R\u00c9SUM\u00c9<br>Pr\u00e9sentation des nouvelles possibilit\u00e9s d&rsquo;acquisition offertes par les drones mais \u00e9galement la miniaturisation des capteurs (LiDAR et autres) dans les \u00e9tudes environnementales. Seront \u00e9voqu\u00e9s, la r\u00e9glementation, le mat\u00e9riel (drone volant, terrestre), mais aussi les capteurs et le plus important les traitements de donn\u00e9es possibles.\u00a0<\/p>\n\n\n\n<p class=\"has-background-color-background-color has-background\">Voir tous les webinaires<br>\u2192 <a href=\"https:\/\/academiespatiale.fr\/index.php\/2025\/11\/21\/seminaire-ipgp-2025-2026\/\">Cycle de s\u00e9minaire IPGP \u2013 Observation spatiale et g\u00e9omatique &#8211; Acad\u00e9mie Spatiale d&rsquo;\u00cele-de-France<\/a><br><br>Site officiel<br>\u2192 <a href=\"http:\/\/teledetection.ipgp.fr\/mpt\/MPT_seminaires.htm\" target=\"_blank\" rel=\"noopener\" title=\"\">Seminaires t\u00e9l\u00e9d\u00e9tection IPGP 2025-2026<\/a><\/p>\n<\/div><\/div>\n","protected":false},"excerpt":{"rendered":"","protected":false},"author":1,"featured_media":7600,"template":"","meta":{"_monsterinsights_skip_tracking":false,"_monsterinsights_sitenote_active":false,"_monsterinsights_sitenote_note":"","_monsterinsights_sitenote_category":0,"_EventAllDay":false,"_EventTimezone":"Europe\/Paris","_EventStartDate":"2026-01-23 14:00:00","_EventEndDate":"2026-01-23 15:00:00","_EventStartDateUTC":"2026-01-23 13:00:00","_EventEndDateUTC":"2026-01-23 14:00:00","_EventShowMap":false,"_EventShowMapLink":false,"_EventURL":"","_EventCost":"","_EventCostDescription":"","_EventCurrencySymbol":"\u20ac","_EventCurrencyCode":"EUR","_EventCurrencyPosition":"suffix","_EventDateTimeSeparator":" : ","_EventTimeRangeSeparator":"-","_EventOrganizerID":[],"_EventVenueID":[],"_OrganizerEmail":"","_OrganizerPhone":"","_OrganizerWebsite":"","_VenueAddress":"","_VenueCity":"","_VenueCountry":"","_VenueProvince":"","_VenueState":"","_VenueZip":"","_VenuePhone":"","_VenueURL":"","_VenueStateProvince":"","_VenueLat":"","_VenueLng":"","_VenueShowMap":false,"_VenueShowMapLink":false,"_tribe_events_status":"","_tribe_events_status_reason":"","footnotes":""},"tags":[],"tribe_events_cat":[38],"class_list":["post-7597","tribe_events","type-tribe_events","status-publish","has-post-thumbnail","hentry","tribe_events_cat-seminaire","cat_seminaire"],"aioseo_notices":[],"_links":{"self":[{"href":"https:\/\/academiespatiale.fr\/index.php\/wp-json\/wp\/v2\/tribe_events\/7597","targetHints":{"allow":["GET"]}}],"collection":[{"href":"https:\/\/academiespatiale.fr\/index.php\/wp-json\/wp\/v2\/tribe_events"}],"about":[{"href":"https:\/\/academiespatiale.fr\/index.php\/wp-json\/wp\/v2\/types\/tribe_events"}],"author":[{"embeddable":true,"href":"https:\/\/academiespatiale.fr\/index.php\/wp-json\/wp\/v2\/users\/1"}],"version-history":[{"count":2,"href":"https:\/\/academiespatiale.fr\/index.php\/wp-json\/wp\/v2\/tribe_events\/7597\/revisions"}],"predecessor-version":[{"id":7601,"href":"https:\/\/academiespatiale.fr\/index.php\/wp-json\/wp\/v2\/tribe_events\/7597\/revisions\/7601"}],"wp:featuredmedia":[{"embeddable":true,"href":"https:\/\/academiespatiale.fr\/index.php\/wp-json\/wp\/v2\/media\/7600"}],"wp:attachment":[{"href":"https:\/\/academiespatiale.fr\/index.php\/wp-json\/wp\/v2\/media?parent=7597"}],"wp:term":[{"taxonomy":"post_tag","embeddable":true,"href":"https:\/\/academiespatiale.fr\/index.php\/wp-json\/wp\/v2\/tags?post=7597"},{"taxonomy":"tribe_events_cat","embeddable":true,"href":"https:\/\/academiespatiale.fr\/index.php\/wp-json\/wp\/v2\/tribe_events_cat?post=7597"}],"curies":[{"name":"wp","href":"https:\/\/api.w.org\/{rel}","templated":true}]}}

[Séminaire IPGP] Les drones : un vecteur de plus en plus utilisé pour l&rsquo;acquisition d&rsquo;imagerie à haute résolution

<div  class="tribe-events-schedule tribe-clearfix" >
	<p class="tribe-events-schedule__datetime">
		<span class="tribe-events-schedule__date tribe-events-schedule__date--start">
			23 janvier		</span>

					<span class="tribe-events-schedule__separator tribe-events-schedule__separator--date">
				 : 			</span>
			<span class="tribe-events-schedule__time tribe-events-schedule__time--start">
				14h00			</span>
		
									<span class="tribe-events-schedule__separator tribe-events-schedule__separator--time">
					&#8211;				</span>
			
							<span class="tribe-events-schedule__time tribe-events-schedule__time--end">
					15h00				</span>
			
						</p>
</div>



<div class="wp-block-cover is-light" style="padding-top:var(--wp--preset--spacing--80);padding-right:var(--wp--preset--spacing--80);padding-bottom:var(--wp--preset--spacing--80);padding-left:var(--wp--preset--spacing--80);min-height:470px;aspect-ratio:unset;"><span aria-hidden="true" class="wp-block-cover__background has-white-background-color has-background-dim-100 has-background-dim"></span><div class="wp-block-cover__inner-container is-layout-constrained wp-container-core-cover-is-layout-10bc4538 wp-block-cover-is-layout-constrained">
<p class="has-text-align-left"><strong>Paul VANDEMEULEBROUCK, président &#8211; Drone Expertise Centre, présentera le vendredi 23 janvier 2026, un séminaire intitulé : « <em>Les drones : un vecteur de plus en plus utilisé pour l&rsquo;acquisition d&rsquo;imagerie à haute résolution</em> ».</strong></p>



<p class="has-text-align-left">Ce séminaire est organisé par les Masters 2 FRS, GAED / TGAE et IG-AST de l’Université Paris-Cité, de Sorbonne Université et de l&rsquo;ENSG, dans le cadre de leur série annuelle dédiée à l’observation spatiale, la géomatique et leurs applications.</p>



<div class="wp-block-columns is-layout-flex wp-container-core-columns-is-layout-28f84493 wp-block-columns-is-layout-flex">
<div class="wp-block-column is-vertically-aligned-center is-layout-flow wp-block-column-is-layout-flow" style="flex-basis:66.66%">
<p class="has-text-align-center"><strong><strong><em>Les drones : un vecteur de plus en plus utilisé pour l&rsquo;acquisition d&rsquo;imagerie à haute résolution</em></strong></strong></p>



<p class="has-text-align-center">Vendredi 23 janvier 2026 à 14h<br>IPGP, salle P07 Outremer</p>



<p class="has-text-align-center">Entrée libre, ouvert au public</p>
</div>



<div class="wp-block-column is-layout-flow wp-block-column-is-layout-flow" style="flex-basis:33.33%">
<figure class="wp-block-image size-full"><img loading="lazy" decoding="async" width="750" height="500" src="https://academiespatiale.fr/wp-content/uploads/2026/01/SeminaireUPCite_23janv_Paul-VANDEMEULEBROUCK.png" alt="" class="wp-image-7600" srcset="https://academiespatiale.fr/wp-content/uploads/2026/01/SeminaireUPCite_23janv_Paul-VANDEMEULEBROUCK.png 750w, https://academiespatiale.fr/wp-content/uploads/2026/01/SeminaireUPCite_23janv_Paul-VANDEMEULEBROUCK-300x200.png 300w, https://academiespatiale.fr/wp-content/uploads/2026/01/SeminaireUPCite_23janv_Paul-VANDEMEULEBROUCK-360x240.png 360w" sizes="auto, (max-width: 750px) 100vw, 750px" /></figure>
</div>
</div>



<p>RÉSUMÉ<br>Présentation des nouvelles possibilités d&rsquo;acquisition offertes par les drones mais également la miniaturisation des capteurs (LiDAR et autres) dans les études environnementales. Seront évoqués, la réglementation, le matériel (drone volant, terrestre), mais aussi les capteurs et le plus important les traitements de données possibles. </p>



<p class="has-background-color-background-color has-background">Voir tous les webinaires<br>→ <a href="https://academiespatiale.fr/index.php/2025/11/21/seminaire-ipgp-2025-2026/">Cycle de séminaire IPGP – Observation spatiale et géomatique &#8211; Académie Spatiale d&rsquo;Île-de-France</a><br><br>Site officiel<br>→ <a href="http://teledetection.ipgp.fr/mpt/MPT_seminaires.htm" target="_blank" rel="noopener" title="">Seminaires télédétection IPGP 2025-2026</a></p>
</div></div>
