{"id":1279,"date":"2024-07-04T16:22:45","date_gmt":"2024-07-04T14:22:45","guid":{"rendered":"https:\/\/academiespatiale.fr\/?post_type=tribe_events&#038;p=1279"},"modified":"2024-07-04T19:06:57","modified_gmt":"2024-07-04T17:06:57","slug":"invitation-conference-de-sismologie-a-lonera","status":"publish","type":"tribe_events","link":"https:\/\/academiespatiale.fr\/index.php\/event\/invitation-conference-de-sismologie-a-lonera\/","title":{"rendered":"Invitation \u2013 conf\u00e9rence de sismologie \u00e0 l\u2019ONERA"},"content":{"rendered":"<div  class=\"tribe-events-schedule tribe-clearfix\" >\n\t<p class=\"tribe-events-schedule__datetime\">\n\t\t<span class=\"tribe-events-schedule__date tribe-events-schedule__date--start\">\n\t\t\t9 juillet 2024\t\t<\/span>\n\n\t\t\t\t\t<span class=\"tribe-events-schedule__separator tribe-events-schedule__separator--date\">\n\t\t\t\t\/\t\t\t<\/span>\n\t\t\t<span class=\"tribe-events-schedule__time tribe-events-schedule__time--start\">\n\t\t\t\t14h00\t\t\t<\/span>\n\t\t\n\t\t\t\t\t\t\t\t\t<span class=\"tribe-events-schedule__separator tribe-events-schedule__separator--time\">\n\t\t\t\t\t &#8211;\t\t\t\t<\/span>\n\t\t\t\n\t\t\t\t\t\t\t<span class=\"tribe-events-schedule__time tribe-events-schedule__time--end\">\n\t\t\t\t\t15h00\t\t\t\t<\/span>\n\t\t\t\n\t\t\t\t\t\t<\/p>\n<\/div>\n\n\n\n<div style=\"height:50px\" aria-hidden=\"true\" class=\"wp-block-spacer\"><\/div>\n\n\n\n<div class=\"wp-block-media-text is-stacked-on-mobile\" style=\"grid-template-columns:34% auto\"><figure class=\"wp-block-media-text__media\"><a href=\"https:\/\/academiespatiale.fr\/index.php\/2024\/07\/04\/invitation-conference-de-sismologie-a-lonera\/\"><img loading=\"lazy\" decoding=\"async\" width=\"400\" height=\"566\" src=\"https:\/\/academiespatiale.fr\/wp-content\/uploads\/2024\/07\/asl-conf-philippe-lognonne-invitation.jpg\" alt=\"\" class=\"wp-image-1270 size-full\" srcset=\"https:\/\/academiespatiale.fr\/wp-content\/uploads\/2024\/07\/asl-conf-philippe-lognonne-invitation.jpg 400w, https:\/\/academiespatiale.fr\/wp-content\/uploads\/2024\/07\/asl-conf-philippe-lognonne-invitation-212x300.jpg 212w\" sizes=\"auto, (max-width: 400px) 100vw, 400px\" \/><\/a><\/figure><div class=\"wp-block-media-text__content\">\n<p>Riad Haidar, directeur scientifique g\u00e9n\u00e9ral &amp; Anne Tanguy, directrice scientifique du domaine Mat\u00e9riaux et structures vous invitent \u00e0 la conf\u00e9rence de Philippe Lognonn\u00e9, g\u00e9ophysicien et plan\u00e9tologue \u00e0 l&rsquo;Institut du globe de Paris.<\/p>\n\n\n\n<div style=\"height:20px\" aria-hidden=\"true\" class=\"wp-block-spacer\"><\/div>\n\n\n\n<blockquote class=\"wp-block-quote is-layout-flow wp-block-quote-is-layout-flow\">\n<p>Sismologie multi-messagers d&rsquo;impacts sur Mars et sur la Lune<\/p>\n<cite><strong>Mardi 9 juillet 2024, de 14h \u00e0 15h<br>Salle Marcel Pierre, ONERA, Palaiseau<\/strong><\/cite><\/blockquote>\n\n\n\n<div style=\"height:20px\" aria-hidden=\"true\" class=\"wp-block-spacer\"><\/div>\n\n\n<div  class=\"tribe-block tribe-block__event-website\" >\n\t<a\n\t\thref=\"https:\/\/academiespatiale.fr\/index.php\/2024\/07\/04\/invitation-conference-de-sismologie-a-lonera\/\"\n\t\ttarget=\"_self\"\n\t\t\t>\n\t\tEn savoir plus\t<\/a>\n<\/div>\n<\/div><\/div>\n\n\n\n<div style=\"height:20px\" aria-hidden=\"true\" class=\"wp-block-spacer\"><\/div>\n\n\n\n<p class=\"has-white-background-color has-background\" style=\"font-size:15px\">&gt;&gt;&gt; PROCEDURE D&rsquo;INSCRIPTION &lt;&lt;&lt;<br><br>Merci de vous inscrire aupr\u00e8s de&nbsp;<a href=\"mailto:dsg-secretariat@onera.fr?subject=%5BASL%20Conf%5D%20-%20Xavier%20Waintal%20%3A%20Tensor%20Networks%20Will%20Save%20The%20Day%20Where%20Quantum%20Computers%20Might%20Fail\">dsg-secretariat@onera.fr<\/a>&nbsp;au plus tard trois jours avant la date de la conf\u00e9rence, en pr\u00e9cisant en objet [ASLConf &#8211; Acc\u00e8s] et en fournissant les informations suivantes : nom, pr\u00e9nom, date et lieu de naissance, soci\u00e9t\u00e9 ou organisation, fonction, n\u00b0 CNI ou n\u00b0 passeport. <br><br>Pour les ressortissants \u00e9trangers, y compris de l&rsquo;Union europ\u00e9enne, faire cette d\u00e9marche deux semaines \u00e0 l&rsquo;avance, en ajoutant un scan du passeport.<br><br>Toute demande tardive ne pourra \u00eatre trait\u00e9e, et l\u2019acc\u00e8s au site de l\u2019ONERA ne sera donc pas garanti.<\/p>\n\n\n\n<div style=\"height:20px\" aria-hidden=\"true\" class=\"wp-block-spacer\"><\/div>\n\n\n\n<hr class=\"wp-block-separator has-text-color has-black-color has-alpha-channel-opacity has-black-background-color has-background is-style-default\"\/>\n\n\n\n<div style=\"height:20px\" aria-hidden=\"true\" class=\"wp-block-spacer\"><\/div>\n","protected":false},"excerpt":{"rendered":"<p>&gt;&gt;&gt; PROCEDURE D&rsquo;INSCRIPTION &lt;&lt;&lt; Merci de vous inscrire aupr\u00e8s de&nbsp;dsg-secretariat@onera.fr&nbsp;au plus tard trois jours avant la date de la conf\u00e9rence, en pr\u00e9cisant en objet [ASLConf &#8211; Acc\u00e8s] et en fournissant les informations suivantes : nom, pr\u00e9nom, date et lieu de naissance, soci\u00e9t\u00e9 ou organisation, fonction, n\u00b0 CNI ou n\u00b0 passeport. [&hellip;]<\/p>\n","protected":false},"author":1,"featured_media":1273,"template":"","meta":{"_monsterinsights_skip_tracking":false,"_monsterinsights_sitenote_active":false,"_monsterinsights_sitenote_note":"","_monsterinsights_sitenote_category":0,"_EventAllDay":false,"_EventTimezone":"Europe\/Paris","_EventStartDate":"2024-07-09 14:00:00","_EventEndDate":"2024-07-09 15:00:00","_EventStartDateUTC":"2024-07-09 12:00:00","_EventEndDateUTC":"2024-07-09 13:00:00","_EventShowMap":true,"_EventShowMapLink":true,"_EventURL":"https:\/\/academiespatiale.fr\/index.php\/2024\/07\/04\/invitation-conference-de-sismologie-a-lonera\/","_EventCost":"","_EventCostDescription":"","_EventCurrencySymbol":"\u20ac","_EventCurrencyCode":"EUR","_EventCurrencyPosition":"suffix","_EventDateTimeSeparator":"\/","_EventTimeRangeSeparator":" -","_EventOrganizerID":[],"_EventVenueID":[],"_OrganizerEmail":"","_OrganizerPhone":"","_OrganizerWebsite":"","_VenueAddress":"","_VenueCity":"","_VenueCountry":"","_VenueProvince":"","_VenueState":"","_VenueZip":"","_VenuePhone":"","_VenueURL":"","_VenueStateProvince":"","_VenueLat":"","_VenueLng":"","_VenueShowMap":false,"_VenueShowMapLink":false,"_tribe_events_status":"","_tribe_events_status_reason":"","footnotes":""},"tags":[],"tribe_events_cat":[],"class_list":["post-1279","tribe_events","type-tribe_events","status-publish","has-post-thumbnail","hentry"],"aioseo_notices":[],"_links":{"self":[{"href":"https:\/\/academiespatiale.fr\/index.php\/wp-json\/wp\/v2\/tribe_events\/1279","targetHints":{"allow":["GET"]}}],"collection":[{"href":"https:\/\/academiespatiale.fr\/index.php\/wp-json\/wp\/v2\/tribe_events"}],"about":[{"href":"https:\/\/academiespatiale.fr\/index.php\/wp-json\/wp\/v2\/types\/tribe_events"}],"author":[{"embeddable":true,"href":"https:\/\/academiespatiale.fr\/index.php\/wp-json\/wp\/v2\/users\/1"}],"version-history":[{"count":27,"href":"https:\/\/academiespatiale.fr\/index.php\/wp-json\/wp\/v2\/tribe_events\/1279\/revisions"}],"predecessor-version":[{"id":1345,"href":"https:\/\/academiespatiale.fr\/index.php\/wp-json\/wp\/v2\/tribe_events\/1279\/revisions\/1345"}],"wp:featuredmedia":[{"embeddable":true,"href":"https:\/\/academiespatiale.fr\/index.php\/wp-json\/wp\/v2\/media\/1273"}],"wp:attachment":[{"href":"https:\/\/academiespatiale.fr\/index.php\/wp-json\/wp\/v2\/media?parent=1279"}],"wp:term":[{"taxonomy":"post_tag","embeddable":true,"href":"https:\/\/academiespatiale.fr\/index.php\/wp-json\/wp\/v2\/tags?post=1279"},{"taxonomy":"tribe_events_cat","embeddable":true,"href":"https:\/\/academiespatiale.fr\/index.php\/wp-json\/wp\/v2\/tribe_events_cat?post=1279"}],"curies":[{"name":"wp","href":"https:\/\/api.w.org\/{rel}","templated":true}]}}

Invitation – conférence de sismologie à l’ONERA

<div  class="tribe-events-schedule tribe-clearfix" >
	<p class="tribe-events-schedule__datetime">
		<span class="tribe-events-schedule__date tribe-events-schedule__date--start">
			9 juillet 2024		</span>

					<span class="tribe-events-schedule__separator tribe-events-schedule__separator--date">
				/			</span>
			<span class="tribe-events-schedule__time tribe-events-schedule__time--start">
				14h00			</span>
		
									<span class="tribe-events-schedule__separator tribe-events-schedule__separator--time">
					 &#8211;				</span>
			
							<span class="tribe-events-schedule__time tribe-events-schedule__time--end">
					15h00				</span>
			
						</p>
</div>



<div style="height:50px" aria-hidden="true" class="wp-block-spacer"></div>



<div class="wp-block-media-text is-stacked-on-mobile" style="grid-template-columns:34% auto"><figure class="wp-block-media-text__media"><a href="https://academiespatiale.fr/index.php/2024/07/04/invitation-conference-de-sismologie-a-lonera/"><img loading="lazy" decoding="async" width="400" height="566" src="https://academiespatiale.fr/wp-content/uploads/2024/07/asl-conf-philippe-lognonne-invitation.jpg" alt="" class="wp-image-1270 size-full" srcset="https://academiespatiale.fr/wp-content/uploads/2024/07/asl-conf-philippe-lognonne-invitation.jpg 400w, https://academiespatiale.fr/wp-content/uploads/2024/07/asl-conf-philippe-lognonne-invitation-212x300.jpg 212w" sizes="auto, (max-width: 400px) 100vw, 400px" /></a></figure><div class="wp-block-media-text__content">
<p>Riad Haidar, directeur scientifique général &amp; Anne Tanguy, directrice scientifique du domaine Matériaux et structures vous invitent à la conférence de Philippe Lognonné, géophysicien et planétologue à l&rsquo;Institut du globe de Paris.</p>



<div style="height:20px" aria-hidden="true" class="wp-block-spacer"></div>



<blockquote class="wp-block-quote is-layout-flow wp-block-quote-is-layout-flow">
<p>Sismologie multi-messagers d&rsquo;impacts sur Mars et sur la Lune</p>
<cite><strong>Mardi 9 juillet 2024, de 14h à 15h<br>Salle Marcel Pierre, ONERA, Palaiseau</strong></cite></blockquote>



<div style="height:20px" aria-hidden="true" class="wp-block-spacer"></div>


<div  class="tribe-block tribe-block__event-website" >
	<a
		href="https://academiespatiale.fr/index.php/2024/07/04/invitation-conference-de-sismologie-a-lonera/"
		target="_self"
			>
		En savoir plus	</a>
</div>
</div></div>



<div style="height:20px" aria-hidden="true" class="wp-block-spacer"></div>



<p class="has-white-background-color has-background" style="font-size:15px">&gt;&gt;&gt; PROCEDURE D&rsquo;INSCRIPTION &lt;&lt;&lt;<br><br>Merci de vous inscrire auprès de&nbsp;<a href="mailto:dsg-secretariat@onera.fr?subject=%5BASL%20Conf%5D%20-%20Xavier%20Waintal%20%3A%20Tensor%20Networks%20Will%20Save%20The%20Day%20Where%20Quantum%20Computers%20Might%20Fail">dsg-secretariat@onera.fr</a>&nbsp;au plus tard trois jours avant la date de la conférence, en précisant en objet [ASLConf &#8211; Accès] et en fournissant les informations suivantes : nom, prénom, date et lieu de naissance, société ou organisation, fonction, n° CNI ou n° passeport. <br><br>Pour les ressortissants étrangers, y compris de l&rsquo;Union européenne, faire cette démarche deux semaines à l&rsquo;avance, en ajoutant un scan du passeport.<br><br>Toute demande tardive ne pourra être traitée, et l’accès au site de l’ONERA ne sera donc pas garanti.</p>



<div style="height:20px" aria-hidden="true" class="wp-block-spacer"></div>



<hr class="wp-block-separator has-text-color has-black-color has-alpha-channel-opacity has-black-background-color has-background is-style-default"/>



<div style="height:20px" aria-hidden="true" class="wp-block-spacer"></div>

<p>&gt;&gt;&gt; PROCEDURE D&rsquo;INSCRIPTION &lt;&lt;&lt; Merci de vous inscrire auprès de&nbsp;dsg-secretariat@onera.fr&nbsp;au plus tard trois jours avant la date de la conférence, en précisant en objet [ASLConf &#8211; Accès] et en fournissant les informations suivantes : nom, prénom, date et lieu de naissance, société ou organisation, fonction, n° CNI ou n° passeport. [&hellip;]</p>
