{"id":1257,"date":"2024-06-27T17:02:10","date_gmt":"2024-06-27T15:02:10","guid":{"rendered":"https:\/\/academiespatiale.fr\/?post_type=tribe_events&#038;p=1257"},"modified":"2024-06-27T18:33:44","modified_gmt":"2024-06-27T16:33:44","slug":"emission-twitch-jeudi-27-juin-a-20h","status":"publish","type":"tribe_events","link":"https:\/\/academiespatiale.fr\/index.php\/event\/emission-twitch-jeudi-27-juin-a-20h\/","title":{"rendered":"\u00c9mission Twitch &#8211; jeudi 27 juin \u00e0 20h"},"content":{"rendered":"\r\n<figure class=\"wp-block-image size-full\"><a href=\"https:\/\/capsurlavenir.com\/\" target=\"_blank\" rel=\"noreferrer noopener\"><img loading=\"lazy\" decoding=\"async\" src=\"https:\/\/academiespatiale.fr\/wp-content\/uploads\/2024\/06\/cap-sur-avenir-ACF-900x364-1.jpg\" alt=\"\" class=\"wp-image-1239 alignnone\" width=\"633\" height=\"256\" srcset=\"https:\/\/academiespatiale.fr\/wp-content\/uploads\/2024\/06\/cap-sur-avenir-ACF-900x364-1.jpg 900w, https:\/\/academiespatiale.fr\/wp-content\/uploads\/2024\/06\/cap-sur-avenir-ACF-900x364-1-300x121.jpg 300w, https:\/\/academiespatiale.fr\/wp-content\/uploads\/2024\/06\/cap-sur-avenir-ACF-900x364-1-768x311.jpg 768w\" sizes=\"auto, (max-width: 633px) 100vw, 633px\" \/><\/a><\/figure>\r\n\r\n\r\n<hr class=\"wp-block-separator has-alpha-channel-opacity\" \/>\r\n\r\n\r\n<div aria-hidden=\"true\" class=\"wp-block-spacer\"><\/div>\r\n\r\n\r\n\r\n<div class=\"wp-block-columns is-layout-flex wp-container-core-columns-is-layout-28f84493 wp-block-columns-is-layout-flex\">\r\n<div class=\"wp-block-column\"><br \/><br \/>Retrouvez Philippe Keckhut, Vice-Pr\u00e9sident Recherche Innovation \u00e0 l&rsquo;UVSQ, sur Twitch dans l&rsquo;\u00e9mission du projet \u00ab\u00a0Cap sur l&rsquo;Avenir\u00a0\u00bb. Il y parlera des connaissances actuelles en mati\u00e8re d&rsquo;atmosph\u00e8re et d&rsquo;espace, et s&rsquo;attardera plus sp\u00e9cifiquement sur l&rsquo;\u00e9volution et les nouveaux m\u00e9tiers de la fili\u00e8re spatiale.<br \/><br \/><strong>&gt;&gt;&gt; Jeudi 27 juin \u00e0 20h !<br \/>&gt;&gt;&gt; Voir l&rsquo;\u00e9mission Twitch : <a href=\"https:\/\/www.twitch.tv\/jumpseat_abz\">https:\/\/www.twitch.tv\/jumpseat_abz<\/a><br \/><br \/><\/strong>Si vous avez des questions c&rsquo;est l&rsquo;occasion !<br \/><br \/><br \/><\/div>\r\n<div class=\"wp-block-column has-small-font-size\">\r\n<figure class=\"wp-block-image aligncenter size-full is-resized\"><img loading=\"lazy\" decoding=\"async\" src=\"https:\/\/academiespatiale.fr\/wp-content\/uploads\/2024\/06\/Twitch-tewte_transp.png\" alt=\"\" class=\"wp-image-1244\" width=\"157\" height=\"97\" srcset=\"https:\/\/academiespatiale.fr\/wp-content\/uploads\/2024\/06\/Twitch-tewte_transp.png 683w, https:\/\/academiespatiale.fr\/wp-content\/uploads\/2024\/06\/Twitch-tewte_transp-300x185.png 300w\" sizes=\"auto, (max-width: 157px) 100vw, 157px\" \/><br \/><br \/><img loading=\"lazy\" decoding=\"async\" src=\"https:\/\/academiespatiale.fr\/wp-content\/uploads\/2024\/06\/Keckhut_portrait_01-798x1024.jpg\" alt=\"\" class=\"wp-image-1240\" width=\"255\" height=\"327\" srcset=\"https:\/\/academiespatiale.fr\/wp-content\/uploads\/2024\/06\/Keckhut_portrait_01-798x1024.jpg 798w, https:\/\/academiespatiale.fr\/wp-content\/uploads\/2024\/06\/Keckhut_portrait_01-234x300.jpg 234w, https:\/\/academiespatiale.fr\/wp-content\/uploads\/2024\/06\/Keckhut_portrait_01-768x986.jpg 768w, https:\/\/academiespatiale.fr\/wp-content\/uploads\/2024\/06\/Keckhut_portrait_01-1196x1536.jpg 1196w, https:\/\/academiespatiale.fr\/wp-content\/uploads\/2024\/06\/Keckhut_portrait_01-1595x2048.jpg 1595w, https:\/\/academiespatiale.fr\/wp-content\/uploads\/2024\/06\/Keckhut_portrait_01.jpg 1944w\" sizes=\"auto, (max-width: 255px) 100vw, 255px\" \/><br \/>Philippe Keckhut<\/figure>\r\n<\/div>\r\n<\/div>\r\n\r\n\r\n\r\n<p><a href=\"https:\/\/capsurlavenir.com\/\" target=\"_blank\" rel=\"noopener\" title=\"\">Cap sur l&rsquo;Avenir<\/a> est compos\u00e9 d&rsquo;un ensemble de passionn\u00e9\u00b7es de l&rsquo;a\u00e9rien, d&rsquo;\u00e9tudiant\u00b7es, de responsables associatifs et autres professionnel\u00b7les du secteur. Au sein de ce projet, chacun et chacune oeuvre \u00e0 la promotion et au rayonnement de l&rsquo;a\u00e9ronautique fran\u00e7aise.<\/p>\r\n\r\n\r\n\r\n<p>Aujourd&rsquo;hui, les membres de Cap sur l&rsquo;Avenir sont rassembl\u00e9\u00b7es au sein de l&rsquo;<a href=\"https:\/\/aeroclub.com\/\" target=\"_blank\" rel=\"noopener\" title=\"\">A\u00e9ro-club de France<\/a>, premi\u00e8re institution a\u00e9ronautique au monde.<\/p>\r\n<p>&nbsp;<\/p>\r\n\r\n<p><img loading=\"lazy\" decoding=\"async\" src=\"https:\/\/academiespatiale.fr\/wp-content\/uploads\/2024\/06\/aeroclub-de-france-777x437-1-300x169.jpg\" alt=\"\" width=\"511\" height=\"288\" class=\"wp-image-1242 aligncenter\" srcset=\"https:\/\/academiespatiale.fr\/wp-content\/uploads\/2024\/06\/aeroclub-de-france-777x437-1-300x169.jpg 300w, https:\/\/academiespatiale.fr\/wp-content\/uploads\/2024\/06\/aeroclub-de-france-777x437-1-768x432.jpg 768w, https:\/\/academiespatiale.fr\/wp-content\/uploads\/2024\/06\/aeroclub-de-france-777x437-1.jpg 777w\" sizes=\"auto, (max-width: 511px) 100vw, 511px\" \/><\/p>","protected":false},"excerpt":{"rendered":"<p>Retrouvez Philippe Keckhut, Vice-Pr\u00e9sident Recherche Innovation \u00e0 l&rsquo;UVSQ, sur Twitch dans l&rsquo;\u00e9mission du projet \u00ab\u00a0Cap sur l&rsquo;Avenir\u00a0\u00bb. Il y parlera des connaissances actuelles en mati\u00e8re d&rsquo;atmosph\u00e8re et d&rsquo;espace, et s&rsquo;attardera plus sp\u00e9cifiquement sur l&rsquo;\u00e9volution et les nouveaux m\u00e9tiers de la fili\u00e8re spatiale. &gt;&gt;&gt; Jeudi 27 juin \u00e0 20h !&gt;&gt;&gt; Voir [&hellip;]<\/p>\n","protected":false},"author":1,"featured_media":1248,"template":"","meta":{"_monsterinsights_skip_tracking":false,"_monsterinsights_sitenote_active":false,"_monsterinsights_sitenote_note":"","_monsterinsights_sitenote_category":0,"_EventAllDay":false,"_EventTimezone":"Europe\/Paris","_EventStartDate":"2024-06-27 20:00:00","_EventEndDate":"2024-06-27 21:30:00","_EventStartDateUTC":"2024-06-27 18:00:00","_EventEndDateUTC":"2024-06-27 19:30:00","_EventShowMap":false,"_EventShowMapLink":false,"_EventURL":"https:\/\/www.twitch.tv\/jumpseat_abz","_EventCost":"","_EventCostDescription":"","_EventCurrencySymbol":"\u20ac","_EventCurrencyCode":"EUR","_EventCurrencyPosition":"suffix","_EventDateTimeSeparator":"","_EventTimeRangeSeparator":"","_EventOrganizerID":[],"_EventVenueID":[908],"_OrganizerEmail":"","_OrganizerPhone":"","_OrganizerWebsite":"","_VenueAddress":"","_VenueCity":"","_VenueCountry":"","_VenueProvince":"","_VenueState":"","_VenueZip":"","_VenuePhone":"","_VenueURL":"","_VenueStateProvince":"","_VenueLat":"","_VenueLng":"","_VenueShowMap":false,"_VenueShowMapLink":false,"_tribe_events_status":"","_tribe_events_status_reason":"","footnotes":""},"tags":[],"tribe_events_cat":[],"class_list":["post-1257","tribe_events","type-tribe_events","status-publish","has-post-thumbnail","hentry"],"aioseo_notices":[],"_links":{"self":[{"href":"https:\/\/academiespatiale.fr\/index.php\/wp-json\/wp\/v2\/tribe_events\/1257","targetHints":{"allow":["GET"]}}],"collection":[{"href":"https:\/\/academiespatiale.fr\/index.php\/wp-json\/wp\/v2\/tribe_events"}],"about":[{"href":"https:\/\/academiespatiale.fr\/index.php\/wp-json\/wp\/v2\/types\/tribe_events"}],"author":[{"embeddable":true,"href":"https:\/\/academiespatiale.fr\/index.php\/wp-json\/wp\/v2\/users\/1"}],"version-history":[{"count":11,"href":"https:\/\/academiespatiale.fr\/index.php\/wp-json\/wp\/v2\/tribe_events\/1257\/revisions"}],"predecessor-version":[{"id":1268,"href":"https:\/\/academiespatiale.fr\/index.php\/wp-json\/wp\/v2\/tribe_events\/1257\/revisions\/1268"}],"wp:featuredmedia":[{"embeddable":true,"href":"https:\/\/academiespatiale.fr\/index.php\/wp-json\/wp\/v2\/media\/1248"}],"wp:attachment":[{"href":"https:\/\/academiespatiale.fr\/index.php\/wp-json\/wp\/v2\/media?parent=1257"}],"wp:term":[{"taxonomy":"post_tag","embeddable":true,"href":"https:\/\/academiespatiale.fr\/index.php\/wp-json\/wp\/v2\/tags?post=1257"},{"taxonomy":"tribe_events_cat","embeddable":true,"href":"https:\/\/academiespatiale.fr\/index.php\/wp-json\/wp\/v2\/tribe_events_cat?post=1257"}],"curies":[{"name":"wp","href":"https:\/\/api.w.org\/{rel}","templated":true}]}}

Émission Twitch &#8211; jeudi 27 juin à 20h

<figure class="wp-block-image size-full"><a href="https://capsurlavenir.com/" target="_blank" rel="noreferrer noopener"><img loading="lazy" decoding="async" src="https://academiespatiale.fr/wp-content/uploads/2024/06/cap-sur-avenir-ACF-900x364-1.jpg" alt="" class="wp-image-1239 alignnone" width="633" height="256" srcset="https://academiespatiale.fr/wp-content/uploads/2024/06/cap-sur-avenir-ACF-900x364-1.jpg 900w, https://academiespatiale.fr/wp-content/uploads/2024/06/cap-sur-avenir-ACF-900x364-1-300x121.jpg 300w, https://academiespatiale.fr/wp-content/uploads/2024/06/cap-sur-avenir-ACF-900x364-1-768x311.jpg 768w" sizes="auto, (max-width: 633px) 100vw, 633px" /></a></figure>


<hr class="wp-block-separator has-alpha-channel-opacity" />


<div aria-hidden="true" class="wp-block-spacer"></div>



<div class="wp-block-columns is-layout-flex wp-container-core-columns-is-layout-28f84493 wp-block-columns-is-layout-flex">
<div class="wp-block-column"><br /><br />Retrouvez Philippe Keckhut, Vice-Président Recherche Innovation à l&rsquo;UVSQ, sur Twitch dans l&rsquo;émission du projet « Cap sur l&rsquo;Avenir ». Il y parlera des connaissances actuelles en matière d&rsquo;atmosphère et d&rsquo;espace, et s&rsquo;attardera plus spécifiquement sur l&rsquo;évolution et les nouveaux métiers de la filière spatiale.<br /><br /><strong>&gt;&gt;&gt; Jeudi 27 juin à 20h !<br />&gt;&gt;&gt; Voir l&rsquo;émission Twitch : <a href="https://www.twitch.tv/jumpseat_abz">https://www.twitch.tv/jumpseat_abz</a><br /><br /></strong>Si vous avez des questions c&rsquo;est l&rsquo;occasion !<br /><br /><br /></div>
<div class="wp-block-column has-small-font-size">
<figure class="wp-block-image aligncenter size-full is-resized"><img loading="lazy" decoding="async" src="https://academiespatiale.fr/wp-content/uploads/2024/06/Twitch-tewte_transp.png" alt="" class="wp-image-1244" width="157" height="97" srcset="https://academiespatiale.fr/wp-content/uploads/2024/06/Twitch-tewte_transp.png 683w, https://academiespatiale.fr/wp-content/uploads/2024/06/Twitch-tewte_transp-300x185.png 300w" sizes="auto, (max-width: 157px) 100vw, 157px" /><br /><br /><img loading="lazy" decoding="async" src="https://academiespatiale.fr/wp-content/uploads/2024/06/Keckhut_portrait_01-798x1024.jpg" alt="" class="wp-image-1240" width="255" height="327" srcset="https://academiespatiale.fr/wp-content/uploads/2024/06/Keckhut_portrait_01-798x1024.jpg 798w, https://academiespatiale.fr/wp-content/uploads/2024/06/Keckhut_portrait_01-234x300.jpg 234w, https://academiespatiale.fr/wp-content/uploads/2024/06/Keckhut_portrait_01-768x986.jpg 768w, https://academiespatiale.fr/wp-content/uploads/2024/06/Keckhut_portrait_01-1196x1536.jpg 1196w, https://academiespatiale.fr/wp-content/uploads/2024/06/Keckhut_portrait_01-1595x2048.jpg 1595w, https://academiespatiale.fr/wp-content/uploads/2024/06/Keckhut_portrait_01.jpg 1944w" sizes="auto, (max-width: 255px) 100vw, 255px" /><br />Philippe Keckhut</figure>
</div>
</div>



<p><a href="https://capsurlavenir.com/" target="_blank" rel="noopener" title="">Cap sur l&rsquo;Avenir</a> est composé d&rsquo;un ensemble de passionné·es de l&rsquo;aérien, d&rsquo;étudiant·es, de responsables associatifs et autres professionnel·les du secteur. Au sein de ce projet, chacun et chacune oeuvre à la promotion et au rayonnement de l&rsquo;aéronautique française.</p>



<p>Aujourd&rsquo;hui, les membres de Cap sur l&rsquo;Avenir sont rassemblé·es au sein de l&rsquo;<a href="https://aeroclub.com/" target="_blank" rel="noopener" title="">Aéro-club de France</a>, première institution aéronautique au monde.</p>
<p>&nbsp;</p>

<p><img loading="lazy" decoding="async" src="https://academiespatiale.fr/wp-content/uploads/2024/06/aeroclub-de-france-777x437-1-300x169.jpg" alt="" width="511" height="288" class="wp-image-1242 aligncenter" srcset="https://academiespatiale.fr/wp-content/uploads/2024/06/aeroclub-de-france-777x437-1-300x169.jpg 300w, https://academiespatiale.fr/wp-content/uploads/2024/06/aeroclub-de-france-777x437-1-768x432.jpg 768w, https://academiespatiale.fr/wp-content/uploads/2024/06/aeroclub-de-france-777x437-1.jpg 777w" sizes="auto, (max-width: 511px) 100vw, 511px" /></p>

<p>Retrouvez Philippe Keckhut, Vice-Président Recherche Innovation à l&rsquo;UVSQ, sur Twitch dans l&rsquo;émission du projet « Cap sur l&rsquo;Avenir ». Il y parlera des connaissances actuelles en matière d&rsquo;atmosphère et d&rsquo;espace, et s&rsquo;attardera plus spécifiquement sur l&rsquo;évolution et les nouveaux métiers de la filière spatiale. &gt;&gt;&gt; Jeudi 27 juin à 20h !&gt;&gt;&gt; Voir [&hellip;]</p>
