{"id":1065,"date":"2024-06-06T18:53:08","date_gmt":"2024-06-06T16:53:08","guid":{"rendered":"https:\/\/academiespatiale.fr\/?post_type=tribe_events&#038;p=1065"},"modified":"2024-06-06T18:55:29","modified_gmt":"2024-06-06T16:55:29","slug":"invitation-a-la-conference-derika-velio-junior-space-academy","status":"publish","type":"tribe_events","link":"https:\/\/academiespatiale.fr\/index.php\/event\/invitation-a-la-conference-derika-velio-junior-space-academy\/","title":{"rendered":"Invitation \u00e0 la conf\u00e9rence d\u2019Erika Velio \u2013 Junior Space Academy"},"content":{"rendered":"\r\n<p>L&rsquo;Acad\u00e9mie Spatiale d&rsquo;Ile-de-France, le Centre des Sciences Spatiales de l&rsquo;Universit\u00e9 Paris-Saclay et la Graduate School G\u00e9osciences, Climat, Environnement, Plan\u00e8tes de l&rsquo;Universit\u00e9 Paris-Saclay, ont le plaisir de vous inviter \u00e0 la conf\u00e9rence \u00e9v\u00e9nement d&rsquo;Erika Velio, Directrice de service en institut de recherche spatial et pr\u00e9sidente de l\u2019association PIKALI RUN OI, intitul\u00e9e :<br \/><br \/><\/p>\r\n\r\n\r\n\r\n<p><strong class=\"\">\u00ab\u00a0Un Espace de Transmission Affranchi pour une Reconstruction<\/strong>\u00ab\u00a0<br \/><br \/><\/p>\r\n\r\n\r\n\r\n<p>Cette conf\u00e9rence est organis\u00e9e dans le cadre de la \u00ab\u00a0<a href=\"https:\/\/academiespatiale.fr\/index.php\/2024\/04\/02\/ecole-dete-du-17-au-21-juin-junior-space-academy\/\" target=\"_blank\" rel=\"noopener\" title=\"\">Junior Space Academy<\/a>\u00ab\u00a0, \u00e9cole th\u00e9matique ayant pour objectif de pr\u00e9senter aux \u00e9tudiantes et aux \u00e9tudiants de niveau licence, les formations et m\u00e9tiers du secteur spatial. Erika Velio nous fait l&rsquo;honneur d&rsquo;\u00eatre la marraine de cette premi\u00e8re \u00e9dition.<\/p>\r\n\r\n\r\n\r\n<div aria-hidden=\"true\" class=\"wp-block-spacer\"><\/div>\r\n\r\n\r\n\r\n<div class=\"wp-block-columns are-vertically-aligned-center is-layout-flex wp-container-core-columns-is-layout-28f84493 wp-block-columns-is-layout-flex\">\r\n<div class=\"wp-block-column is-vertically-aligned-center is-layout-flow wp-block-column-is-layout-flow\">La conf\u00e9rence, suivie d&rsquo;un cocktail, se\u00a0d\u00e9roulera :<br \/><br \/>\r\n\r\n<strong>&gt;&gt;&gt; lundi 17 juin 2024, \u00e0 18h30<\/strong> <br \/><br \/>\r\n\r\nAmphith\u00e9\u00e2tre G\u00e9rard M\u00e9gie, <br \/>Observatoire de Versailles Saint-Quentin-en-Yvelines <br \/>11 boulevard d&rsquo;Alembert <br \/>78280 Guyancourt (<a class=\"\" href=\"https:\/\/www.ovsq.uvsq.fr\/venir-a-lovsq\" target=\"_blank\" rel=\"noreferrer noopener\">plan d&rsquo;acc\u00e8s<\/a>).<br \/><br \/>\r\n\r\n\r\n<p class=\"has-small-font-size\"><em class=\"\">\u00ab\u00a0Depuis 2021, Erika Velio est pr\u00e9sidente de l\u2019association PIKALI RUN OI. Elle a officialis\u00e9 un accord avec un certain nombre d\u2019\u00e9tablissements scolaires, y compris le rectorat et avec d&rsquo;autres partenaires pour agir aupr\u00e8s des \u00e9l\u00e8ves et du grand public pour faire des ateliers d\u2019astronautique. En parall\u00e8le, elle dirige sa soci\u00e9t\u00e9 VELIO SCE. R\u00e9unionnaise, Erika repr\u00e9sente son \u00eele partout o\u00f9 elle va. Ing\u00e9nieure a\u00e9rospatiale depuis 2006, elle veut d\u00e9sormais\u00a0d\u00e9velopper des activit\u00e9s li\u00e9es au spatial \u00e0 la R\u00e9union, dans le bassin\u00a0Oc\u00e9an Indien et sur tous les autres territoires d&rsquo;Outre Mer afin de\u00a0permettre \u00e0 nos jeunes de cr\u00e9er leurs m\u00e9tiers de demain.\u00a0\u00bb<\/em><\/p>\r\n<\/div>\r\n\r\n\r\n\r\n<div class=\"wp-block-column is-vertically-aligned-center is-layout-flow wp-block-column-is-layout-flow\"><div class=\"wp-block-image is-style-default\">\r\n<figure class=\"aligncenter size-large\"><img loading=\"lazy\" decoding=\"async\" src=\"https:\/\/academiespatiale.fr\/wp-content\/uploads\/2024\/06\/Erika-Noir-et-Blanc-by-Johan-Damien-768x1024.jpg\" alt=\"\" class=\"wp-image-1053\" width=\"359\" height=\"478\" srcset=\"https:\/\/academiespatiale.fr\/wp-content\/uploads\/2024\/06\/Erika-Noir-et-Blanc-by-Johan-Damien-768x1024.jpg 768w, https:\/\/academiespatiale.fr\/wp-content\/uploads\/2024\/06\/Erika-Noir-et-Blanc-by-Johan-Damien-225x300.jpg 225w, https:\/\/academiespatiale.fr\/wp-content\/uploads\/2024\/06\/Erika-Noir-et-Blanc-by-Johan-Damien.jpg 1080w\" sizes=\"auto, (max-width: 359px) 100vw, 359px\" \/>\r\n<figcaption class=\"wp-element-caption\">Erika Velio \u00a9 Johan Damien<\/figcaption>\r\n<\/figure>\r\n<\/div><\/div>\r\n<\/div>\r\n\r\n\r\n\r\n<p class=\"has-background-color-background-color has-background\">Date limite d&rsquo;inscription : Le vendredi 14 juin Elle\u00a0est ouverte \u00e0 toutes et tous sur inscription :\u00a0<a class=\"\" href=\"https:\/\/admin-sphinx.universite-paris-saclay.fr\/SurveyServer\/s\/p19aos\" target=\"_blank\" rel=\"noreferrer noopener\">https:\/\/admin-sphinx.universite-paris-saclay.fr\/SurveyServer\/s\/p19aos<\/a><\/p>\r\n","protected":false},"excerpt":{"rendered":"<p>L&rsquo;Acad\u00e9mie Spatiale d&rsquo;Ile-de-France, le Centre des Sciences Spatiales de l&rsquo;Universit\u00e9 Paris-Saclay et la Graduate School G\u00e9osciences, Climat, Environnement, Plan\u00e8tes de l&rsquo;Universit\u00e9 Paris-Saclay, ont le plaisir de vous inviter \u00e0 la conf\u00e9rence \u00e9v\u00e9nement d&rsquo;Erika Velio, Directrice de service en institut de recherche spatial et pr\u00e9sidente de l\u2019association PIKALI RUN OI, intitul\u00e9e [&hellip;]<\/p>\n","protected":false},"author":1,"featured_media":1054,"template":"","meta":{"_monsterinsights_skip_tracking":false,"_monsterinsights_sitenote_active":false,"_monsterinsights_sitenote_note":"","_monsterinsights_sitenote_category":0,"_EventAllDay":false,"_EventTimezone":"Europe\/Paris","_EventStartDate":"2024-06-17 18:30:00","_EventEndDate":"2024-06-17 19:30:00","_EventStartDateUTC":"2024-06-17 16:30:00","_EventEndDateUTC":"2024-06-17 17:30:00","_EventShowMap":true,"_EventShowMapLink":true,"_EventURL":"","_EventCost":"","_EventCostDescription":"","_EventCurrencySymbol":"\u20ac","_EventCurrencyCode":"EUR\t\t\t\t\t\t\tclass=\t\t\t\t\t\t\tclass=\t\t\t\t\t\t\tclass=\t\t\t\t\t\t\tclass=","_EventCurrencyPosition":"suffix","_EventDateTimeSeparator":"","_EventTimeRangeSeparator":"","_EventOrganizerID":[],"_EventVenueID":[1066],"_OrganizerEmail":"","_OrganizerPhone":"","_OrganizerWebsite":"","_VenueAddress":"","_VenueCity":"","_VenueCountry":"","_VenueProvince":"","_VenueState":"","_VenueZip":"","_VenuePhone":"","_VenueURL":"","_VenueStateProvince":"","_VenueLat":"","_VenueLng":"","_VenueShowMap":false,"_VenueShowMapLink":false,"_tribe_events_status":"","_tribe_events_status_reason":"","footnotes":""},"tags":[],"tribe_events_cat":[],"class_list":["post-1065","tribe_events","type-tribe_events","status-publish","has-post-thumbnail","hentry"],"aioseo_notices":[],"_links":{"self":[{"href":"https:\/\/academiespatiale.fr\/index.php\/wp-json\/wp\/v2\/tribe_events\/1065","targetHints":{"allow":["GET"]}}],"collection":[{"href":"https:\/\/academiespatiale.fr\/index.php\/wp-json\/wp\/v2\/tribe_events"}],"about":[{"href":"https:\/\/academiespatiale.fr\/index.php\/wp-json\/wp\/v2\/types\/tribe_events"}],"author":[{"embeddable":true,"href":"https:\/\/academiespatiale.fr\/index.php\/wp-json\/wp\/v2\/users\/1"}],"version-history":[{"count":5,"href":"https:\/\/academiespatiale.fr\/index.php\/wp-json\/wp\/v2\/tribe_events\/1065\/revisions"}],"predecessor-version":[{"id":1071,"href":"https:\/\/academiespatiale.fr\/index.php\/wp-json\/wp\/v2\/tribe_events\/1065\/revisions\/1071"}],"wp:featuredmedia":[{"embeddable":true,"href":"https:\/\/academiespatiale.fr\/index.php\/wp-json\/wp\/v2\/media\/1054"}],"wp:attachment":[{"href":"https:\/\/academiespatiale.fr\/index.php\/wp-json\/wp\/v2\/media?parent=1065"}],"wp:term":[{"taxonomy":"post_tag","embeddable":true,"href":"https:\/\/academiespatiale.fr\/index.php\/wp-json\/wp\/v2\/tags?post=1065"},{"taxonomy":"tribe_events_cat","embeddable":true,"href":"https:\/\/academiespatiale.fr\/index.php\/wp-json\/wp\/v2\/tribe_events_cat?post=1065"}],"curies":[{"name":"wp","href":"https:\/\/api.w.org\/{rel}","templated":true}]}}

Invitation à la conférence d’Erika Velio – Junior Space Academy

<p>L&rsquo;Académie Spatiale d&rsquo;Ile-de-France, le Centre des Sciences Spatiales de l&rsquo;Université Paris-Saclay et la Graduate School Géosciences, Climat, Environnement, Planètes de l&rsquo;Université Paris-Saclay, ont le plaisir de vous inviter à la conférence événement d&rsquo;Erika Velio, Directrice de service en institut de recherche spatial et présidente de l’association PIKALI RUN OI, intitulée :<br /><br /></p>



<p><strong class="">« Un Espace de Transmission Affranchi pour une Reconstruction</strong>« <br /><br /></p>



<p>Cette conférence est organisée dans le cadre de la « <a href="https://academiespatiale.fr/index.php/2024/04/02/ecole-dete-du-17-au-21-juin-junior-space-academy/" target="_blank" rel="noopener" title="">Junior Space Academy</a>« , école thématique ayant pour objectif de présenter aux étudiantes et aux étudiants de niveau licence, les formations et métiers du secteur spatial. Erika Velio nous fait l&rsquo;honneur d&rsquo;être la marraine de cette première édition.</p>



<div aria-hidden="true" class="wp-block-spacer"></div>



<div class="wp-block-columns are-vertically-aligned-center is-layout-flex wp-container-core-columns-is-layout-28f84493 wp-block-columns-is-layout-flex">
<div class="wp-block-column is-vertically-aligned-center is-layout-flow wp-block-column-is-layout-flow">La conférence, suivie d&rsquo;un cocktail, se déroulera :<br /><br />

<strong>&gt;&gt;&gt; lundi 17 juin 2024, à 18h30</strong> <br /><br />

Amphithéâtre Gérard Mégie, <br />Observatoire de Versailles Saint-Quentin-en-Yvelines <br />11 boulevard d&rsquo;Alembert <br />78280 Guyancourt (<a class="" href="https://www.ovsq.uvsq.fr/venir-a-lovsq" target="_blank" rel="noreferrer noopener">plan d&rsquo;accès</a>).<br /><br />


<p class="has-small-font-size"><em class="">« Depuis 2021, Erika Velio est présidente de l’association PIKALI RUN OI. Elle a officialisé un accord avec un certain nombre d’établissements scolaires, y compris le rectorat et avec d&rsquo;autres partenaires pour agir auprès des élèves et du grand public pour faire des ateliers d’astronautique. En parallèle, elle dirige sa société VELIO SCE. Réunionnaise, Erika représente son île partout où elle va. Ingénieure aérospatiale depuis 2006, elle veut désormais développer des activités liées au spatial à la Réunion, dans le bassin Océan Indien et sur tous les autres territoires d&rsquo;Outre Mer afin de permettre à nos jeunes de créer leurs métiers de demain. »</em></p>
</div>



<div class="wp-block-column is-vertically-aligned-center is-layout-flow wp-block-column-is-layout-flow"><div class="wp-block-image is-style-default">
<figure class="aligncenter size-large"><img loading="lazy" decoding="async" src="https://academiespatiale.fr/wp-content/uploads/2024/06/Erika-Noir-et-Blanc-by-Johan-Damien-768x1024.jpg" alt="" class="wp-image-1053" width="359" height="478" srcset="https://academiespatiale.fr/wp-content/uploads/2024/06/Erika-Noir-et-Blanc-by-Johan-Damien-768x1024.jpg 768w, https://academiespatiale.fr/wp-content/uploads/2024/06/Erika-Noir-et-Blanc-by-Johan-Damien-225x300.jpg 225w, https://academiespatiale.fr/wp-content/uploads/2024/06/Erika-Noir-et-Blanc-by-Johan-Damien.jpg 1080w" sizes="auto, (max-width: 359px) 100vw, 359px" />
<figcaption class="wp-element-caption">Erika Velio © Johan Damien</figcaption>
</figure>
</div></div>
</div>



<p class="has-background-color-background-color has-background">Date limite d&rsquo;inscription : Le vendredi 14 juin Elle est ouverte à toutes et tous sur inscription : <a class="" href="https://admin-sphinx.universite-paris-saclay.fr/SurveyServer/s/p19aos" target="_blank" rel="noreferrer noopener">https://admin-sphinx.universite-paris-saclay.fr/SurveyServer/s/p19aos</a></p>

<p>L&rsquo;Académie Spatiale d&rsquo;Ile-de-France, le Centre des Sciences Spatiales de l&rsquo;Université Paris-Saclay et la Graduate School Géosciences, Climat, Environnement, Planètes de l&rsquo;Université Paris-Saclay, ont le plaisir de vous inviter à la conférence événement d&rsquo;Erika Velio, Directrice de service en institut de recherche spatial et présidente de l’association PIKALI RUN OI, intitulée [&hellip;]</p>
