{"id":1044,"date":"2024-06-06T12:47:24","date_gmt":"2024-06-06T10:47:24","guid":{"rendered":"https:\/\/academiespatiale.fr\/?post_type=tribe_events&#038;p=1044"},"modified":"2024-06-06T12:50:13","modified_gmt":"2024-06-06T10:50:13","slug":"20-ans-du-master-planetologie-et-exploration-spatiales","status":"publish","type":"tribe_events","link":"https:\/\/academiespatiale.fr\/index.php\/event\/20-ans-du-master-planetologie-et-exploration-spatiales\/","title":{"rendered":"20 ans du Master Plan\u00e9tologie et exploration spatiales"},"content":{"rendered":"\r\n<div class=\"wp-block-columns is-layout-flex wp-container-core-columns-is-layout-28f84493 wp-block-columns-is-layout-flex\">\r\n<div class=\"wp-block-column is-vertically-aligned-center is-layout-flow wp-block-column-is-layout-flow\">Vous \u00eates convi\u00e9 \u00e0 c\u00e9l\u00e9brer la 20<sup>e<\/sup> promotion du Master Plan\u00e9tologie et Exploration Spatiale.<br \/><br \/><strong>&gt;&gt;&gt; Vendredi 28 juin 2024<br \/><br \/><\/strong><strong><\/strong>\r\n\r\nLa matin\u00e9e s&rsquo;addressera aux \u00e9l\u00e8ves des \u00e9coles primaires, coll\u00e8ges et lyc\u00e9es. D\u00e8s 14h, l&rsquo;\u00e9v\u00e8nement sera ouvert \u00e0 tous et toutes.<br \/><br \/>Amphi Durand &#8211; B\u00e2timent Esclangon, 4 place Jussieu, Paris Et en visio-conf\u00e9rence.<\/div>\r\n\r\n\r\n\r\n<div class=\"wp-block-column is-layout-flow wp-block-column-is-layout-flow\">\r\n<figure class=\"wp-block-image size-large\"><img loading=\"lazy\" decoding=\"async\" src=\"https:\/\/academiespatiale.fr\/wp-content\/uploads\/2024\/06\/affiche_20ans_master_planeto_0-723x1024.jpg\" alt=\"\" class=\"wp-image-1039\" width=\"395\" height=\"560\" srcset=\"https:\/\/academiespatiale.fr\/wp-content\/uploads\/2024\/06\/affiche_20ans_master_planeto_0-723x1024.jpg 723w, https:\/\/academiespatiale.fr\/wp-content\/uploads\/2024\/06\/affiche_20ans_master_planeto_0-212x300.jpg 212w, https:\/\/academiespatiale.fr\/wp-content\/uploads\/2024\/06\/affiche_20ans_master_planeto_0-768x1087.jpg 768w, https:\/\/academiespatiale.fr\/wp-content\/uploads\/2024\/06\/affiche_20ans_master_planeto_0-1085x1536.jpg 1085w, https:\/\/academiespatiale.fr\/wp-content\/uploads\/2024\/06\/affiche_20ans_master_planeto_0-1447x2048.jpg 1447w, https:\/\/academiespatiale.fr\/wp-content\/uploads\/2024\/06\/affiche_20ans_master_planeto_0-scaled.jpg 1808w\" sizes=\"auto, (max-width: 395px) 100vw, 395px\" \/><\/figure>\r\n<\/div>\r\n<\/div>\r\n\r\n\r\n\r\n<p class=\"has-background-color-background-color has-background\">Plus d&rsquo;infos et programme : <a href=\"https:\/\/www.master-planeto.universite-paris-saclay.fr\/\" target=\"_blank\" rel=\"noopener\" title=\"\">Master Planetologie et Exploration Spatiale (universite-paris-saclay.fr)<\/a><\/p>\r\n","protected":false},"excerpt":{"rendered":"<p>Vous \u00eates convi\u00e9 \u00e0 c\u00e9l\u00e9brer la 20e promotion du Master Plan\u00e9tologie et Exploration Spatiale. &gt;&gt;&gt; Vendredi 28 juin 2024 La matin\u00e9e s&rsquo;addressera aux \u00e9l\u00e8ves des \u00e9coles primaires, coll\u00e8ges et lyc\u00e9es. D\u00e8s 14h, l&rsquo;\u00e9v\u00e8nement sera ouvert \u00e0 tous et toutes. Amphi Durand &#8211; B\u00e2timent Esclangon, 4 place Jussieu, Paris Et en [&hellip;]<\/p>\n","protected":false},"author":1,"featured_media":1040,"template":"","meta":{"_monsterinsights_skip_tracking":false,"_monsterinsights_sitenote_active":false,"_monsterinsights_sitenote_note":"","_monsterinsights_sitenote_category":0,"_EventAllDay":false,"_EventTimezone":"Europe\/Paris","_EventStartDate":"2024-06-28 09:00:00","_EventEndDate":"2024-06-28 21:00:00","_EventStartDateUTC":"2024-06-28 07:00:00","_EventEndDateUTC":"2024-06-28 19:00:00","_EventShowMap":true,"_EventShowMapLink":true,"_EventURL":"","_EventCost":"","_EventCostDescription":"","_EventCurrencySymbol":"\u20ac","_EventCurrencyCode":"EUR\t\t\t\t\t\t\tclass=\t\t\t\t\t\t\tclass=\t\t\t\t\t\t\tclass=\t\t\t\t\t\t\tclass=\t\t\t\t\t\t\tclass=\t\t\t\t\t\t\tclass=","_EventCurrencyPosition":"suffix","_EventDateTimeSeparator":"","_EventTimeRangeSeparator":"","_EventOrganizerID":[],"_EventVenueID":[771],"_OrganizerEmail":"","_OrganizerPhone":"","_OrganizerWebsite":"","_VenueAddress":"","_VenueCity":"","_VenueCountry":"","_VenueProvince":"","_VenueState":"","_VenueZip":"","_VenuePhone":"","_VenueURL":"","_VenueStateProvince":"","_VenueLat":"","_VenueLng":"","_VenueShowMap":false,"_VenueShowMapLink":false,"_tribe_events_status":"","_tribe_events_status_reason":"","footnotes":""},"tags":[],"tribe_events_cat":[],"class_list":["post-1044","tribe_events","type-tribe_events","status-publish","has-post-thumbnail","hentry"],"aioseo_notices":[],"_links":{"self":[{"href":"https:\/\/academiespatiale.fr\/index.php\/wp-json\/wp\/v2\/tribe_events\/1044","targetHints":{"allow":["GET"]}}],"collection":[{"href":"https:\/\/academiespatiale.fr\/index.php\/wp-json\/wp\/v2\/tribe_events"}],"about":[{"href":"https:\/\/academiespatiale.fr\/index.php\/wp-json\/wp\/v2\/types\/tribe_events"}],"author":[{"embeddable":true,"href":"https:\/\/academiespatiale.fr\/index.php\/wp-json\/wp\/v2\/users\/1"}],"version-history":[{"count":7,"href":"https:\/\/academiespatiale.fr\/index.php\/wp-json\/wp\/v2\/tribe_events\/1044\/revisions"}],"predecessor-version":[{"id":1051,"href":"https:\/\/academiespatiale.fr\/index.php\/wp-json\/wp\/v2\/tribe_events\/1044\/revisions\/1051"}],"wp:featuredmedia":[{"embeddable":true,"href":"https:\/\/academiespatiale.fr\/index.php\/wp-json\/wp\/v2\/media\/1040"}],"wp:attachment":[{"href":"https:\/\/academiespatiale.fr\/index.php\/wp-json\/wp\/v2\/media?parent=1044"}],"wp:term":[{"taxonomy":"post_tag","embeddable":true,"href":"https:\/\/academiespatiale.fr\/index.php\/wp-json\/wp\/v2\/tags?post=1044"},{"taxonomy":"tribe_events_cat","embeddable":true,"href":"https:\/\/academiespatiale.fr\/index.php\/wp-json\/wp\/v2\/tribe_events_cat?post=1044"}],"curies":[{"name":"wp","href":"https:\/\/api.w.org\/{rel}","templated":true}]}}

20 ans du Master Planétologie et exploration spatiales

<div class="wp-block-columns is-layout-flex wp-container-core-columns-is-layout-28f84493 wp-block-columns-is-layout-flex">
<div class="wp-block-column is-vertically-aligned-center is-layout-flow wp-block-column-is-layout-flow">Vous êtes convié à célébrer la 20<sup>e</sup> promotion du Master Planétologie et Exploration Spatiale.<br /><br /><strong>&gt;&gt;&gt; Vendredi 28 juin 2024<br /><br /></strong><strong></strong>

La matinée s&rsquo;addressera aux élèves des écoles primaires, collèges et lycées. Dès 14h, l&rsquo;évènement sera ouvert à tous et toutes.<br /><br />Amphi Durand &#8211; Bâtiment Esclangon, 4 place Jussieu, Paris Et en visio-conférence.</div>



<div class="wp-block-column is-layout-flow wp-block-column-is-layout-flow">
<figure class="wp-block-image size-large"><img loading="lazy" decoding="async" src="https://academiespatiale.fr/wp-content/uploads/2024/06/affiche_20ans_master_planeto_0-723x1024.jpg" alt="" class="wp-image-1039" width="395" height="560" srcset="https://academiespatiale.fr/wp-content/uploads/2024/06/affiche_20ans_master_planeto_0-723x1024.jpg 723w, https://academiespatiale.fr/wp-content/uploads/2024/06/affiche_20ans_master_planeto_0-212x300.jpg 212w, https://academiespatiale.fr/wp-content/uploads/2024/06/affiche_20ans_master_planeto_0-768x1087.jpg 768w, https://academiespatiale.fr/wp-content/uploads/2024/06/affiche_20ans_master_planeto_0-1085x1536.jpg 1085w, https://academiespatiale.fr/wp-content/uploads/2024/06/affiche_20ans_master_planeto_0-1447x2048.jpg 1447w, https://academiespatiale.fr/wp-content/uploads/2024/06/affiche_20ans_master_planeto_0-scaled.jpg 1808w" sizes="auto, (max-width: 395px) 100vw, 395px" /></figure>
</div>
</div>



<p class="has-background-color-background-color has-background">Plus d&rsquo;infos et programme : <a href="https://www.master-planeto.universite-paris-saclay.fr/" target="_blank" rel="noopener" title="">Master Planetologie et Exploration Spatiale (universite-paris-saclay.fr)</a></p>

<p>Vous êtes convié à célébrer la 20e promotion du Master Planétologie et Exploration Spatiale. &gt;&gt;&gt; Vendredi 28 juin 2024 La matinée s&rsquo;addressera aux élèves des écoles primaires, collèges et lycées. Dès 14h, l&rsquo;évènement sera ouvert à tous et toutes. Amphi Durand &#8211; Bâtiment Esclangon, 4 place Jussieu, Paris Et en [&hellip;]</p>
