{"id":8553,"date":"2026-03-11T18:25:59","date_gmt":"2026-03-11T17:25:59","guid":{"rendered":"https:\/\/academiespatiale.fr\/?page_id=8553"},"modified":"2026-03-24T18:02:46","modified_gmt":"2026-03-24T17:02:46","slug":"executive-school","status":"publish","type":"page","link":"https:\/\/academiespatiale.fr\/index.php\/formations\/formations-innovantes\/executive-school\/","title":{"rendered":"Executive School"},"content":{"rendered":"\n<div class=\"wp-block-columns alignfull has-text-color has-link-color wp-elements-8422e2a85d9f2e5605b7dd2ae54b3e54 is-layout-flex wp-container-core-columns-is-layout-e94c545b wp-block-columns-is-layout-flex\" style=\"color:#b1b1b1;margin-top:-25px;margin-bottom:20px;padding-top:0;padding-right:0;padding-bottom:0;padding-left:60px;font-size:15px\">\n<div class=\"wp-block-column has-text-color has-link-color wp-elements-32661c60388d2123b0bf1683c717c484 is-layout-flow wp-block-column-is-layout-flow\" style=\"color:#a1a1a1;padding-top:0;padding-bottom:0;font-size:15px;font-style:normal;font-weight:100;flex-basis:100%\"><div class=\"aioseo-breadcrumbs\"><span class=\"aioseo-breadcrumb\">\n\t\t\tHome\n\t\t<\/span><\/div><\/div>\n<\/div>\n\n\n\n<p class=\"has-text-align-center\"><strong>Premi\u00e8re \u00e9dition de notre Executive School &#8211; du 6 au 10 juillet 2026<\/strong><br><a href=\"https:\/\/www.royaumont.com\/\" target=\"_blank\" rel=\"noopener\" title=\"\">Abbaye de Royaumont<\/a>, Val-d&rsquo;Oise (50km au nord de Paris)<\/p>\n\n\n\n<hr class=\"wp-block-separator has-alpha-channel-opacity\"\/>\n\n\n\n<h3 class=\"wp-block-heading alignwide has-text-align-center\">\u00ab\u00a0Un spatial raisonnable pour un monde en crise climatique\u00a0\u00bb<\/h3>\n\n\n\n<hr class=\"wp-block-separator has-alpha-channel-opacity\"\/>\n\n\n<div class=\"wp-block-image\">\n<figure class=\"aligncenter size-large is-resized\"><a href=\"https:\/\/www.royaumont.com\/\" target=\"_blank\" rel=\" noreferrer noopener\"><img loading=\"lazy\" decoding=\"async\" width=\"1024\" height=\"640\" src=\"https:\/\/academiespatiale.fr\/wp-content\/uploads\/2026\/03\/abbaye-de-Royaumont-credit_chantille-de-lincourt-1024x640.jpg\" alt=\"\" class=\"wp-image-8573\" style=\"width:550px;height:auto\" srcset=\"https:\/\/academiespatiale.fr\/wp-content\/uploads\/2026\/03\/abbaye-de-Royaumont-credit_chantille-de-lincourt-1024x640.jpg 1024w, https:\/\/academiespatiale.fr\/wp-content\/uploads\/2026\/03\/abbaye-de-Royaumont-credit_chantille-de-lincourt-300x188.jpg 300w, https:\/\/academiespatiale.fr\/wp-content\/uploads\/2026\/03\/abbaye-de-Royaumont-credit_chantille-de-lincourt-768x480.jpg 768w, https:\/\/academiespatiale.fr\/wp-content\/uploads\/2026\/03\/abbaye-de-Royaumont-credit_chantille-de-lincourt.jpg 1200w\" sizes=\"auto, (max-width: 1024px) 100vw, 1024px\" \/><\/a><\/figure>\n<\/div>\n\n\n<div style=\"height:20px\" aria-hidden=\"true\" class=\"wp-block-spacer\"><\/div>\n\n\n\n<div class=\"wp-block-columns alignwide is-layout-flex wp-container-core-columns-is-layout-28f84493 wp-block-columns-is-layout-flex\">\n<div class=\"wp-block-column is-layout-flow wp-block-column-is-layout-flow\" style=\"border-width:1px;padding-top:var(--wp--preset--spacing--70);padding-right:var(--wp--preset--spacing--70);padding-bottom:var(--wp--preset--spacing--70);padding-left:var(--wp--preset--spacing--70)\">\n<h4 class=\"wp-block-heading\">Th\u00e9matique 2026<\/h4>\n\n\n\n<p>Cette premi\u00e8re \u00e9dition portera sur \u00ab un spatial raisonnable pour un monde en crise climatique \u00bb. La reflexion portera notamment sur :<\/p>\n\n\n\n<ul class=\"wp-block-list\">\n<li>L\u2019impact climatique du secteur spatial (lanceurs, constellations, infrastructures, segment sol)<\/li>\n\n\n\n<li>La soutenabilit\u00e9 environnementale des mod\u00e8les industriels<\/li>\n\n\n\n<li>Les arbitrages entre souverainet\u00e9, innovation et responsabilit\u00e9<\/li>\n\n\n\n<li>Les mod\u00e8les \u00e9conomiques du NewSpace<\/li>\n\n\n\n<li>La r\u00e9gulation nationale et internationale<\/li>\n<\/ul>\n\n\n\n<div style=\"height:10px\" aria-hidden=\"true\" class=\"wp-block-spacer\"><\/div>\n\n\n\n<p>L\u2019objectif est de ne pas se limiter \u00e0 la durabilit\u00e9 permise par les donn\u00e9es spatiales, mais d\u2019interroger la durabilit\u00e9 du secteur spatial lui-m\u00eame.<\/p>\n<\/div>\n\n\n\n<div class=\"wp-block-column is-layout-flow wp-block-column-is-layout-flow\" style=\"border-width:1px;padding-top:var(--wp--preset--spacing--70);padding-right:var(--wp--preset--spacing--70);padding-bottom:var(--wp--preset--spacing--70);padding-left:var(--wp--preset--spacing--70)\">\n<h4 class=\"wp-block-heading\">Un programme structur\u00e9 et exigeant<\/h4>\n\n\n\n<p>La semaine combinera conf\u00e9rences strat\u00e9giques, tables rondes th\u00e9matiques, discussions en petit format et d\u00e9bats critiques. Deux temps forts structureront \u00e9galement la semaine :<\/p>\n\n\n\n<ul class=\"wp-block-list\">\n<li><strong>Une visite industrielle<\/strong> : Une visite de site en \u00cele-de-France permettra d\u2019ancrer la r\u00e9flexion dans les r\u00e9alit\u00e9s op\u00e9rationnelles et industrielles du secteur spatial.<\/li>\n<\/ul>\n\n\n\n<ul class=\"wp-block-list\">\n<li><strong>Un d\u00e9bat \u00e9thique structur\u00e9<\/strong> : un d\u00e9bat contradictoire sera organis\u00e9 autour des limites, responsabilit\u00e9s et dilemmes du d\u00e9veloppement spatial dans un contexte de crise climatique.<\/li>\n<\/ul>\n<\/div>\n<\/div>\n\n\n\n<figure class=\"wp-block-gallery alignfull has-nested-images columns-default is-cropped wp-block-gallery-1 is-layout-flex wp-block-gallery-is-layout-flex\">\n<figure class=\"wp-block-image size-large\"><img loading=\"lazy\" decoding=\"async\" width=\"1024\" height=\"683\" data-id=\"8556\" src=\"https:\/\/academiespatiale.fr\/wp-content\/uploads\/2026\/03\/pexels-spacex-60132-1024x683.jpg\" alt=\"\" class=\"wp-image-8556\" srcset=\"https:\/\/academiespatiale.fr\/wp-content\/uploads\/2026\/03\/pexels-spacex-60132-1024x683.jpg 1024w, https:\/\/academiespatiale.fr\/wp-content\/uploads\/2026\/03\/pexels-spacex-60132-300x200.jpg 300w, https:\/\/academiespatiale.fr\/wp-content\/uploads\/2026\/03\/pexels-spacex-60132-768x512.jpg 768w, https:\/\/academiespatiale.fr\/wp-content\/uploads\/2026\/03\/pexels-spacex-60132-1536x1024.jpg 1536w, https:\/\/academiespatiale.fr\/wp-content\/uploads\/2026\/03\/pexels-spacex-60132-2048x1365.jpg 2048w, https:\/\/academiespatiale.fr\/wp-content\/uploads\/2026\/03\/pexels-spacex-60132-360x240.jpg 360w\" sizes=\"auto, (max-width: 1024px) 100vw, 1024px\" \/><\/figure>\n\n\n\n<figure class=\"wp-block-image size-large\"><img loading=\"lazy\" decoding=\"async\" width=\"1024\" height=\"576\" data-id=\"8554\" src=\"https:\/\/academiespatiale.fr\/wp-content\/uploads\/2026\/03\/pexels-jaymantri-5439-1024x576.jpg\" alt=\"\" class=\"wp-image-8554\" srcset=\"https:\/\/academiespatiale.fr\/wp-content\/uploads\/2026\/03\/pexels-jaymantri-5439-1024x576.jpg 1024w, https:\/\/academiespatiale.fr\/wp-content\/uploads\/2026\/03\/pexels-jaymantri-5439-300x169.jpg 300w, https:\/\/academiespatiale.fr\/wp-content\/uploads\/2026\/03\/pexels-jaymantri-5439-768x432.jpg 768w, https:\/\/academiespatiale.fr\/wp-content\/uploads\/2026\/03\/pexels-jaymantri-5439-1536x864.jpg 1536w, https:\/\/academiespatiale.fr\/wp-content\/uploads\/2026\/03\/pexels-jaymantri-5439.jpg 1920w\" sizes=\"auto, (max-width: 1024px) 100vw, 1024px\" \/><\/figure>\n\n\n\n<figure class=\"wp-block-image size-large\"><img loading=\"lazy\" decoding=\"async\" width=\"1024\" height=\"576\" data-id=\"8555\" src=\"https:\/\/academiespatiale.fr\/wp-content\/uploads\/2026\/03\/pexels-zelch-32961166-1024x576.jpg\" alt=\"\" class=\"wp-image-8555\" srcset=\"https:\/\/academiespatiale.fr\/wp-content\/uploads\/2026\/03\/pexels-zelch-32961166-1024x576.jpg 1024w, https:\/\/academiespatiale.fr\/wp-content\/uploads\/2026\/03\/pexels-zelch-32961166-300x169.jpg 300w, https:\/\/academiespatiale.fr\/wp-content\/uploads\/2026\/03\/pexels-zelch-32961166-768x432.jpg 768w, https:\/\/academiespatiale.fr\/wp-content\/uploads\/2026\/03\/pexels-zelch-32961166-1536x864.jpg 1536w, https:\/\/academiespatiale.fr\/wp-content\/uploads\/2026\/03\/pexels-zelch-32961166-2048x1152.jpg 2048w\" sizes=\"auto, (max-width: 1024px) 100vw, 1024px\" \/><\/figure>\n<\/figure>\n\n\n\n<div style=\"height:30px\" aria-hidden=\"true\" class=\"wp-block-spacer\"><\/div>\n\n\n\n<div class=\"wp-block-columns alignwide is-layout-flex wp-container-core-columns-is-layout-28f84493 wp-block-columns-is-layout-flex\">\n<div class=\"wp-block-column is-layout-flow wp-block-column-is-layout-flow\" style=\"border-width:1px;padding-top:var(--wp--preset--spacing--70);padding-right:var(--wp--preset--spacing--70);padding-bottom:var(--wp--preset--spacing--70);padding-left:var(--wp--preset--spacing--70)\">\n<h4 class=\"wp-block-heading\">Un format r\u00e9sidentiel en vase clos<\/h4>\n\n\n\n<p>L\u2019Executive School est con\u00e7ue comme une immersion de cinq jours en format r\u00e9sidentiel, en vase clos. Les participant\u00b7es et intervenant\u00b7es :<\/p>\n\n\n\n<ul class=\"wp-block-list\">\n<li>sont h\u00e9berg\u00e9\u00b7es sur place pendant toute la dur\u00e9e du programme<\/li>\n\n\n\n<li>partagent les repas<\/li>\n\n\n\n<li>assistent ensemble aux conf\u00e9rences<\/li>\n\n\n\n<li>participent aux discussions formelles et informelles<\/li>\n<\/ul>\n\n\n\n<div style=\"height:10px\" aria-hidden=\"true\" class=\"wp-block-spacer\"><\/div>\n\n\n\n<p>Cette configuration permet un v\u00e9ritable temps de r\u00e9flexion collective, au-del\u00e0 du format classique de colloque. Il s\u2019agit d\u2019un temps de formation strat\u00e9gique favorisant la profondeur des \u00e9changes.<\/p>\n\n\n\n<p>Afin de pr\u00e9server la libert\u00e9 de parole, les conf\u00e9rences et d\u00e9bats ne seront pas enregistr\u00e9s.<\/p>\n<\/div>\n\n\n\n<div class=\"wp-block-column is-layout-flow wp-block-column-is-layout-flow\" style=\"border-width:1px;padding-top:var(--wp--preset--spacing--70);padding-right:var(--wp--preset--spacing--70);padding-bottom:var(--wp--preset--spacing--70);padding-left:var(--wp--preset--spacing--70)\">\n<h4 class=\"wp-block-heading\">Public vis\u00e9<\/h4>\n\n\n\n<p>L\u2019Executive School rassemblera environ 30 auditeurs et auditrices, s\u00e9lectionn\u00e9s pour leur potentiel strat\u00e9gique.<\/p>\n\n\n\n<p>Elle s\u2019adresse aux :<\/p>\n\n\n\n<ul class=\"wp-block-list\">\n<li>Juniors \u00e0 fort potentiel<\/li>\n\n\n\n<li>Jeunes cadres et jeunes seniors en responsabilit\u00e9<\/li>\n\n\n\n<li>Profils issus du monde acad\u00e9mique, industriel, institutionnel et de la soci\u00e9t\u00e9 civile<\/li>\n<\/ul>\n\n\n\n<div style=\"height:10px\" aria-hidden=\"true\" class=\"wp-block-spacer\"><\/div>\n\n\n\n<p>Dans un esprit comparable \u00e0 celui des Instituts des Hautes \u00c9tudes, cette \u00e9cole vise \u00e0 cr\u00e9er un espace transversal de dialogue entre secteurs et cultures professionnelles.<\/p>\n<\/div>\n<\/div>\n\n\n\n<div class=\"wp-block-group alignwide has-background-color-background-color has-background\" style=\"border-style:none;border-width:0px;padding-top:var(--wp--preset--spacing--70);padding-right:var(--wp--preset--spacing--70);padding-bottom:var(--wp--preset--spacing--70);padding-left:var(--wp--preset--spacing--70)\"><div class=\"wp-block-group__inner-container is-layout-constrained wp-container-core-group-is-layout-ae744a23 wp-block-group-is-layout-constrained\">\n<h4 class=\"wp-block-heading has-text-align-center\">Processus de candidature<\/h4>\n\n\n\n<p class=\"has-text-align-center\"><em>Les candidatures ouvriront en avril 2026 \/ la s\u00e9lection interviendra en mai 2026<\/em><\/p>\n\n\n\n<hr class=\"wp-block-separator has-alpha-channel-opacity\"\/>\n\n\n\n<div class=\"wp-block-columns is-layout-flex wp-container-core-columns-is-layout-28f84493 wp-block-columns-is-layout-flex\">\n<div class=\"wp-block-column is-layout-flow wp-block-column-is-layout-flow\">\n<p class=\"has-text-align-center\"><strong>Candidats individuels<\/strong><br>Le dossier comprendra :<\/p>\n\n\n\n<p class=\"has-text-align-center\" style=\"font-size:15px\">Un CV<br>Une note de motivation<br>Une description du poste et des responsabilit\u00e9s exerc\u00e9es<\/p>\n<\/div>\n\n\n\n<div class=\"wp-block-column is-layout-flow wp-block-column-is-layout-flow\">\n<p class=\"has-text-align-center\"><strong>Entreprises et institutions<\/strong><br>Les organisations peuvent :<\/p>\n\n\n\n<p class=\"has-text-align-center\" style=\"font-size:15px\">Proposer un ou plusieurs candidats<br>Soutenir la participation de leurs collaborateurs<\/p>\n<\/div>\n\n\n\n<div class=\"wp-block-column is-layout-flow wp-block-column-is-layout-flow\">\n<p class=\"has-text-align-center\">Les candidatures seront examin\u00e9es par le comit\u00e9 scientifique afin de garantir :<\/p>\n\n\n\n<p class=\"has-text-align-center\" style=\"font-size:15px\">La qualit\u00e9 des profils<br>La diversit\u00e9 sectorielle<br>L\u2019\u00e9quilibre strat\u00e9gique du groupe<\/p>\n<\/div>\n<\/div>\n<\/div><\/div>\n\n\n\n<hr class=\"wp-block-separator has-alpha-channel-opacity\"\/>\n\n\n\n<p class=\"has-text-align-center\"><strong>Le nombre de places \u00e9tant limit\u00e9, la s\u00e9lection se fera sur la base de la qualit\u00e9 des candidatures et de l\u2019\u00e9quilibre global du groupe.<\/strong><\/p>\n\n\n\n<hr class=\"wp-block-separator has-alpha-channel-opacity\"\/>\n\n\n\n<div class=\"wp-block-group alignwide\" style=\"border-width:1px;padding-top:var(--wp--preset--spacing--70);padding-right:var(--wp--preset--spacing--70);padding-bottom:var(--wp--preset--spacing--70);padding-left:var(--wp--preset--spacing--70)\"><div class=\"wp-block-group__inner-container is-layout-constrained wp-container-core-group-is-layout-ae744a23 wp-block-group-is-layout-constrained\">\n<h4 class=\"wp-block-heading has-text-align-center\">Frais de participation<\/h4>\n\n\n\n<p class=\"has-text-align-center\">Les frais couvrent l\u2019h\u00e9bergement (5 jours \/ 4 nuits), la restauration compl\u00e8te ainsi que l\u2019acc\u00e8s \u00e0 l\u2019ensemble des conf\u00e9rences et activit\u00e9s.<\/p>\n\n\n\n<div class=\"wp-block-columns is-layout-flex wp-container-core-columns-is-layout-28f84493 wp-block-columns-is-layout-flex\">\n<div class=\"wp-block-column is-layout-flow wp-block-column-is-layout-flow\">\n<p class=\"has-text-align-center\"><strong>1 000 \u20ac<br>Grand groupe<\/strong><\/p>\n<\/div>\n\n\n\n<div class=\"wp-block-column is-layout-flow wp-block-column-is-layout-flow\">\n<p class=\"has-text-align-center\"><strong>500 \u20ac<br>PME \/ ETI<\/strong><\/p>\n<\/div>\n\n\n\n<div class=\"wp-block-column is-layout-flow wp-block-column-is-layout-flow\">\n<p class=\"has-text-align-center\"><strong>250 \u20ac<br>Secteur public \/ acad\u00e9mique<\/strong><\/p>\n<\/div>\n\n\n\n<div class=\"wp-block-column is-layout-flow wp-block-column-is-layout-flow\">\n<p class=\"has-text-align-center\"><strong>0 \u20ac<br>Membres de l&rsquo;Acad\u00e9mie Spatiale d&rsquo;\u00cele-de-France<\/strong><\/p>\n<\/div>\n<\/div>\n<\/div><\/div>\n\n\n\n<div style=\"height:50px\" aria-hidden=\"true\" class=\"wp-block-spacer\"><\/div>\n\n\n\n<figure class=\"wp-block-image alignwide size-full\"><img loading=\"lazy\" decoding=\"async\" width=\"14840\" height=\"1039\" src=\"https:\/\/academiespatiale.fr\/wp-content\/uploads\/2024\/05\/Frise_logosCMA-HD.png\" alt=\"\" class=\"wp-image-997\" srcset=\"https:\/\/academiespatiale.fr\/wp-content\/uploads\/2024\/05\/Frise_logosCMA-HD.png 14840w, https:\/\/academiespatiale.fr\/wp-content\/uploads\/2024\/05\/Frise_logosCMA-HD-300x21.png 300w, https:\/\/academiespatiale.fr\/wp-content\/uploads\/2024\/05\/Frise_logosCMA-HD-1024x72.png 1024w, https:\/\/academiespatiale.fr\/wp-content\/uploads\/2024\/05\/Frise_logosCMA-HD-768x54.png 768w, https:\/\/academiespatiale.fr\/wp-content\/uploads\/2024\/05\/Frise_logosCMA-HD-1536x108.png 1536w, https:\/\/academiespatiale.fr\/wp-content\/uploads\/2024\/05\/Frise_logosCMA-HD-2048x143.png 2048w\" sizes=\"auto, (max-width: 14840px) 100vw, 14840px\" \/><\/figure>\n","protected":false},"excerpt":{"rendered":"<p>Premi\u00e8re \u00e9dition de notre Executive School &#8211; du 6 au 10 juillet 2026Abbaye de Royaumont, Val-d&rsquo;Oise (50km au nord de Paris) \u00ab\u00a0Un spatial raisonnable pour un monde en crise climatique\u00a0\u00bb Th\u00e9matique 2026 Cette premi\u00e8re \u00e9dition portera sur \u00ab un spatial raisonnable pour un monde en crise climatique \u00bb. La reflexion [&hellip;]<\/p>\n","protected":false},"author":1,"featured_media":0,"parent":6131,"menu_order":0,"comment_status":"closed","ping_status":"closed","template":"","meta":{"_monsterinsights_skip_tracking":false,"_monsterinsights_sitenote_active":false,"_monsterinsights_sitenote_note":"","_monsterinsights_sitenote_category":0,"_EventAllDay":false,"_EventTimezone":"","_EventStartDate":"","_EventEndDate":"","_EventStartDateUTC":"","_EventEndDateUTC":"","_EventShowMap":false,"_EventShowMapLink":false,"_EventURL":"","_EventCost":"","_EventCostDescription":"","_EventCurrencySymbol":"","_EventCurrencyCode":"","_EventCurrencyPosition":"","_EventDateTimeSeparator":"","_EventTimeRangeSeparator":"","_EventOrganizerID":[],"_EventVenueID":[],"_OrganizerEmail":"","_OrganizerPhone":"","_OrganizerWebsite":"","_VenueAddress":"","_VenueCity":"","_VenueCountry":"","_VenueProvince":"","_VenueState":"","_VenueZip":"","_VenuePhone":"","_VenueURL":"","_VenueStateProvince":"","_VenueLat":"","_VenueLng":"","_VenueShowMap":false,"_VenueShowMapLink":false,"footnotes":""},"class_list":["post-8553","page","type-page","status-publish","hentry"],"aioseo_notices":[],"_links":{"self":[{"href":"https:\/\/academiespatiale.fr\/index.php\/wp-json\/wp\/v2\/pages\/8553","targetHints":{"allow":["GET"]}}],"collection":[{"href":"https:\/\/academiespatiale.fr\/index.php\/wp-json\/wp\/v2\/pages"}],"about":[{"href":"https:\/\/academiespatiale.fr\/index.php\/wp-json\/wp\/v2\/types\/page"}],"author":[{"embeddable":true,"href":"https:\/\/academiespatiale.fr\/index.php\/wp-json\/wp\/v2\/users\/1"}],"replies":[{"embeddable":true,"href":"https:\/\/academiespatiale.fr\/index.php\/wp-json\/wp\/v2\/comments?post=8553"}],"version-history":[{"count":32,"href":"https:\/\/academiespatiale.fr\/index.php\/wp-json\/wp\/v2\/pages\/8553\/revisions"}],"predecessor-version":[{"id":8668,"href":"https:\/\/academiespatiale.fr\/index.php\/wp-json\/wp\/v2\/pages\/8553\/revisions\/8668"}],"up":[{"embeddable":true,"href":"https:\/\/academiespatiale.fr\/index.php\/wp-json\/wp\/v2\/pages\/6131"}],"wp:attachment":[{"href":"https:\/\/academiespatiale.fr\/index.php\/wp-json\/wp\/v2\/media?parent=8553"}],"curies":[{"name":"wp","href":"https:\/\/api.w.org\/{rel}","templated":true}]}}