{"id":8093,"date":"2026-02-18T15:28:17","date_gmt":"2026-02-18T14:28:17","guid":{"rendered":"https:\/\/academiespatiale.fr\/?page_id=8093"},"modified":"2026-03-26T16:50:40","modified_gmt":"2026-03-26T15:50:40","slug":"visites-stages-terrain","status":"publish","type":"page","link":"https:\/\/academiespatiale.fr\/index.php\/formations\/visites-stages-terrain\/","title":{"rendered":"Visites et stages terrain"},"content":{"rendered":"\n<div class=\"wp-block-columns alignfull has-text-color has-link-color wp-elements-8422e2a85d9f2e5605b7dd2ae54b3e54 is-layout-flex wp-container-core-columns-is-layout-e94c545b wp-block-columns-is-layout-flex\" style=\"color:#b1b1b1;margin-top:-25px;margin-bottom:20px;padding-top:0;padding-right:0;padding-bottom:0;padding-left:60px;font-size:15px\">\n<div class=\"wp-block-column has-text-color has-link-color wp-elements-32661c60388d2123b0bf1683c717c484 is-layout-flow wp-block-column-is-layout-flow\" style=\"color:#a1a1a1;padding-top:0;padding-bottom:0;font-size:15px;font-style:normal;font-weight:100;flex-basis:100%\"><div class=\"aioseo-breadcrumbs\"><span class=\"aioseo-breadcrumb\">\n\t\t\tHome\n\t\t<\/span><\/div><\/div>\n<\/div>\n\n\n\n<div class=\"wp-block-columns alignwide is-layout-flex wp-container-core-columns-is-layout-28f84493 wp-block-columns-is-layout-flex\">\n<div class=\"wp-block-column is-layout-flow wp-block-column-is-layout-flow\">\n<div class=\"wp-block-buttons is-content-justification-center is-layout-flex wp-container-core-buttons-is-layout-a89b3969 wp-block-buttons-is-layout-flex\">\n<div class=\"wp-block-button has-custom-width wp-block-button__width-75\"><a class=\"wp-block-button__link has-accent-background-color has-background wp-element-button\" href=\"https:\/\/academiespatiale.fr\/index.php\/formations\/formations-innovantes\/\" style=\"padding-top:var(--wp--preset--spacing--20);padding-bottom:var(--wp--preset--spacing--20)\"><strong>Formations innovantes<\/strong><\/a><\/div>\n<\/div>\n<\/div>\n\n\n\n<div class=\"wp-block-column is-layout-flow wp-block-column-is-layout-flow\">\n<div class=\"wp-block-buttons is-content-justification-center is-layout-flex wp-container-core-buttons-is-layout-a89b3969 wp-block-buttons-is-layout-flex\">\n<div class=\"wp-block-button has-custom-width wp-block-button__width-75\"><a class=\"wp-block-button__link has-accent-background-color has-background wp-element-button\" href=\"https:\/\/academiespatiale.fr\/index.php\/formations\/infos-orientation\/\" style=\"padding-top:var(--wp--preset--spacing--20);padding-bottom:var(--wp--preset--spacing--20)\"><strong>Infos &amp; orientation<\/strong><\/a><\/div>\n<\/div>\n<\/div>\n\n\n\n<div class=\"wp-block-column is-layout-flow wp-block-column-is-layout-flow\">\n<div class=\"wp-block-buttons is-content-justification-center is-layout-flex wp-container-core-buttons-is-layout-a89b3969 wp-block-buttons-is-layout-flex\">\n<div class=\"wp-block-button has-custom-width wp-block-button__width-75 is-style-outline is-style-outline--1\"><a class=\"wp-block-button__link has-accent-color has-text-color has-link-color wp-element-button\" style=\"border-width:1px;padding-top:var(--wp--preset--spacing--20);padding-right:0;padding-bottom:var(--wp--preset--spacing--20);padding-left:0\">Visites &amp; stages terrain<\/a><\/div>\n<\/div>\n<\/div>\n<\/div>\n\n\n\n<hr class=\"wp-block-separator has-alpha-channel-opacity\" style=\"margin-top:var(--wp--preset--spacing--70);margin-bottom:var(--wp--preset--spacing--70)\"\/>\n\n\n\n<p class=\"has-text-align-center\"><strong>Retrouvez ici l\u2019ensemble des visites de sites et stages de terrain, en France et \u00e0 l&rsquo;international, organis\u00e9s tout au long de l\u2019ann\u00e9e par l\u2019Acad\u00e9mie Spatiale ou propos\u00e9s par nos partenaires.<\/strong><\/p>\n\n\n\n<hr class=\"wp-block-separator has-alpha-channel-opacity\" style=\"margin-top:var(--wp--preset--spacing--70);margin-bottom:var(--wp--preset--spacing--70)\"\/>\n\n\n\n<div class=\"wp-block-columns alignwide is-layout-flex wp-container-core-columns-is-layout-28f84493 wp-block-columns-is-layout-flex\">\n<div class=\"wp-block-column is-layout-flow wp-block-column-is-layout-flow\" style=\"flex-basis:100%\">\n<h4 class=\"wp-block-heading\">\u00c0 ne pas manquer en 2026<\/h4>\n\n\n\n<figure class=\"wp-block-table is-style-stripes\"><table><tbody><tr><td>Janvier 2026<\/td><td>Stage terrain &#8211; L\u00e2cher de ballon stratosph\u00e9rique<\/td><td><\/td><td>\u2192 <a href=\"https:\/\/academiespatiale.fr\/index.php\/2026\/01\/22\/immersion-terrain-les-etudiantes-du-master-arctic-studies-participent-a-un-lacher-de-ballon-stratospherique\/\" title=\"\">Plus d&rsquo;infos<\/a><\/td><\/tr><tr><td>Automne 2026<\/td><td>Stage terrain SIMO<\/td><td><\/td><td>\u2192 <a href=\"https:\/\/academiespatiale.fr\/index.php\/formations\/ecole-dete\/stage-terrain-simo-stage-dinitiation-aux-methodes-dobservations-ohp-ovsq\/\" title=\"\">Plus d&rsquo;infos<\/a><\/td><\/tr><tr><td>D\u00e9cembre 2026<\/td><td>Conf\u00e9rences Berlin Lectures \u00e0 la DLR<\/td><td><\/td><td>\u2192 \u00c0 confirmer<\/td><\/tr><tr><td>2026<\/td><td>ESA Earth system science hub challenge<\/td><td><\/td><td>\u2192 \u00c0 confirmer<\/td><\/tr><\/tbody><\/table><\/figure>\n<\/div>\n<\/div>\n\n\n\n<hr class=\"wp-block-separator has-alpha-channel-opacity\" style=\"margin-top:var(--wp--preset--spacing--70);margin-bottom:var(--wp--preset--spacing--70)\"\/>\n\n\n\n<h4 class=\"wp-block-heading alignwide\">Programmes cr\u00e9\u00e9s, ou co-cr\u00e9\u00e9s, par l&rsquo;Acad\u00e9mie Spatiale d&rsquo;IDF<\/h4>\n\n\n\n<div class=\"wp-block-columns alignwide is-layout-flex wp-container-core-columns-is-layout-28f84493 wp-block-columns-is-layout-flex\">\n<div class=\"wp-block-column is-layout-flow wp-block-column-is-layout-flow\" style=\"border-width:1px;padding-top:var(--wp--preset--spacing--60);padding-right:var(--wp--preset--spacing--60);padding-bottom:var(--wp--preset--spacing--60);padding-left:var(--wp--preset--spacing--60)\">\n<figure class=\"wp-block-image size-full\"><a href=\"https:\/\/academiespatiale.fr\/index.php\/formations\/ecole-dete\/stage-terrain-simo-stage-dinitiation-aux-methodes-dobservations-ohp-ovsq\/\"><img loading=\"lazy\" decoding=\"async\" width=\"750\" height=\"500\" src=\"https:\/\/academiespatiale.fr\/wp-content\/uploads\/2025\/06\/SIMO_OHP.png\" alt=\"\" class=\"wp-image-5146\" srcset=\"https:\/\/academiespatiale.fr\/wp-content\/uploads\/2025\/06\/SIMO_OHP.png 750w, https:\/\/academiespatiale.fr\/wp-content\/uploads\/2025\/06\/SIMO_OHP-300x200.png 300w, https:\/\/academiespatiale.fr\/wp-content\/uploads\/2025\/06\/SIMO_OHP-360x240.png 360w\" sizes=\"auto, (max-width: 750px) 100vw, 750px\" \/><\/a><\/figure>\n\n\n\n<div style=\"height:10px\" aria-hidden=\"true\" class=\"wp-block-spacer\"><\/div>\n\n\n\n<p>STAGE TERRAIN<br><strong>SIMO : Stage d&rsquo;Initiation aux M\u00e9thodes d&rsquo;Observations<\/strong><\/p>\n\n\n\n<p style=\"font-size:15px\">Stage d\u2019initiation aux m\u00e9thodes d\u2019observation propos\u00e9 aux \u00e9tudiant\u00b7es des masters NewSpace, SBS, PES, FRS, et autres. Situ\u00e9 \u00e0 l\u2019Observatoire de Haute Provence (OHP), le stage SIMO permet aux \u00e9tudiant\u00b7es de sortir sur le terrain et d\u2019avoir une exp\u00e9rience en lien avec les instruments de leur discipline.<br><br><em>\u2192 Chaque ann\u00e9e en automne (3 \u00e0 4 jours)<\/em><\/p>\n<\/div>\n\n\n\n<div class=\"wp-block-column is-layout-flow wp-block-column-is-layout-flow\" style=\"border-width:1px;padding-top:var(--wp--preset--spacing--60);padding-right:var(--wp--preset--spacing--60);padding-bottom:var(--wp--preset--spacing--60);padding-left:var(--wp--preset--spacing--60)\">\n<figure class=\"wp-block-image size-full\"><a href=\"https:\/\/academiespatiale.fr\/index.php\/2026\/01\/22\/immersion-terrain-les-etudiantes-du-master-arctic-studies-participent-a-un-lacher-de-ballon-stratospherique\/\"><img loading=\"lazy\" decoding=\"async\" width=\"750\" height=\"500\" src=\"https:\/\/academiespatiale.fr\/wp-content\/uploads\/2026\/01\/Lacher-ballon_meteo-modem_janv2026.png\" alt=\"\" class=\"wp-image-7637\" srcset=\"https:\/\/academiespatiale.fr\/wp-content\/uploads\/2026\/01\/Lacher-ballon_meteo-modem_janv2026.png 750w, https:\/\/academiespatiale.fr\/wp-content\/uploads\/2026\/01\/Lacher-ballon_meteo-modem_janv2026-300x200.png 300w, https:\/\/academiespatiale.fr\/wp-content\/uploads\/2026\/01\/Lacher-ballon_meteo-modem_janv2026-360x240.png 360w\" sizes=\"auto, (max-width: 750px) 100vw, 750px\" \/><\/a><\/figure>\n\n\n\n<div style=\"height:10px\" aria-hidden=\"true\" class=\"wp-block-spacer\"><\/div>\n\n\n\n<p>STAGE TERRAIN<br><strong>L\u00e2cher de ballon stratosph\u00e9rique<\/strong><\/p>\n\n\n\n<p style=\"font-size:15px\">Les \u00e9tudiant\u00b7es du Master 2 Arctic Studies ont \u00e9t\u00e9 accueilli\u00b7es au sein de l\u2019entreprise fran\u00e7aise de radiosondage M\u00e9t\u00e9o Modem, pr\u00e8s de Fontainebleau, afin de participer \u00e0 un l\u00e2cher de ballon stratosph\u00e9rique : visite des locaux, pr\u00e9sentation des activit\u00e9s puis travaux pratiques !<br><br><em>\u2192 Jeudi 15 janvier 2026<\/em><\/p>\n<\/div>\n\n\n\n<div class=\"wp-block-column is-layout-flow wp-block-column-is-layout-flow\" style=\"border-width:1px;padding-top:var(--wp--preset--spacing--60);padding-right:var(--wp--preset--spacing--60);padding-bottom:var(--wp--preset--spacing--60);padding-left:var(--wp--preset--spacing--60)\">\n<figure class=\"wp-block-image size-full\"><a href=\"https:\/\/academiespatiale.fr\/index.php\/2025\/07\/08\/union-europeenne-visite-du-master-de-droit-spatial-dast\/\"><img loading=\"lazy\" decoding=\"async\" width=\"750\" height=\"500\" src=\"https:\/\/academiespatiale.fr\/wp-content\/uploads\/2025\/07\/Visite-UE_DAST__juin2025.png\" alt=\"\" class=\"wp-image-5299\" srcset=\"https:\/\/academiespatiale.fr\/wp-content\/uploads\/2025\/07\/Visite-UE_DAST__juin2025.png 750w, https:\/\/academiespatiale.fr\/wp-content\/uploads\/2025\/07\/Visite-UE_DAST__juin2025-300x200.png 300w, https:\/\/academiespatiale.fr\/wp-content\/uploads\/2025\/07\/Visite-UE_DAST__juin2025-360x240.png 360w\" sizes=\"auto, (max-width: 750px) 100vw, 750px\" \/><\/a><\/figure>\n\n\n\n<div style=\"height:10px\" aria-hidden=\"true\" class=\"wp-block-spacer\"><\/div>\n\n\n\n<p>VISITE<br><strong>Conseil de l&rsquo;Union Europ\u00e9enne<\/strong><\/p>\n\n\n\n<p style=\"font-size:15px\">Les \u00e9tudiant\u00b7es du Master 2 DAST, Droit des Activit\u00e9s Spatiales et des T\u00e9l\u00e9communications (Universit\u00e9 Paris-Saclay), se sont rendus \u00e0 Bruxelles pour une visite du Conseil de l\u2019Union Europ\u00e9enne ax\u00e9e sur le programme spatial europ\u00e9en.<br><br><em>\u2192 Lundi 16 juin 2025<\/em><\/p>\n<\/div>\n\n\n\n<div class=\"wp-block-column is-layout-flow wp-block-column-is-layout-flow\" style=\"border-width:1px;padding-top:var(--wp--preset--spacing--60);padding-right:var(--wp--preset--spacing--60);padding-bottom:var(--wp--preset--spacing--60);padding-left:var(--wp--preset--spacing--60)\">\n<figure class=\"wp-block-image size-full\"><a href=\"https:\/\/academiespatiale.fr\/index.php\/formations\/ecole-dete\/autres-ecoles-thematiques\/visite-de-lesoc-et-deumetsat\/\"><img loading=\"lazy\" decoding=\"async\" width=\"750\" height=\"500\" src=\"https:\/\/academiespatiale.fr\/wp-content\/uploads\/2025\/05\/Darmstadt2025.png\" alt=\"\" class=\"wp-image-4689\" srcset=\"https:\/\/academiespatiale.fr\/wp-content\/uploads\/2025\/05\/Darmstadt2025.png 750w, https:\/\/academiespatiale.fr\/wp-content\/uploads\/2025\/05\/Darmstadt2025-300x200.png 300w, https:\/\/academiespatiale.fr\/wp-content\/uploads\/2025\/05\/Darmstadt2025-360x240.png 360w\" sizes=\"auto, (max-width: 750px) 100vw, 750px\" \/><\/a><\/figure>\n\n\n\n<div style=\"height:10px\" aria-hidden=\"true\" class=\"wp-block-spacer\"><\/div>\n\n\n\n<p>VISITE<br><strong>ESOC et EUMETSAT<\/strong><\/p>\n\n\n\n<p style=\"font-size:15px\">D\u00e9couverte des activit\u00e9s op\u00e9rationnelles des agences spatiales europ\u00e9ennes ESOC (centre des op\u00e9rations de l\u2019ESA) et EUMETSAT (Organisation europ\u00e9enne pour l\u2019exploitation des satellites m\u00e9t\u00e9o) pour les \u00e9tudiant\u00b7es des masters TGAE, FRS et IOS, situ\u00e9es \u00e0 Darmstadt en Allemagne.<br><br><em>\u2192 Les 28 et 29 janvier 2025<\/em><\/p>\n<\/div>\n<\/div>\n\n\n\n<hr class=\"wp-block-separator has-alpha-channel-opacity\" style=\"margin-top:var(--wp--preset--spacing--70);margin-bottom:var(--wp--preset--spacing--70)\"\/>\n\n\n\n<h4 class=\"wp-block-heading alignwide\">Programmes partenaire ou participation de l&rsquo;Acad\u00e9mie Spatiale d&rsquo;IDF<\/h4>\n\n\n\n<div class=\"wp-block-columns alignwide is-layout-flex wp-container-core-columns-is-layout-28f84493 wp-block-columns-is-layout-flex\">\n<div class=\"wp-block-column is-layout-flow wp-block-column-is-layout-flow\" style=\"border-width:1px;padding-top:var(--wp--preset--spacing--60);padding-right:var(--wp--preset--spacing--60);padding-bottom:var(--wp--preset--spacing--60);padding-left:var(--wp--preset--spacing--60)\">\n<figure class=\"wp-block-image size-full\"><a href=\"https:\/\/academiespatiale.fr\/index.php\/2025\/12\/02\/deux-journees-dexception-au-dlr-berlin-lectures-2\/\"><img loading=\"lazy\" decoding=\"async\" width=\"750\" height=\"500\" src=\"https:\/\/academiespatiale.fr\/wp-content\/uploads\/2025\/01\/DLR_Berlin-lectures.png\" alt=\"\" class=\"wp-image-3095\" srcset=\"https:\/\/academiespatiale.fr\/wp-content\/uploads\/2025\/01\/DLR_Berlin-lectures.png 750w, https:\/\/academiespatiale.fr\/wp-content\/uploads\/2025\/01\/DLR_Berlin-lectures-300x200.png 300w, https:\/\/academiespatiale.fr\/wp-content\/uploads\/2025\/01\/DLR_Berlin-lectures-360x240.png 360w\" sizes=\"auto, (max-width: 750px) 100vw, 750px\" \/><\/a><\/figure>\n\n\n\n<div style=\"height:10px\" aria-hidden=\"true\" class=\"wp-block-spacer\"><\/div>\n\n\n\n<p>CONF\u00c9RENCES<br><strong>Berlin Lectures<\/strong><\/p>\n\n\n\n<p style=\"font-size:15px\">Journ\u00e9e de conf\u00e9rence pour les \u00e9tudiant\u00b7es en masters et doctorats de l\u2019UPCit\u00e9 au sein de la DLR, l&rsquo;agence spatiale Allemande. Au programme : \u00e9volution thermique des plan\u00e8tes terrestres, tectonique de surface, champs magn\u00e9tiques, etc.<br><br><em>\u2192 Chaque d\u00e9cembre depuis 2024<\/em><\/p>\n<\/div>\n\n\n\n<div class=\"wp-block-column is-layout-flow wp-block-column-is-layout-flow\" style=\"border-width:1px;padding-top:var(--wp--preset--spacing--60);padding-right:var(--wp--preset--spacing--60);padding-bottom:var(--wp--preset--spacing--60);padding-left:var(--wp--preset--spacing--60)\">\n<figure class=\"wp-block-image size-full\"><a href=\"https:\/\/academiespatiale.fr\/index.php\/formations\/ecole-dete\/esa-earth-system-science-hub-workshop\/\"><img loading=\"lazy\" decoding=\"async\" width=\"750\" height=\"500\" src=\"https:\/\/academiespatiale.fr\/wp-content\/uploads\/2025\/01\/ESA-Challenge_2024.png\" alt=\"\" class=\"wp-image-2786\" srcset=\"https:\/\/academiespatiale.fr\/wp-content\/uploads\/2025\/01\/ESA-Challenge_2024.png 750w, https:\/\/academiespatiale.fr\/wp-content\/uploads\/2025\/01\/ESA-Challenge_2024-300x200.png 300w, https:\/\/academiespatiale.fr\/wp-content\/uploads\/2025\/01\/ESA-Challenge_2024-360x240.png 360w\" sizes=\"auto, (max-width: 750px) 100vw, 750px\" \/><\/a><\/figure>\n\n\n\n<div style=\"height:10px\" aria-hidden=\"true\" class=\"wp-block-spacer\"><\/div>\n\n\n\n<p>CHALLENGE<br><strong>ESA Earth system science hub challenge<\/strong><\/p>\n\n\n\n<p style=\"font-size:15px\">Une semaine d&rsquo;atelier pour former des \u00e9tudiant\u00b7es, issus d&rsquo;universit\u00e9s des \u00c9tats membres de l&rsquo;ESA, \u00e0 l&rsquo;utilisation des donn\u00e9es d&rsquo;observation de la Terre pour mieux comprendre les dynamiques et processus du syst\u00e8me terrestre.<br><br><em>\u2192 Deux fois l&rsquo;an<br>\u2192 Participation annuelle depuis 2024<\/em><\/p>\n<\/div>\n\n\n\n<div class=\"wp-block-column is-layout-flow wp-block-column-is-layout-flow\" style=\"border-width:1px;padding-top:var(--wp--preset--spacing--60);padding-right:var(--wp--preset--spacing--60);padding-bottom:var(--wp--preset--spacing--60);padding-left:var(--wp--preset--spacing--60)\">\n<figure class=\"wp-block-image size-full\"><a href=\"https:\/\/academiespatiale.fr\/index.php\/2025\/02\/11\/collegiens-et-collegiennes-visite-la-pit\/\"><img loading=\"lazy\" decoding=\"async\" width=\"750\" height=\"500\" src=\"https:\/\/academiespatiale.fr\/wp-content\/uploads\/2025\/02\/College-visite-pit_janv2025.png\" alt=\"\" class=\"wp-image-3365\" srcset=\"https:\/\/academiespatiale.fr\/wp-content\/uploads\/2025\/02\/College-visite-pit_janv2025.png 750w, https:\/\/academiespatiale.fr\/wp-content\/uploads\/2025\/02\/College-visite-pit_janv2025-300x200.png 300w, https:\/\/academiespatiale.fr\/wp-content\/uploads\/2025\/02\/College-visite-pit_janv2025-360x240.png 360w\" sizes=\"auto, (max-width: 750px) 100vw, 750px\" \/><\/a><\/figure>\n\n\n\n<div style=\"height:10px\" aria-hidden=\"true\" class=\"wp-block-spacer\"><\/div>\n\n\n\n<p>VISITE<br><strong>Des coll\u00e9gien\u00b7es visient la PIT<\/strong><\/p>\n\n\n\n<p style=\"font-size:15px\">La&nbsp;Plateforme d\u2019Int\u00e9gration et de Tests (PIT)&nbsp;de l\u2019OVSQ a accueilli des \u00e9l\u00e8ves de 3e du Coll\u00e8ge Albert Einstein de Magny-les-Hameaux pour une visite p\u00e9dagogique. Organis\u00e9e par l\u2019Association Sciences, Technologie et Soci\u00e9t\u00e9 (ASTS), cette initiative avait pour objectif de faire d\u00e9couvrir aux jeunes le fonctionnement de la PIT et ses enjeux.<br><br><em>\u2192 Vendredi 31 janvier 2025<\/em><\/p>\n<\/div>\n<\/div>\n\n\n\n<figure class=\"wp-block-image alignwide size-full\" style=\"margin-top:var(--wp--preset--spacing--60);margin-bottom:var(--wp--preset--spacing--60)\"><img loading=\"lazy\" decoding=\"async\" width=\"20875\" height=\"1462\" src=\"https:\/\/academiespatiale.fr\/wp-content\/uploads\/2024\/05\/Frise_logosCMA-HDD.png\" alt=\"\" class=\"wp-image-1001\" srcset=\"https:\/\/academiespatiale.fr\/wp-content\/uploads\/2024\/05\/Frise_logosCMA-HDD.png 20875w, https:\/\/academiespatiale.fr\/wp-content\/uploads\/2024\/05\/Frise_logosCMA-HDD-300x21.png 300w, https:\/\/academiespatiale.fr\/wp-content\/uploads\/2024\/05\/Frise_logosCMA-HDD-1024x72.png 1024w, https:\/\/academiespatiale.fr\/wp-content\/uploads\/2024\/05\/Frise_logosCMA-HDD-768x54.png 768w, https:\/\/academiespatiale.fr\/wp-content\/uploads\/2024\/05\/Frise_logosCMA-HDD-1536x108.png 1536w, https:\/\/academiespatiale.fr\/wp-content\/uploads\/2024\/05\/Frise_logosCMA-HDD-2048x143.png 2048w\" sizes=\"auto, (max-width: 20875px) 100vw, 20875px\" \/><\/figure>\n\n\n\n<p><\/p>\n","protected":false},"excerpt":{"rendered":"<p>Retrouvez ici l\u2019ensemble des visites de sites et stages de terrain, en France et \u00e0 l&rsquo;international, organis\u00e9s tout au long de l\u2019ann\u00e9e par l\u2019Acad\u00e9mie Spatiale ou propos\u00e9s par nos partenaires. \u00c0 ne pas manquer en 2026 Janvier 2026 Stage terrain &#8211; L\u00e2cher de ballon stratosph\u00e9rique \u2192 Plus d&rsquo;infos Automne 2026 [&hellip;]<\/p>\n","protected":false},"author":1,"featured_media":0,"parent":65,"menu_order":0,"comment_status":"closed","ping_status":"closed","template":"","meta":{"_monsterinsights_skip_tracking":false,"_monsterinsights_sitenote_active":false,"_monsterinsights_sitenote_note":"","_monsterinsights_sitenote_category":0,"_EventAllDay":false,"_EventTimezone":"","_EventStartDate":"","_EventEndDate":"","_EventStartDateUTC":"","_EventEndDateUTC":"","_EventShowMap":false,"_EventShowMapLink":false,"_EventURL":"","_EventCost":"","_EventCostDescription":"","_EventCurrencySymbol":"","_EventCurrencyCode":"","_EventCurrencyPosition":"","_EventDateTimeSeparator":"","_EventTimeRangeSeparator":"","_EventOrganizerID":[],"_EventVenueID":[],"_OrganizerEmail":"","_OrganizerPhone":"","_OrganizerWebsite":"","_VenueAddress":"","_VenueCity":"","_VenueCountry":"","_VenueProvince":"","_VenueState":"","_VenueZip":"","_VenuePhone":"","_VenueURL":"","_VenueStateProvince":"","_VenueLat":"","_VenueLng":"","_VenueShowMap":false,"_VenueShowMapLink":false,"footnotes":""},"class_list":["post-8093","page","type-page","status-publish","hentry"],"aioseo_notices":[],"_links":{"self":[{"href":"https:\/\/academiespatiale.fr\/index.php\/wp-json\/wp\/v2\/pages\/8093","targetHints":{"allow":["GET"]}}],"collection":[{"href":"https:\/\/academiespatiale.fr\/index.php\/wp-json\/wp\/v2\/pages"}],"about":[{"href":"https:\/\/academiespatiale.fr\/index.php\/wp-json\/wp\/v2\/types\/page"}],"author":[{"embeddable":true,"href":"https:\/\/academiespatiale.fr\/index.php\/wp-json\/wp\/v2\/users\/1"}],"replies":[{"embeddable":true,"href":"https:\/\/academiespatiale.fr\/index.php\/wp-json\/wp\/v2\/comments?post=8093"}],"version-history":[{"count":30,"href":"https:\/\/academiespatiale.fr\/index.php\/wp-json\/wp\/v2\/pages\/8093\/revisions"}],"predecessor-version":[{"id":8728,"href":"https:\/\/academiespatiale.fr\/index.php\/wp-json\/wp\/v2\/pages\/8093\/revisions\/8728"}],"up":[{"embeddable":true,"href":"https:\/\/academiespatiale.fr\/index.php\/wp-json\/wp\/v2\/pages\/65"}],"wp:attachment":[{"href":"https:\/\/academiespatiale.fr\/index.php\/wp-json\/wp\/v2\/media?parent=8093"}],"curies":[{"name":"wp","href":"https:\/\/api.w.org\/{rel}","templated":true}]}}