{"id":603,"date":"2024-04-16T12:43:08","date_gmt":"2024-04-16T10:43:08","guid":{"rendered":"https:\/\/academiespatiale.fr\/?page_id=603"},"modified":"2025-12-19T17:19:24","modified_gmt":"2025-12-19T16:19:24","slug":"ao-theses","status":"publish","type":"page","link":"https:\/\/academiespatiale.fr\/index.php\/recherche\/ao\/ao-theses\/","title":{"rendered":"Appel \u00e0 projets doctoraux"},"content":{"rendered":"\n<div class=\"wp-block-columns alignfull has-text-color has-link-color wp-elements-8422e2a85d9f2e5605b7dd2ae54b3e54 is-layout-flex wp-container-core-columns-is-layout-e94c545b wp-block-columns-is-layout-flex\" style=\"color:#b1b1b1;margin-top:-25px;margin-bottom:20px;padding-top:0;padding-right:0;padding-bottom:0;padding-left:60px;font-size:15px\">\n<div class=\"wp-block-column has-text-color has-link-color wp-elements-32661c60388d2123b0bf1683c717c484 is-layout-flow wp-block-column-is-layout-flow\" style=\"color:#a1a1a1;padding-top:0;padding-bottom:0;font-size:15px;font-style:normal;font-weight:100;flex-basis:100%\"><div class=\"aioseo-breadcrumbs\"><span class=\"aioseo-breadcrumb\">\n\t\t\t<a href=\"https:\/\/academiespatiale.fr\" title=\"Home\">Home<\/a>\n\t\t<\/span><span class=\"aioseo-breadcrumb-separator\">&raquo;<\/span><span class=\"aioseo-breadcrumb\">\n\t\t\t<a href=\"https:\/\/academiespatiale.fr\/index.php\/recherche\/\" title=\"Recherche\">Recherche<\/a>\n\t\t<\/span><span class=\"aioseo-breadcrumb-separator\">&raquo;<\/span><span class=\"aioseo-breadcrumb\">\n\t\t\t<a href=\"https:\/\/academiespatiale.fr\/index.php\/recherche\/ao\/\" title=\"Appels d\u2019offres\">Appels d\u2019offres<\/a>\n\t\t<\/span><span class=\"aioseo-breadcrumb-separator\">&raquo;<\/span><span class=\"aioseo-breadcrumb\">\n\t\t\tAppel \u00e0 projets doctoraux\n\t\t<\/span><\/div><\/div>\n<\/div>\n\n\n\n<div class=\"wp-block-columns is-layout-flex wp-container-core-columns-is-layout-28f84493 wp-block-columns-is-layout-flex\">\n<div class=\"wp-block-column is-layout-flow wp-block-column-is-layout-flow\" style=\"flex-basis:66.66%\">\n<p>Les appel \u00e0 projets de financements d&rsquo;allocations de recherche doctorales s&rsquo;adressent aux chercheurs, chercheuses, enseignantes-chercheuses et enseignants-chercheurs des laboratoires rattach\u00e9s aux \u00e9tablissements partenaires de l&rsquo;Acad\u00e9mie Spatiale<\/p>\n\n\n\n<hr class=\"wp-block-separator has-alpha-channel-opacity\"\/>\n\n\n\n<div style=\"height:10px\" aria-hidden=\"true\" class=\"wp-block-spacer\"><\/div>\n\n\n\n<p>Pour toutes questions : <a href=\"mailto:theses@academiespatiale.fr\" target=\"_blank\" rel=\"noreferrer noopener\">theses@academiespatiale.fr<\/a><\/p>\n\n\n\n<hr class=\"wp-block-separator has-alpha-channel-opacity\"\/>\n<\/div>\n\n\n\n<div class=\"wp-block-column is-layout-flow wp-block-column-is-layout-flow\" style=\"flex-basis:33.33%\">\n<figure class=\"wp-block-image size-large\"><img loading=\"lazy\" decoding=\"async\" width=\"683\" height=\"1024\" src=\"https:\/\/academiespatiale.fr\/wp-content\/uploads\/2025\/04\/pexels-ron-lach-7967594-683x1024.jpg\" alt=\"\" class=\"wp-image-4218\" srcset=\"https:\/\/academiespatiale.fr\/wp-content\/uploads\/2025\/04\/pexels-ron-lach-7967594-683x1024.jpg 683w, https:\/\/academiespatiale.fr\/wp-content\/uploads\/2025\/04\/pexels-ron-lach-7967594-200x300.jpg 200w, https:\/\/academiespatiale.fr\/wp-content\/uploads\/2025\/04\/pexels-ron-lach-7967594-768x1152.jpg 768w, https:\/\/academiespatiale.fr\/wp-content\/uploads\/2025\/04\/pexels-ron-lach-7967594-1024x1536.jpg 1024w, https:\/\/academiespatiale.fr\/wp-content\/uploads\/2025\/04\/pexels-ron-lach-7967594-1365x2048.jpg 1365w, https:\/\/academiespatiale.fr\/wp-content\/uploads\/2025\/04\/pexels-ron-lach-7967594-scaled.jpg 1706w\" sizes=\"auto, (max-width: 683px) 100vw, 683px\" \/><\/figure>\n<\/div>\n<\/div>\n\n\n\n<div style=\"height:30px\" aria-hidden=\"true\" class=\"wp-block-spacer\"><\/div>\n\n\n\n<h2 class=\"wp-block-heading\">Appel en cours &#8211; 2026-2028<\/h2>\n\n\n\n<p>Date limite : 30 janvier 2026<\/p>\n\n\n<ul class=\"wp-block-latest-posts__list has-dates wp-block-latest-posts\"><li><div class=\"wp-block-latest-posts__featured-image alignleft\"><img loading=\"lazy\" decoding=\"async\" width=\"300\" height=\"200\" src=\"https:\/\/academiespatiale.fr\/wp-content\/uploads\/2024\/11\/AAP_projets-doctoraux-300x200.png\" class=\"attachment-medium size-medium wp-post-image\" alt=\"\" style=\"\" srcset=\"https:\/\/academiespatiale.fr\/wp-content\/uploads\/2024\/11\/AAP_projets-doctoraux-300x200.png 300w, https:\/\/academiespatiale.fr\/wp-content\/uploads\/2024\/11\/AAP_projets-doctoraux-360x240.png 360w, https:\/\/academiespatiale.fr\/wp-content\/uploads\/2024\/11\/AAP_projets-doctoraux.png 750w\" sizes=\"auto, (max-width: 300px) 100vw, 300px\" \/><\/div><a class=\"wp-block-latest-posts__post-title\" href=\"https:\/\/academiespatiale.fr\/index.php\/2025\/12\/16\/aap-2026-2028-financements-dallocations-de-recherche-doctorales\/\">AAP 2026-2028 : financements d\u2019allocations de recherche doctorales<\/a><time datetime=\"2025-12-16T16:01:01+01:00\" class=\"wp-block-latest-posts__post-date\">16 d\u00e9cembre 2025<\/time><div class=\"wp-block-latest-posts__post-full-content\"><!-- wp:block {\"ref\":7170} \/-->\n\n<!-- wp:details {\"style\":{\"elements\":{\"link\":{\"color\":{\"text\":\"#959595\"}}},\"color\":{\"text\":\"#959595\"}}} -->\n<details class=\"wp-block-details has-text-color has-link-color\" style=\"color:#959595\"><summary>&gt;&gt;&gt; click here for the English version<\/summary><!-- wp:paragraph -->\n<p>As part of the CMA France 2030 project \u201cL&rsquo;Acad\u00e9mie Spatiale d&rsquo;Ile-de-France\u201d (Space Academy of Ile-de-France), which coordinates 8 institutions in the Paris region (UPS, SU, ONERA, UPC, UPEC, UVSQ, IPP, PSL) in the field of space education, we are pleased to share with you this call for proposals for funding doctoral research grants, , for which <strong>24 demi-doctoral scholarships are still available<\/strong>.<\/p>\n<!-- \/wp:paragraph -->\n\n<!-- wp:paragraph -->\n<p>This AAP is aimed at researchers and teacher-researchers from laboratories attached to the Acad\u00e9mie Spatiale&rsquo;s public partner establishments, who are invited to submit doctoral project topics in accordance with the terms and conditions detailed in the framework text below.<\/p>\n<!-- \/wp:paragraph -->\n\n<!-- wp:paragraph -->\n<p>We would like to draw your attention to two specific points regarding this latest call for proposals:<\/p>\n<!-- \/wp:paragraph -->\n\n<!-- wp:list -->\n<ul class=\"wp-block-list\"><!-- wp:list-item -->\n<li>No further funding is available from the IPP and UPEC.<\/li>\n<!-- \/wp:list-item -->\n\n<!-- wp:list-item -->\n<li>The financial conditions are more restrictive.<\/li>\n<!-- \/wp:list-item --><\/ul>\n<!-- \/wp:list -->\n\n<!-- wp:columns -->\n<div class=\"wp-block-columns\"><!-- wp:column -->\n<div class=\"wp-block-column\"><!-- wp:file {\"id\":6902,\"href\":\"https:\/\/academiespatiale.fr\/wp-content\/uploads\/2025\/12\/AAP_Doctorat_2026_Cadrage_vf.pdf\",\"displayPreview\":true,\"previewHeight\":200,\"align\":\"center\"} -->\n<div class=\"wp-block-file aligncenter\"><object class=\"wp-block-file__embed\" data=\"https:\/\/academiespatiale.fr\/wp-content\/uploads\/2025\/12\/AAP_Doctorat_2026_Cadrage_vf.pdf\" type=\"application\/pdf\" style=\"width:100%;height:200px\" aria-label=\"AAP_Doctorat_2026_Cadrage_vf\"><\/object><a id=\"wp-block-file--media-cf80b282-4eb6-4a11-89da-32f1cc8109ae\" href=\"https:\/\/academiespatiale.fr\/wp-content\/uploads\/2025\/12\/AAP_Doctorat_2026_Cadrage_vf.pdf\">AAP_Doctorat_2026_Cadrage_vf<\/a><a href=\"https:\/\/academiespatiale.fr\/wp-content\/uploads\/2025\/12\/AAP_Doctorat_2026_Cadrage_vf.pdf\" class=\"wp-block-file__button wp-element-button\" download aria-describedby=\"wp-block-file--media-cf80b282-4eb6-4a11-89da-32f1cc8109ae\">Download<\/a><\/div>\n<!-- \/wp:file --><\/div>\n<!-- \/wp:column -->\n\n<!-- wp:column {\"verticalAlignment\":\"center\"} -->\n<div class=\"wp-block-column is-vertically-aligned-center\"><!-- wp:paragraph {\"align\":\"center\"} -->\n<p class=\"has-text-align-center\">&lt;- Framework document<\/p>\n<!-- \/wp:paragraph --><\/div>\n<!-- \/wp:column --><\/div>\n<!-- \/wp:columns -->\n\n<!-- wp:separator -->\n<hr class=\"wp-block-separator has-alpha-channel-opacity\" \/>\n<!-- \/wp:separator -->\n\n<!-- wp:columns -->\n<div class=\"wp-block-columns\"><!-- wp:column {\"verticalAlignment\":\"center\",\"width\":\"33.33%\"} -->\n<div class=\"wp-block-column is-vertically-aligned-center\" style=\"flex-basis:33.33%\"><!-- wp:file {\"id\":6903,\"href\":\"https:\/\/academiespatiale.fr\/wp-content\/uploads\/2025\/12\/AAP_Doctorat_2026_Formulaire_vf.pdf\",\"displayPreview\":false,\"align\":\"center\"} -->\n<div class=\"wp-block-file aligncenter\"><a id=\"wp-block-file--media-5b66985b-0f81-4f46-b7c7-328f4dcea332\" href=\"https:\/\/academiespatiale.fr\/wp-content\/uploads\/2025\/12\/AAP_Doctorat_2026_Formulaire_vf.pdf\">AAP_Doctorat_2026_Formulaire_vf<\/a><a href=\"https:\/\/academiespatiale.fr\/wp-content\/uploads\/2025\/12\/AAP_Doctorat_2026_Formulaire_vf.pdf\" class=\"wp-block-file__button wp-element-button\" download aria-describedby=\"wp-block-file--media-5b66985b-0f81-4f46-b7c7-328f4dcea332\">Download<\/a><\/div>\n<!-- \/wp:file --><\/div>\n<!-- \/wp:column -->\n\n<!-- wp:column {\"width\":\"66.66%\"} -->\n<div class=\"wp-block-column\" style=\"flex-basis:66.66%\"><!-- wp:paragraph -->\n<p>For each subject, please fill in the form beside and send it to the following generic address:<br><a href=\"mailto:theses@academiespatiale.fr\" target=\"_blank\" rel=\"noopener\" title=\"\">theses@academiespatiale.fr<\/a> <br><strong>Before January 30, 2026 (midnight, Paris time)<\/strong><\/p>\n<!-- \/wp:paragraph --><\/div>\n<!-- \/wp:column --><\/div>\n<!-- \/wp:columns -->\n\n<!-- wp:paragraph {\"align\":\"right\"} -->\n<p class=\"has-text-align-right\">Any futher information ?<br><a href=\"mailto:intmobility-academiespatiale@lisa.ipsl.fr\" target=\"_blank\" rel=\"noopener\" title=\"\">theses@academiespatiale.fr<\/a><\/p>\n<!-- \/wp:paragraph --><\/details>\n<!-- \/wp:details -->\n\n<!-- wp:separator -->\n<hr class=\"wp-block-separator has-alpha-channel-opacity\" \/>\n<!-- \/wp:separator -->\n\n<!-- wp:paragraph -->\n<p>Dans le cadre du projet CMA France 2030 \u00ab\u00a0L&rsquo;<strong>Acad\u00e9mie Spatiale d&rsquo;Ile-de-France<\/strong>\u00a0\u00bb coordonnant 8 \u00e9tablissements franciliens\u00a0(UPS, SU, ONERA, UPC, UPEC, UVSQ, IPP, PSL)\u00a0sur la formation dans le domaine du spatial, nous sommes heureux de vous partager cet appel \u00e0 projets (AAP) de financements d&rsquo;allocations de recherche doctorales pour lequel <strong>24 demi-bourses doctorales restent \u00e0 pouvoir<\/strong>.<\/p>\n<!-- \/wp:paragraph -->\n\n<!-- wp:paragraph -->\n<p>Cet AAP s\u2019adresse aux chercheurs, chercheuses, enseignantes-chercheuses et enseignants-chercheurs des laboratoires rattach\u00e9s aux \u00e9tablissements publics partenaires de l\u2019Acad\u00e9mie Spatiale qui sont invit\u00e9s \u00e0 soumettre des sujets de projets doctoraux selon les modalit\u00e9s d\u00e9taill\u00e9es dans le texte de cadrage ci-apr\u00e8s.<\/p>\n<!-- \/wp:paragraph -->\n\n<!-- wp:paragraph -->\n<p>Nous attirons votre attention sur deux points particuliers \u00e0 ce dernier appel :<\/p>\n<!-- \/wp:paragraph -->\n\n<!-- wp:list -->\n<ul class=\"wp-block-list\"><!-- wp:list-item -->\n<li>Il n&rsquo;y a plus de financement disponible \u00e0 l&rsquo;IPP et l&rsquo;UPEC.<\/li>\n<!-- \/wp:list-item -->\n\n<!-- wp:list-item -->\n<li>Les conditions de montage financier sont plus contraignantes.<\/li>\n<!-- \/wp:list-item --><\/ul>\n<!-- \/wp:list -->\n\n<!-- wp:columns -->\n<div class=\"wp-block-columns\"><!-- wp:column -->\n<div class=\"wp-block-column\"><!-- wp:file {\"id\":6902,\"href\":\"https:\/\/academiespatiale.fr\/wp-content\/uploads\/2025\/12\/AAP_Doctorat_2026_Cadrage_vf.pdf\",\"displayPreview\":true,\"previewHeight\":200,\"align\":\"center\"} -->\n<div class=\"wp-block-file aligncenter\"><object class=\"wp-block-file__embed\" data=\"https:\/\/academiespatiale.fr\/wp-content\/uploads\/2025\/12\/AAP_Doctorat_2026_Cadrage_vf.pdf\" type=\"application\/pdf\" style=\"width:100%;height:200px\" aria-label=\"AAP_Doctorat_2026_Cadrage_vf\"><\/object><a id=\"wp-block-file--media-e2ec8bed-53ef-416b-9954-5e1551ebe285\" href=\"https:\/\/academiespatiale.fr\/wp-content\/uploads\/2025\/12\/AAP_Doctorat_2026_Cadrage_vf.pdf\">AAP_Doctorat_2026_Cadrage_vf<\/a><a href=\"https:\/\/academiespatiale.fr\/wp-content\/uploads\/2025\/12\/AAP_Doctorat_2026_Cadrage_vf.pdf\" class=\"wp-block-file__button wp-element-button\" download aria-describedby=\"wp-block-file--media-e2ec8bed-53ef-416b-9954-5e1551ebe285\">T\u00e9l\u00e9charger<\/a><\/div>\n<!-- \/wp:file --><\/div>\n<!-- \/wp:column -->\n\n<!-- wp:column {\"verticalAlignment\":\"center\"} -->\n<div class=\"wp-block-column is-vertically-aligned-center\"><!-- wp:paragraph {\"align\":\"center\"} -->\n<p class=\"has-text-align-center\">&lt;- Texte de cadrage<\/p>\n<!-- \/wp:paragraph --><\/div>\n<!-- \/wp:column --><\/div>\n<!-- \/wp:columns -->\n\n<!-- wp:separator -->\n<hr class=\"wp-block-separator has-alpha-channel-opacity\" \/>\n<!-- \/wp:separator -->\n\n<!-- wp:columns -->\n<div class=\"wp-block-columns\"><!-- wp:column {\"verticalAlignment\":\"center\",\"width\":\"33.33%\"} -->\n<div class=\"wp-block-column is-vertically-aligned-center\" style=\"flex-basis:33.33%\"><!-- wp:file {\"id\":6913,\"href\":\"https:\/\/academiespatiale.fr\/wp-content\/uploads\/2025\/12\/AAP_Doctorat_2026_Formulaire_vf.docx\",\"align\":\"center\"} -->\n<div class=\"wp-block-file aligncenter\"><a id=\"wp-block-file--media-024f274c-fee7-45bf-9c88-13ac492bf290\" href=\"https:\/\/academiespatiale.fr\/wp-content\/uploads\/2025\/12\/AAP_Doctorat_2026_Formulaire_vf.docx\">AAP_Doctorat_2026_Formulaire_vf<\/a><a href=\"https:\/\/academiespatiale.fr\/wp-content\/uploads\/2025\/12\/AAP_Doctorat_2026_Formulaire_vf.docx\" class=\"wp-block-file__button wp-element-button\" download aria-describedby=\"wp-block-file--media-024f274c-fee7-45bf-9c88-13ac492bf290\">T\u00e9l\u00e9charger<\/a><\/div>\n<!-- \/wp:file --><\/div>\n<!-- \/wp:column -->\n\n<!-- wp:column {\"width\":\"66.66%\"} -->\n<div class=\"wp-block-column\" style=\"flex-basis:66.66%\"><!-- wp:paragraph -->\n<p>Pour chaque sujet, il faut remplir le formulaire ci-contre et l&rsquo;envoyer \u00e0 l\u2019adresse g\u00e9n\u00e9rique suivante :<br><a href=\"mailto:theses@academiespatiale.fr\" target=\"_blank\" rel=\"noopener\" title=\"\">theses@academiespatiale.fr<\/a> <br><strong>Avant le 30 janvier 2026 (minuit, heure de Paris)<\/strong><\/p>\n<!-- \/wp:paragraph --><\/div>\n<!-- \/wp:column --><\/div>\n<!-- \/wp:columns -->\n\n<!-- wp:paragraph {\"align\":\"right\"} -->\n<p class=\"has-text-align-right\">Besoin de pr\u00e9cisions compl\u00e9mentaires ?<br><a href=\"mailto:intmobility-academiespatiale@lisa.ipsl.fr\" target=\"_blank\" rel=\"noopener\" title=\"\">theses@academiespatiale.fr<\/a><\/p>\n<!-- \/wp:paragraph --><\/div><\/li>\n<\/ul>\n\n\n<hr class=\"wp-block-separator has-alpha-channel-opacity\"\/>\n\n\n\n<figure class=\"wp-block-image alignwide size-large\"><img loading=\"lazy\" decoding=\"async\" width=\"1024\" height=\"72\" src=\"https:\/\/academiespatiale.fr\/wp-content\/uploads\/2024\/05\/Frise_logosCMA-HD-1024x72.png\" alt=\"\" class=\"wp-image-997\" srcset=\"https:\/\/academiespatiale.fr\/wp-content\/uploads\/2024\/05\/Frise_logosCMA-HD-1024x72.png 1024w, https:\/\/academiespatiale.fr\/wp-content\/uploads\/2024\/05\/Frise_logosCMA-HD-300x21.png 300w, https:\/\/academiespatiale.fr\/wp-content\/uploads\/2024\/05\/Frise_logosCMA-HD-768x54.png 768w, https:\/\/academiespatiale.fr\/wp-content\/uploads\/2024\/05\/Frise_logosCMA-HD-1536x108.png 1536w, https:\/\/academiespatiale.fr\/wp-content\/uploads\/2024\/05\/Frise_logosCMA-HD-2048x143.png 2048w\" sizes=\"auto, (max-width: 1024px) 100vw, 1024px\" \/><\/figure>\n\n\n\n<div style=\"height:100px\" aria-hidden=\"true\" class=\"wp-block-spacer\"><\/div>\n\n\n\n<div class=\"wp-block-columns alignfull has-text-color has-link-color wp-elements-8422e2a85d9f2e5605b7dd2ae54b3e54 is-layout-flex wp-container-core-columns-is-layout-e94c545b wp-block-columns-is-layout-flex\" style=\"color:#b1b1b1;margin-top:-25px;margin-bottom:20px;padding-top:0;padding-right:0;padding-bottom:0;padding-left:60px;font-size:15px\">\n<div class=\"wp-block-column has-text-color has-link-color wp-elements-32661c60388d2123b0bf1683c717c484 is-layout-flow wp-block-column-is-layout-flow\" style=\"color:#a1a1a1;padding-top:0;padding-bottom:0;font-size:15px;font-style:normal;font-weight:100;flex-basis:100%\"><div class=\"aioseo-breadcrumbs\"><span class=\"aioseo-breadcrumb\">\n\t\t\t<a href=\"https:\/\/academiespatiale.fr\" title=\"Home\">Home<\/a>\n\t\t<\/span><span class=\"aioseo-breadcrumb-separator\">&raquo;<\/span><span class=\"aioseo-breadcrumb\">\n\t\t\t<a href=\"https:\/\/academiespatiale.fr\/index.php\/recherche\/\" title=\"Recherche\">Recherche<\/a>\n\t\t<\/span><span class=\"aioseo-breadcrumb-separator\">&raquo;<\/span><span class=\"aioseo-breadcrumb\">\n\t\t\t<a href=\"https:\/\/academiespatiale.fr\/index.php\/recherche\/ao\/\" title=\"Appels d\u2019offres\">Appels d\u2019offres<\/a>\n\t\t<\/span><span class=\"aioseo-breadcrumb-separator\">&raquo;<\/span><span class=\"aioseo-breadcrumb\">\n\t\t\tAppel \u00e0 projets doctoraux\n\t\t<\/span><\/div><\/div>\n<\/div>\n\n\n\n<p><\/p>\n","protected":false},"excerpt":{"rendered":"<p>Les appel \u00e0 projets de financements d&rsquo;allocations de recherche doctorales s&rsquo;adressent aux chercheurs, chercheuses, enseignantes-chercheuses et enseignants-chercheurs des laboratoires rattach\u00e9s aux \u00e9tablissements partenaires de l&rsquo;Acad\u00e9mie Spatiale Pour toutes questions : theses@academiespatiale.fr Appel en cours &#8211; 2026-2028 Date limite : 30 janvier 2026<\/p>\n","protected":false},"author":1,"featured_media":0,"parent":67,"menu_order":0,"comment_status":"closed","ping_status":"closed","template":"","meta":{"_monsterinsights_skip_tracking":false,"_monsterinsights_sitenote_active":false,"_monsterinsights_sitenote_note":"","_monsterinsights_sitenote_category":0,"_EventAllDay":false,"_EventTimezone":"","_EventStartDate":"","_EventEndDate":"","_EventStartDateUTC":"","_EventEndDateUTC":"","_EventShowMap":false,"_EventShowMapLink":false,"_EventURL":"","_EventCost":"","_EventCostDescription":"","_EventCurrencySymbol":"","_EventCurrencyCode":"","_EventCurrencyPosition":"","_EventDateTimeSeparator":"","_EventTimeRangeSeparator":"","_EventOrganizerID":[],"_EventVenueID":[],"_OrganizerEmail":"","_OrganizerPhone":"","_OrganizerWebsite":"","_VenueAddress":"","_VenueCity":"","_VenueCountry":"","_VenueProvince":"","_VenueState":"","_VenueZip":"","_VenuePhone":"","_VenueURL":"","_VenueStateProvince":"","_VenueLat":"","_VenueLng":"","_VenueShowMap":false,"_VenueShowMapLink":false,"footnotes":""},"class_list":["post-603","page","type-page","status-publish","hentry"],"aioseo_notices":[],"_links":{"self":[{"href":"https:\/\/academiespatiale.fr\/index.php\/wp-json\/wp\/v2\/pages\/603","targetHints":{"allow":["GET"]}}],"collection":[{"href":"https:\/\/academiespatiale.fr\/index.php\/wp-json\/wp\/v2\/pages"}],"about":[{"href":"https:\/\/academiespatiale.fr\/index.php\/wp-json\/wp\/v2\/types\/page"}],"author":[{"embeddable":true,"href":"https:\/\/academiespatiale.fr\/index.php\/wp-json\/wp\/v2\/users\/1"}],"replies":[{"embeddable":true,"href":"https:\/\/academiespatiale.fr\/index.php\/wp-json\/wp\/v2\/comments?post=603"}],"version-history":[{"count":94,"href":"https:\/\/academiespatiale.fr\/index.php\/wp-json\/wp\/v2\/pages\/603\/revisions"}],"predecessor-version":[{"id":7238,"href":"https:\/\/academiespatiale.fr\/index.php\/wp-json\/wp\/v2\/pages\/603\/revisions\/7238"}],"up":[{"embeddable":true,"href":"https:\/\/academiespatiale.fr\/index.php\/wp-json\/wp\/v2\/pages\/67"}],"wp:attachment":[{"href":"https:\/\/academiespatiale.fr\/index.php\/wp-json\/wp\/v2\/media?parent=603"}],"curies":[{"name":"wp","href":"https:\/\/api.w.org\/{rel}","templated":true}]}}