{"id":601,"date":"2024-04-16T12:42:12","date_gmt":"2024-04-16T10:42:12","guid":{"rendered":"https:\/\/academiespatiale.fr\/?page_id=601"},"modified":"2026-03-02T15:02:13","modified_gmt":"2026-03-02T14:02:13","slug":"ao-apprentissages","status":"publish","type":"page","link":"https:\/\/academiespatiale.fr\/index.php\/recherche\/ao\/ao-apprentissages\/","title":{"rendered":"Appel \u00e0 projets apprentissages"},"content":{"rendered":"\n<div class=\"wp-block-columns alignfull has-text-color has-link-color wp-elements-8422e2a85d9f2e5605b7dd2ae54b3e54 is-layout-flex wp-container-core-columns-is-layout-e94c545b wp-block-columns-is-layout-flex\" style=\"color:#b1b1b1;margin-top:-25px;margin-bottom:20px;padding-top:0;padding-right:0;padding-bottom:0;padding-left:60px;font-size:15px\">\n<div class=\"wp-block-column has-text-color has-link-color wp-elements-32661c60388d2123b0bf1683c717c484 is-layout-flow wp-block-column-is-layout-flow\" style=\"color:#a1a1a1;padding-top:0;padding-bottom:0;font-size:15px;font-style:normal;font-weight:100;flex-basis:100%\"><div class=\"aioseo-breadcrumbs\"><span class=\"aioseo-breadcrumb\">\n\t\t\t<a href=\"https:\/\/academiespatiale.fr\" title=\"Home\">Home<\/a>\n\t\t<\/span><span class=\"aioseo-breadcrumb-separator\">&raquo;<\/span><span class=\"aioseo-breadcrumb\">\n\t\t\t<a href=\"https:\/\/academiespatiale.fr\/index.php\/recherche\/\" title=\"Recherche\">Recherche<\/a>\n\t\t<\/span><span class=\"aioseo-breadcrumb-separator\">&raquo;<\/span><span class=\"aioseo-breadcrumb\">\n\t\t\t<a href=\"https:\/\/academiespatiale.fr\/index.php\/recherche\/ao\/\" title=\"Appels d\u2019offres\">Appels d\u2019offres<\/a>\n\t\t<\/span><span class=\"aioseo-breadcrumb-separator\">&raquo;<\/span><span class=\"aioseo-breadcrumb\">\n\t\t\tAppel \u00e0 projets apprentissages\n\t\t<\/span><\/div><\/div>\n<\/div>\n\n\n\n<div class=\"wp-block-columns is-layout-flex wp-container-core-columns-is-layout-28f84493 wp-block-columns-is-layout-flex\">\n<div class=\"wp-block-column is-layout-flow wp-block-column-is-layout-flow\" style=\"flex-basis:66.66%\">\n<p>La formation par l\u2019apprentissage est strat\u00e9gique pour d\u00e9velopper et f\u00e9d\u00e9rer un r\u00e9seau de professionnels du spatial en permettant aux \u00e9tudiantes et \u00e9tudiants de s\u2019int\u00e9grer dans le tissu de recherche et d\u00e9veloppement du spatial d\u00e8s leur formation initiale.<\/p>\n\n\n\n<p>Un des objectifs de l\u2019Acad\u00e9mie Spatiale est de favoriser cet apprentissage afin d\u2019am\u00e9liorer le transfert de comp\u00e9tences et de consolider la communaut\u00e9 spatiale d\u2019Ile-de-France. A ce titre, l\u2019Acad\u00e9mie dispose de plus de 75 contrats d\u2019apprentissage sur 5 ans.<\/p>\n\n\n\n<hr class=\"wp-block-separator has-alpha-channel-opacity\"\/>\n\n\n\n<div style=\"height:10px\" aria-hidden=\"true\" class=\"wp-block-spacer\"><\/div>\n\n\n\n<p>Pour toutes questions : <a href=\"mailto:alternance@academiespatiale.fr\">alternance@academiespatiale.fr<\/a><\/p>\n\n\n\n<hr class=\"wp-block-separator has-alpha-channel-opacity\"\/>\n<\/div>\n\n\n\n<div class=\"wp-block-column is-layout-flow wp-block-column-is-layout-flow\" style=\"flex-basis:33.33%\">\n<figure class=\"wp-block-image size-large\"><img loading=\"lazy\" decoding=\"async\" width=\"683\" height=\"1024\" src=\"https:\/\/academiespatiale.fr\/wp-content\/uploads\/2025\/04\/pexels-yankrukov-8199146-683x1024.jpg\" alt=\"\" class=\"wp-image-4224\" srcset=\"https:\/\/academiespatiale.fr\/wp-content\/uploads\/2025\/04\/pexels-yankrukov-8199146-683x1024.jpg 683w, https:\/\/academiespatiale.fr\/wp-content\/uploads\/2025\/04\/pexels-yankrukov-8199146-200x300.jpg 200w, https:\/\/academiespatiale.fr\/wp-content\/uploads\/2025\/04\/pexels-yankrukov-8199146-768x1152.jpg 768w, https:\/\/academiespatiale.fr\/wp-content\/uploads\/2025\/04\/pexels-yankrukov-8199146-1024x1536.jpg 1024w, https:\/\/academiespatiale.fr\/wp-content\/uploads\/2025\/04\/pexels-yankrukov-8199146-1365x2048.jpg 1365w, https:\/\/academiespatiale.fr\/wp-content\/uploads\/2025\/04\/pexels-yankrukov-8199146-scaled.jpg 1707w\" sizes=\"auto, (max-width: 683px) 100vw, 683px\" \/><\/figure>\n<\/div>\n<\/div>\n\n\n\n<h2 class=\"wp-block-heading\">Appel en cours &#8211; 2026<\/h2>\n\n\n\n<p>Date limite : 24 mars 2026<\/p>\n\n\n<ul class=\"wp-block-latest-posts__list has-dates wp-block-latest-posts\"><li><div class=\"wp-block-latest-posts__featured-image alignleft\"><img loading=\"lazy\" decoding=\"async\" width=\"300\" height=\"200\" src=\"https:\/\/academiespatiale.fr\/wp-content\/uploads\/2024\/09\/AAP_projets-apprentissages-300x200.png\" class=\"attachment-medium size-medium wp-post-image\" alt=\"\" style=\"\" srcset=\"https:\/\/academiespatiale.fr\/wp-content\/uploads\/2024\/09\/AAP_projets-apprentissages-300x200.png 300w, https:\/\/academiespatiale.fr\/wp-content\/uploads\/2024\/09\/AAP_projets-apprentissages-360x240.png 360w, https:\/\/academiespatiale.fr\/wp-content\/uploads\/2024\/09\/AAP_projets-apprentissages.png 750w\" sizes=\"auto, (max-width: 300px) 100vw, 300px\" \/><\/div><a class=\"wp-block-latest-posts__post-title\" href=\"https:\/\/academiespatiale.fr\/index.php\/2026\/03\/02\/appel-a-projets-2026-n1-financement-des-allocations-dapprentissage\/\">Appel \u00e0 projets 2026 n\u00b01 : financement des allocations d\u2019apprentissage<\/a><time datetime=\"2026-03-02T14:47:37+01:00\" class=\"wp-block-latest-posts__post-date\">2 mars 2026<\/time><div class=\"wp-block-latest-posts__post-full-content\"><!-- wp:block {\"ref\":7170} \/-->\n\n<!-- wp:separator -->\n<hr class=\"wp-block-separator has-alpha-channel-opacity\" \/>\n<!-- \/wp:separator -->\n\n<!-- wp:paragraph -->\n<p>Dans le cadre du projet CMA France 2030 \u00ab\u00a0L&rsquo;<strong>Acad\u00e9mie Spatiale d&rsquo;Ile-de-France<\/strong>\u00a0\u00bb coordonnant 8 \u00e9tablissements franciliens\u00a0(UPS, SU, ONERA, UPC, UPEC, UVSQ, IPP, PSL)\u00a0sur la formation dans le domaine du spatial, nous sommes ravis d&rsquo;annoncer le pr\u00e9sent <strong>appel \u00e0 projets concernant le financement des apprentissages r\u00e9alis\u00e9s dans les laboratoires rattach\u00e9s aux \u00e9tablissements publics partenaires de l&rsquo;Acad\u00e9mie Spatiale<\/strong>. <strong>L\u2019Acad\u00e9mie Spatiale apporte un support pour financer des bourses d\u2019apprentissage qui permettent de couvrir le salaire de l\u2019apprenti\u00b7e.<\/strong><\/p>\n<!-- \/wp:paragraph -->\n\n<!-- wp:paragraph -->\n<p>N&rsquo;h\u00e9sitez pas \u00e0 proposer un projet pour b\u00e9n\u00e9ficier de ce dispositif permettant de renforcer et valoriser\u00a0vos \u00e9quipes travaillant dans le spatial dans des m\u00e9tiers tels que l\u2019optique, l\u2019\u00e9lectronique, l\u2019informatique, etc. L\u2019apprentissage permet la formation d\u2019un \u00e9tudiant ou d\u2019une \u00e9tudiante sur le temps long \u00e0 diff\u00e9rents niveaux de qualification. Il permet aussi d\u2019impliquer les personnels d\u2019appui \u00e0 la recherche dans l\u2019encadrement et de valoriser leurs savoirs-faire.\u00a0<\/p>\n<!-- \/wp:paragraph -->\n\n<!-- wp:columns -->\n<div class=\"wp-block-columns\"><!-- wp:column -->\n<div class=\"wp-block-column\"><!-- wp:file {\"id\":8320,\"href\":\"https:\/\/academiespatiale.fr\/wp-content\/uploads\/2026\/03\/AAP_Apprentissage_2026_Cadrage_Session1.pdf\",\"displayPreview\":true,\"previewHeight\":200} -->\n<div class=\"wp-block-file\"><object class=\"wp-block-file__embed\" data=\"https:\/\/academiespatiale.fr\/wp-content\/uploads\/2026\/03\/AAP_Apprentissage_2026_Cadrage_Session1.pdf\" type=\"application\/pdf\" style=\"width:100%;height:200px\" aria-label=\"AAP_Apprentissage_2026_Cadrage_Session1\"><\/object><a id=\"wp-block-file--media-cacaf5f5-f9cd-4ac9-a22f-c63514805864\" href=\"https:\/\/academiespatiale.fr\/wp-content\/uploads\/2026\/03\/AAP_Apprentissage_2026_Cadrage_Session1.pdf\">AAP_Apprentissage_2026_Cadrage_Session1<\/a><a href=\"https:\/\/academiespatiale.fr\/wp-content\/uploads\/2026\/03\/AAP_Apprentissage_2026_Cadrage_Session1.pdf\" class=\"wp-block-file__button wp-element-button\" download aria-describedby=\"wp-block-file--media-cacaf5f5-f9cd-4ac9-a22f-c63514805864\">Texte-cadrage<\/a><\/div>\n<!-- \/wp:file --><\/div>\n<!-- \/wp:column -->\n\n<!-- wp:column {\"verticalAlignment\":\"center\"} -->\n<div class=\"wp-block-column is-vertically-aligned-center\"><!-- wp:paragraph {\"align\":\"center\"} -->\n<p class=\"has-text-align-center\">&lt;- Texte de cadrage<\/p>\n<!-- \/wp:paragraph --><\/div>\n<!-- \/wp:column --><\/div>\n<!-- \/wp:columns -->\n\n<!-- wp:separator -->\n<hr class=\"wp-block-separator has-alpha-channel-opacity\" \/>\n<!-- \/wp:separator -->\n\n<!-- wp:columns -->\n<div class=\"wp-block-columns\"><!-- wp:column {\"verticalAlignment\":\"center\",\"width\":\"33.33%\"} -->\n<div class=\"wp-block-column is-vertically-aligned-center\" style=\"flex-basis:33.33%\"><!-- wp:file {\"id\":8321,\"href\":\"https:\/\/academiespatiale.fr\/wp-content\/uploads\/2026\/03\/AAP_Apprentissage_2026_Formulaire_session-1.docx\"} -->\n<div class=\"wp-block-file\"><a id=\"wp-block-file--media-62de4758-7795-4b77-8ab5-2c60b85e1e09\" href=\"https:\/\/academiespatiale.fr\/wp-content\/uploads\/2026\/03\/AAP_Apprentissage_2026_Formulaire_session-1.docx\">AAP_Apprentissage_2026_Formulaire_session 1<\/a><a href=\"https:\/\/academiespatiale.fr\/wp-content\/uploads\/2026\/03\/AAP_Apprentissage_2026_Formulaire_session-1.docx\" class=\"wp-block-file__button wp-element-button\" download aria-describedby=\"wp-block-file--media-62de4758-7795-4b77-8ab5-2c60b85e1e09\">T\u00e9l\u00e9charger<\/a><\/div>\n<!-- \/wp:file --><\/div>\n<!-- \/wp:column -->\n\n<!-- wp:column {\"width\":\"66.66%\"} -->\n<div class=\"wp-block-column\" style=\"flex-basis:66.66%\"><!-- wp:paragraph -->\n<p>Pour chaque sujet, il faut remplir le formulaire ci-joint et l&rsquo;envoyer \u00e0 l\u2019adresse suivante : <a href=\"mailto:alternance@academiespatiale.fr\" target=\"_blank\" rel=\"noopener\" title=\"\">alternance@academiespatiale.fr<\/a><\/p>\n<!-- \/wp:paragraph -->\n\n<!-- wp:paragraph -->\n<p><strong>Au plus tard le 24 mars 2026 (Minuit, heure de Paris)<\/strong><\/p>\n<!-- \/wp:paragraph --><\/div>\n<!-- \/wp:column --><\/div>\n<!-- \/wp:columns -->\n\n<!-- wp:paragraph -->\n<p>Nous attirons votre attention sur les deux points suivants :<\/p>\n<!-- \/wp:paragraph -->\n\n<!-- wp:list {\"ordered\":true} -->\n<ol class=\"wp-block-list\"><!-- wp:list-item -->\n<li>Les financements de l\u2019Acad\u00e9mie Spatiale devront \u00eatre consomm\u00e9s obligatoirement avant\u00a0<strong>fin 2028<\/strong>. Dans le cas o\u00f9 l\u2019accueil de l\u2019apprentie ou de l\u2019apprenti se prolongerait en 2029, il est donc indispensable de disposer d\u2019un autre financement pour payer le salaire au-del\u00e0 de d\u00e9cembre 2028.<\/li>\n<!-- \/wp:list-item -->\n\n<!-- wp:list-item -->\n<li>Il n\u2019y a plus de financements disponibles pour des contrats avec l&rsquo;Institut Polytechnique de Paris, l&rsquo;Universit\u00e9 de Paris-Est Cr\u00e9teil et l&rsquo;Universit\u00e9 de Paris Sciences &amp; Lettres comme employeurs.<\/li>\n<!-- \/wp:list-item --><\/ol>\n<!-- \/wp:list -->\n\n<!-- wp:paragraph {\"align\":\"right\"} -->\n<p class=\"has-text-align-right\">Besoin de pr\u00e9cisions compl\u00e9mentaires ?<br><a href=\"mailto:alternance@academiespatiale.fr\" target=\"_blank\" rel=\"noopener\" title=\"\">alternance@academiespatiale.fr<\/a><\/p>\n<!-- \/wp:paragraph -->\n\n<!-- wp:paragraph -->\n<p><\/p>\n<!-- \/wp:paragraph --><\/div><\/li>\n<\/ul>\n\n\n<hr class=\"wp-block-separator has-alpha-channel-opacity\"\/>\n\n\n\n<figure class=\"wp-block-image alignwide size-large\"><img loading=\"lazy\" decoding=\"async\" width=\"1024\" height=\"72\" src=\"https:\/\/academiespatiale.fr\/wp-content\/uploads\/2024\/05\/Frise_logosCMA-HD-1024x72.png\" alt=\"\" class=\"wp-image-997\" srcset=\"https:\/\/academiespatiale.fr\/wp-content\/uploads\/2024\/05\/Frise_logosCMA-HD-1024x72.png 1024w, https:\/\/academiespatiale.fr\/wp-content\/uploads\/2024\/05\/Frise_logosCMA-HD-300x21.png 300w, https:\/\/academiespatiale.fr\/wp-content\/uploads\/2024\/05\/Frise_logosCMA-HD-768x54.png 768w, https:\/\/academiespatiale.fr\/wp-content\/uploads\/2024\/05\/Frise_logosCMA-HD-1536x108.png 1536w, https:\/\/academiespatiale.fr\/wp-content\/uploads\/2024\/05\/Frise_logosCMA-HD-2048x143.png 2048w\" sizes=\"auto, (max-width: 1024px) 100vw, 1024px\" \/><\/figure>\n\n\n\n<div style=\"height:100px\" aria-hidden=\"true\" class=\"wp-block-spacer\"><\/div>\n\n\n\n<div class=\"wp-block-columns alignfull has-text-color has-link-color wp-elements-8422e2a85d9f2e5605b7dd2ae54b3e54 is-layout-flex wp-container-core-columns-is-layout-e94c545b wp-block-columns-is-layout-flex\" style=\"color:#b1b1b1;margin-top:-25px;margin-bottom:20px;padding-top:0;padding-right:0;padding-bottom:0;padding-left:60px;font-size:15px\">\n<div class=\"wp-block-column has-text-color has-link-color wp-elements-32661c60388d2123b0bf1683c717c484 is-layout-flow wp-block-column-is-layout-flow\" style=\"color:#a1a1a1;padding-top:0;padding-bottom:0;font-size:15px;font-style:normal;font-weight:100;flex-basis:100%\"><div class=\"aioseo-breadcrumbs\"><span class=\"aioseo-breadcrumb\">\n\t\t\t<a href=\"https:\/\/academiespatiale.fr\" title=\"Home\">Home<\/a>\n\t\t<\/span><span class=\"aioseo-breadcrumb-separator\">&raquo;<\/span><span class=\"aioseo-breadcrumb\">\n\t\t\t<a href=\"https:\/\/academiespatiale.fr\/index.php\/recherche\/\" title=\"Recherche\">Recherche<\/a>\n\t\t<\/span><span class=\"aioseo-breadcrumb-separator\">&raquo;<\/span><span class=\"aioseo-breadcrumb\">\n\t\t\t<a href=\"https:\/\/academiespatiale.fr\/index.php\/recherche\/ao\/\" title=\"Appels d\u2019offres\">Appels d\u2019offres<\/a>\n\t\t<\/span><span class=\"aioseo-breadcrumb-separator\">&raquo;<\/span><span class=\"aioseo-breadcrumb\">\n\t\t\tAppel \u00e0 projets apprentissages\n\t\t<\/span><\/div><\/div>\n<\/div>\n","protected":false},"excerpt":{"rendered":"<p>La formation par l\u2019apprentissage est strat\u00e9gique pour d\u00e9velopper et f\u00e9d\u00e9rer un r\u00e9seau de professionnels du spatial en permettant aux \u00e9tudiantes et \u00e9tudiants de s\u2019int\u00e9grer dans le tissu de recherche et d\u00e9veloppement du spatial d\u00e8s leur formation initiale. Un des objectifs de l\u2019Acad\u00e9mie Spatiale est de favoriser cet apprentissage afin d\u2019am\u00e9liorer [&hellip;]<\/p>\n","protected":false},"author":1,"featured_media":3444,"parent":67,"menu_order":0,"comment_status":"closed","ping_status":"closed","template":"","meta":{"_monsterinsights_skip_tracking":false,"_monsterinsights_sitenote_active":false,"_monsterinsights_sitenote_note":"","_monsterinsights_sitenote_category":0,"_EventAllDay":false,"_EventTimezone":"","_EventStartDate":"","_EventEndDate":"","_EventStartDateUTC":"","_EventEndDateUTC":"","_EventShowMap":false,"_EventShowMapLink":false,"_EventURL":"","_EventCost":"","_EventCostDescription":"","_EventCurrencySymbol":"","_EventCurrencyCode":"","_EventCurrencyPosition":"","_EventDateTimeSeparator":"","_EventTimeRangeSeparator":"","_EventOrganizerID":[],"_EventVenueID":[],"_OrganizerEmail":"","_OrganizerPhone":"","_OrganizerWebsite":"","_VenueAddress":"","_VenueCity":"","_VenueCountry":"","_VenueProvince":"","_VenueState":"","_VenueZip":"","_VenuePhone":"","_VenueURL":"","_VenueStateProvince":"","_VenueLat":"","_VenueLng":"","_VenueShowMap":false,"_VenueShowMapLink":false,"footnotes":""},"class_list":["post-601","page","type-page","status-publish","has-post-thumbnail","hentry"],"aioseo_notices":[],"_links":{"self":[{"href":"https:\/\/academiespatiale.fr\/index.php\/wp-json\/wp\/v2\/pages\/601","targetHints":{"allow":["GET"]}}],"collection":[{"href":"https:\/\/academiespatiale.fr\/index.php\/wp-json\/wp\/v2\/pages"}],"about":[{"href":"https:\/\/academiespatiale.fr\/index.php\/wp-json\/wp\/v2\/types\/page"}],"author":[{"embeddable":true,"href":"https:\/\/academiespatiale.fr\/index.php\/wp-json\/wp\/v2\/users\/1"}],"replies":[{"embeddable":true,"href":"https:\/\/academiespatiale.fr\/index.php\/wp-json\/wp\/v2\/comments?post=601"}],"version-history":[{"count":17,"href":"https:\/\/academiespatiale.fr\/index.php\/wp-json\/wp\/v2\/pages\/601\/revisions"}],"predecessor-version":[{"id":8325,"href":"https:\/\/academiespatiale.fr\/index.php\/wp-json\/wp\/v2\/pages\/601\/revisions\/8325"}],"up":[{"embeddable":true,"href":"https:\/\/academiespatiale.fr\/index.php\/wp-json\/wp\/v2\/pages\/67"}],"wp:featuredmedia":[{"embeddable":true,"href":"https:\/\/academiespatiale.fr\/index.php\/wp-json\/wp\/v2\/media\/3444"}],"wp:attachment":[{"href":"https:\/\/academiespatiale.fr\/index.php\/wp-json\/wp\/v2\/media?parent=601"}],"curies":[{"name":"wp","href":"https:\/\/api.w.org\/{rel}","templated":true}]}}