{"id":563,"date":"2024-04-12T15:01:56","date_gmt":"2024-04-12T13:01:56","guid":{"rendered":"https:\/\/academiespatiale.fr\/?page_id=563"},"modified":"2025-12-19T17:00:55","modified_gmt":"2025-12-19T16:00:55","slug":"france-2030","status":"publish","type":"page","link":"https:\/\/academiespatiale.fr\/index.php\/a-propos\/france-2030\/","title":{"rendered":"France 2030"},"content":{"rendered":"\n<div class=\"wp-block-columns alignfull has-text-color has-link-color wp-elements-8422e2a85d9f2e5605b7dd2ae54b3e54 is-layout-flex wp-container-core-columns-is-layout-e94c545b wp-block-columns-is-layout-flex\" style=\"color:#b1b1b1;margin-top:-25px;margin-bottom:20px;padding-top:0;padding-right:0;padding-bottom:0;padding-left:60px;font-size:15px\">\n<div class=\"wp-block-column has-text-color has-link-color wp-elements-32661c60388d2123b0bf1683c717c484 is-layout-flow wp-block-column-is-layout-flow\" style=\"color:#a1a1a1;padding-top:0;padding-bottom:0;font-size:15px;font-style:normal;font-weight:100;flex-basis:100%\"><div class=\"aioseo-breadcrumbs\"><span class=\"aioseo-breadcrumb\">\n\t\t\t<a href=\"https:\/\/academiespatiale.fr\" title=\"Home\">Home<\/a>\n\t\t<\/span><span class=\"aioseo-breadcrumb-separator\">&raquo;<\/span><span class=\"aioseo-breadcrumb\">\n\t\t\t<a href=\"https:\/\/academiespatiale.fr\/index.php\/a-propos\/\" title=\"\u00c0 propos de l\u2019Acad\u00e9mie Spatiale d\u2019IDF\">\u00c0 propos de l\u2019Acad\u00e9mie Spatiale d\u2019IDF<\/a>\n\t\t<\/span><span class=\"aioseo-breadcrumb-separator\">&raquo;<\/span><span class=\"aioseo-breadcrumb\">\n\t\t\tFrance 2030\n\t\t<\/span><\/div><\/div>\n<\/div>\n\n\n\n<p>L&rsquo;Acad\u00e9mie Spatiale d&rsquo;\u00cele-de-France, laur\u00e9at du dispositif \u00ab\u00a0Comp\u00e9tences et M\u00e9tiers d&rsquo;Avenir\u00a0\u00bb (CMA) de France 2030, est un projet ayant pour objectif de f\u00e9d\u00e9rer et animer les activit\u00e9s de formation en \u00cele-de-France ainsi que de cr\u00e9er une communaut\u00e9 regroupant les professionnel\u00b7les de l&rsquo;espace.<\/p>\n\n\n\n<hr class=\"wp-block-separator has-css-opacity is-style-default\"\/>\n\n\n<div class=\"wp-block-image is-style-rounded\">\n<figure class=\"aligncenter size-full is-resized\"><img loading=\"lazy\" decoding=\"async\" width=\"602\" height=\"348\" src=\"https:\/\/academiespatiale.fr\/wp-content\/uploads\/2024\/04\/France2030_fond.jpg\" alt=\"\" class=\"wp-image-332\" style=\"aspect-ratio:1;object-fit:cover;width:150px\" srcset=\"https:\/\/academiespatiale.fr\/wp-content\/uploads\/2024\/04\/France2030_fond.jpg 602w, https:\/\/academiespatiale.fr\/wp-content\/uploads\/2024\/04\/France2030_fond-300x173.jpg 300w\" sizes=\"auto, (max-width: 602px) 100vw, 602px\" \/><\/figure>\n<\/div>\n\n\n<blockquote class=\"wp-block-quote has-text-align-right is-style-large has-small-font-size is-layout-flow wp-block-quote-is-layout-flow\">\n<div style=\"height:30px\" aria-hidden=\"true\" class=\"wp-block-spacer\"><\/div>\n\n\n\n<p class=\"has-text-align-center has-medium-font-size\">\u00ab\u00a0Prendre toute notre part \u00e0 la nouvelle aventure spatiale\u00a0\u00bb<\/p>\n<cite>\u2014 <em>France 2030, objectif n\u00b09<\/em><\/cite><\/blockquote>\n\n\n\n<hr class=\"wp-block-separator has-css-opacity is-style-default\"\/>\n\n\n\n<div style=\"height:29px\" aria-hidden=\"true\" class=\"wp-block-spacer\"><\/div>\n\n\n\n<div class=\"wp-block-columns is-layout-flex wp-container-core-columns-is-layout-28f84493 wp-block-columns-is-layout-flex\">\n<div class=\"wp-block-column is-layout-flow wp-block-column-is-layout-flow\">\n<p class=\"has-small-font-size\">Le&nbsp;plan \u00ab France 2030 \u00bb,&nbsp;dot\u00e9 de&nbsp;<strong>54&nbsp;milliards d\u2019euros d\u00e9ploy\u00e9s sur 5 ans<\/strong>, vise \u00e0 d\u00e9velopper la comp\u00e9titivit\u00e9 industrielle et les technologies d\u2019avenir,&nbsp;dont la moiti\u00e9 des financements sont destin\u00e9s \u00e0 des acteurs \u00e9mergents, et la moiti\u00e9 aux actions de d\u00e9carbonation. Il poursuit 10 objectifs pour mieux comprendre, mieux vivre et mieux produire, \u00e0 l\u2019horizon 2030. <\/p>\n<\/div>\n\n\n\n<div class=\"wp-block-column is-layout-flow wp-block-column-is-layout-flow\">\n<p class=\"has-small-font-size\">Ce plan d\u2019investissement s\u2019inscrit dans la lign\u00e9e du&nbsp;plan France Relance. Il doit permettre de<strong>&nbsp;rattraper le retard de la France dans certains secteurs<\/strong>&nbsp;historiques. Il vise aussi la&nbsp;<strong>cr\u00e9ation de nouvelles fili\u00e8res industrielles et technologiques.<\/strong><br><\/p>\n<\/div>\n<\/div>\n\n\n\n<p class=\"has-text-align-center has-background-color-background-color has-background\"><a href=\"https:\/\/www.enseignementsup-recherche.gouv.fr\/fr\/competences-et-metiers-d-avenir-la-ministre-de-l-enseignement-superieur-et-de-la-recherche-devoile-91322\" target=\"_blank\" rel=\"noopener\" title=\"\">Voir le communiqu\u00e9 de presse<\/a><\/p>\n\n\n\n<div style=\"height:30px\" aria-hidden=\"true\" class=\"wp-block-spacer\"><\/div>\n\n\n\n<div class=\"wp-block-columns alignfull has-text-color has-link-color wp-elements-8422e2a85d9f2e5605b7dd2ae54b3e54 is-layout-flex wp-container-core-columns-is-layout-e94c545b wp-block-columns-is-layout-flex\" style=\"color:#b1b1b1;margin-top:-25px;margin-bottom:20px;padding-top:0;padding-right:0;padding-bottom:0;padding-left:60px;font-size:15px\">\n<div class=\"wp-block-column has-text-color has-link-color wp-elements-32661c60388d2123b0bf1683c717c484 is-layout-flow wp-block-column-is-layout-flow\" style=\"color:#a1a1a1;padding-top:0;padding-bottom:0;font-size:15px;font-style:normal;font-weight:100;flex-basis:100%\"><div class=\"aioseo-breadcrumbs\"><span class=\"aioseo-breadcrumb\">\n\t\t\t<a href=\"https:\/\/academiespatiale.fr\" title=\"Home\">Home<\/a>\n\t\t<\/span><span class=\"aioseo-breadcrumb-separator\">&raquo;<\/span><span class=\"aioseo-breadcrumb\">\n\t\t\t<a href=\"https:\/\/academiespatiale.fr\/index.php\/a-propos\/\" title=\"\u00c0 propos de l\u2019Acad\u00e9mie Spatiale d\u2019IDF\">\u00c0 propos de l\u2019Acad\u00e9mie Spatiale d\u2019IDF<\/a>\n\t\t<\/span><span class=\"aioseo-breadcrumb-separator\">&raquo;<\/span><span class=\"aioseo-breadcrumb\">\n\t\t\tFrance 2030\n\t\t<\/span><\/div><\/div>\n<\/div>\n","protected":false},"excerpt":{"rendered":"<p>L&rsquo;Acad\u00e9mie Spatiale d&rsquo;\u00cele-de-France, laur\u00e9at du dispositif \u00ab\u00a0Comp\u00e9tences et M\u00e9tiers d&rsquo;Avenir\u00a0\u00bb (CMA) de France 2030, est un projet ayant pour objectif de f\u00e9d\u00e9rer et animer les activit\u00e9s de formation en \u00cele-de-France ainsi que de cr\u00e9er une communaut\u00e9 regroupant les professionnel\u00b7les de l&rsquo;espace. Le&nbsp;plan \u00ab France 2030 \u00bb,&nbsp;dot\u00e9 de&nbsp;54&nbsp;milliards d\u2019euros d\u00e9ploy\u00e9s sur [&hellip;]<\/p>\n","protected":false},"author":1,"featured_media":0,"parent":61,"menu_order":0,"comment_status":"closed","ping_status":"closed","template":"","meta":{"_monsterinsights_skip_tracking":false,"_monsterinsights_sitenote_active":false,"_monsterinsights_sitenote_note":"","_monsterinsights_sitenote_category":0,"_EventAllDay":false,"_EventTimezone":"","_EventStartDate":"","_EventEndDate":"","_EventStartDateUTC":"","_EventEndDateUTC":"","_EventShowMap":false,"_EventShowMapLink":false,"_EventURL":"","_EventCost":"","_EventCostDescription":"","_EventCurrencySymbol":"","_EventCurrencyCode":"","_EventCurrencyPosition":"","_EventDateTimeSeparator":"","_EventTimeRangeSeparator":"","_EventOrganizerID":[],"_EventVenueID":[],"_OrganizerEmail":"","_OrganizerPhone":"","_OrganizerWebsite":"","_VenueAddress":"","_VenueCity":"","_VenueCountry":"","_VenueProvince":"","_VenueState":"","_VenueZip":"","_VenuePhone":"","_VenueURL":"","_VenueStateProvince":"","_VenueLat":"","_VenueLng":"","_VenueShowMap":false,"_VenueShowMapLink":false,"footnotes":""},"class_list":["post-563","page","type-page","status-publish","hentry"],"aioseo_notices":[],"_links":{"self":[{"href":"https:\/\/academiespatiale.fr\/index.php\/wp-json\/wp\/v2\/pages\/563","targetHints":{"allow":["GET"]}}],"collection":[{"href":"https:\/\/academiespatiale.fr\/index.php\/wp-json\/wp\/v2\/pages"}],"about":[{"href":"https:\/\/academiespatiale.fr\/index.php\/wp-json\/wp\/v2\/types\/page"}],"author":[{"embeddable":true,"href":"https:\/\/academiespatiale.fr\/index.php\/wp-json\/wp\/v2\/users\/1"}],"replies":[{"embeddable":true,"href":"https:\/\/academiespatiale.fr\/index.php\/wp-json\/wp\/v2\/comments?post=563"}],"version-history":[{"count":2,"href":"https:\/\/academiespatiale.fr\/index.php\/wp-json\/wp\/v2\/pages\/563\/revisions"}],"predecessor-version":[{"id":7205,"href":"https:\/\/academiespatiale.fr\/index.php\/wp-json\/wp\/v2\/pages\/563\/revisions\/7205"}],"up":[{"embeddable":true,"href":"https:\/\/academiespatiale.fr\/index.php\/wp-json\/wp\/v2\/pages\/61"}],"wp:attachment":[{"href":"https:\/\/academiespatiale.fr\/index.php\/wp-json\/wp\/v2\/media?parent=563"}],"curies":[{"name":"wp","href":"https:\/\/api.w.org\/{rel}","templated":true}]}}

<div class="wp-block-columns alignfull has-text-color has-link-color wp-elements-8422e2a85d9f2e5605b7dd2ae54b3e54 is-layout-flex wp-container-core-columns-is-layout-e94c545b wp-block-columns-is-layout-flex" style="color:#b1b1b1;margin-top:-25px;margin-bottom:20px;padding-top:0;padding-right:0;padding-bottom:0;padding-left:60px;font-size:15px">
<div class="wp-block-column has-text-color has-link-color wp-elements-32661c60388d2123b0bf1683c717c484 is-layout-flow wp-block-column-is-layout-flow" style="color:#a1a1a1;padding-top:0;padding-bottom:0;font-size:15px;font-style:normal;font-weight:100;flex-basis:100%"><div class="aioseo-breadcrumbs"><span class="aioseo-breadcrumb">
			<a href="https://academiespatiale.fr" title="Home">Home</a>
		</span><span class="aioseo-breadcrumb-separator">&raquo;</span><span class="aioseo-breadcrumb">
			<a href="https://academiespatiale.fr/index.php/a-propos/" title="À propos de l’Académie Spatiale d’IDF">À propos de l’Académie Spatiale d’IDF</a>
		</span><span class="aioseo-breadcrumb-separator">&raquo;</span><span class="aioseo-breadcrumb">
			France 2030
		</span></div></div>
</div>



<p>L&rsquo;Académie Spatiale d&rsquo;Île-de-France, lauréat du dispositif « Compétences et Métiers d&rsquo;Avenir » (CMA) de France 2030, est un projet ayant pour objectif de fédérer et animer les activités de formation en Île-de-France ainsi que de créer une communauté regroupant les professionnel·les de l&rsquo;espace.</p>



<hr class="wp-block-separator has-css-opacity is-style-default"/>


<div class="wp-block-image is-style-rounded">
<figure class="aligncenter size-full is-resized"><img loading="lazy" decoding="async" width="602" height="348" src="https://academiespatiale.fr/wp-content/uploads/2024/04/France2030_fond.jpg" alt="" class="wp-image-332" style="aspect-ratio:1;object-fit:cover;width:150px" srcset="https://academiespatiale.fr/wp-content/uploads/2024/04/France2030_fond.jpg 602w, https://academiespatiale.fr/wp-content/uploads/2024/04/France2030_fond-300x173.jpg 300w" sizes="auto, (max-width: 602px) 100vw, 602px" /></figure>
</div>


<blockquote class="wp-block-quote has-text-align-right is-style-large has-small-font-size is-layout-flow wp-block-quote-is-layout-flow">
<div style="height:30px" aria-hidden="true" class="wp-block-spacer"></div>



<p class="has-text-align-center has-medium-font-size">« Prendre toute notre part à la nouvelle aventure spatiale »</p>
<cite>— <em>France 2030, objectif n°9</em></cite></blockquote>



<hr class="wp-block-separator has-css-opacity is-style-default"/>



<div style="height:29px" aria-hidden="true" class="wp-block-spacer"></div>



<div class="wp-block-columns is-layout-flex wp-container-core-columns-is-layout-28f84493 wp-block-columns-is-layout-flex">
<div class="wp-block-column is-layout-flow wp-block-column-is-layout-flow">
<p class="has-small-font-size">Le&nbsp;plan « France 2030 »,&nbsp;doté de&nbsp;<strong>54&nbsp;milliards d’euros déployés sur 5 ans</strong>, vise à développer la compétitivité industrielle et les technologies d’avenir,&nbsp;dont la moitié des financements sont destinés à des acteurs émergents, et la moitié aux actions de décarbonation. Il poursuit 10 objectifs pour mieux comprendre, mieux vivre et mieux produire, à l’horizon 2030. </p>
</div>



<div class="wp-block-column is-layout-flow wp-block-column-is-layout-flow">
<p class="has-small-font-size">Ce plan d’investissement s’inscrit dans la lignée du&nbsp;plan France Relance. Il doit permettre de<strong>&nbsp;rattraper le retard de la France dans certains secteurs</strong>&nbsp;historiques. Il vise aussi la&nbsp;<strong>création de nouvelles filières industrielles et technologiques.</strong><br></p>
</div>
</div>



<p class="has-text-align-center has-background-color-background-color has-background"><a href="https://www.enseignementsup-recherche.gouv.fr/fr/competences-et-metiers-d-avenir-la-ministre-de-l-enseignement-superieur-et-de-la-recherche-devoile-91322" target="_blank" rel="noopener" title="">Voir le communiqué de presse</a></p>



<div style="height:30px" aria-hidden="true" class="wp-block-spacer"></div>



<div class="wp-block-columns alignfull has-text-color has-link-color wp-elements-8422e2a85d9f2e5605b7dd2ae54b3e54 is-layout-flex wp-container-core-columns-is-layout-e94c545b wp-block-columns-is-layout-flex" style="color:#b1b1b1;margin-top:-25px;margin-bottom:20px;padding-top:0;padding-right:0;padding-bottom:0;padding-left:60px;font-size:15px">
<div class="wp-block-column has-text-color has-link-color wp-elements-32661c60388d2123b0bf1683c717c484 is-layout-flow wp-block-column-is-layout-flow" style="color:#a1a1a1;padding-top:0;padding-bottom:0;font-size:15px;font-style:normal;font-weight:100;flex-basis:100%"><div class="aioseo-breadcrumbs"><span class="aioseo-breadcrumb">
			<a href="https://academiespatiale.fr" title="Home">Home</a>
		</span><span class="aioseo-breadcrumb-separator">&raquo;</span><span class="aioseo-breadcrumb">
			<a href="https://academiespatiale.fr/index.php/a-propos/" title="À propos de l’Académie Spatiale d’IDF">À propos de l’Académie Spatiale d’IDF</a>
		</span><span class="aioseo-breadcrumb-separator">&raquo;</span><span class="aioseo-breadcrumb">
			France 2030
		</span></div></div>
</div>

<p>L&rsquo;Académie Spatiale d&rsquo;Île-de-France, lauréat du dispositif « Compétences et Métiers d&rsquo;Avenir » (CMA) de France 2030, est un projet ayant pour objectif de fédérer et animer les activités de formation en Île-de-France ainsi que de créer une communauté regroupant les professionnel·les de l&rsquo;espace. Le&nbsp;plan « France 2030 »,&nbsp;doté de&nbsp;54&nbsp;milliards d’euros déployés sur [&hellip;]</p>
