{"id":4643,"date":"2025-05-12T16:01:02","date_gmt":"2025-05-12T14:01:02","guid":{"rendered":"https:\/\/academiespatiale.fr\/?page_id=4643"},"modified":"2025-12-18T18:26:21","modified_gmt":"2025-12-18T17:26:21","slug":"autres-ecoles-thematiques","status":"publish","type":"page","link":"https:\/\/academiespatiale.fr\/index.php\/formations\/ecole-dete\/autres-ecoles-thematiques\/","title":{"rendered":"Autres \u00e9coles th\u00e9matiques"},"content":{"rendered":"\n<div class=\"wp-block-columns alignfull has-text-color has-link-color wp-elements-8422e2a85d9f2e5605b7dd2ae54b3e54 is-layout-flex wp-container-core-columns-is-layout-e94c545b wp-block-columns-is-layout-flex\" style=\"color:#b1b1b1;margin-top:-25px;margin-bottom:20px;padding-top:0;padding-right:0;padding-bottom:0;padding-left:60px;font-size:15px\">\n<div class=\"wp-block-column has-text-color has-link-color wp-elements-32661c60388d2123b0bf1683c717c484 is-layout-flow wp-block-column-is-layout-flow\" style=\"color:#a1a1a1;padding-top:0;padding-bottom:0;font-size:15px;font-style:normal;font-weight:100;flex-basis:100%\"><div class=\"aioseo-breadcrumbs\"><span class=\"aioseo-breadcrumb\">\n\t\t\t<a href=\"https:\/\/academiespatiale.fr\" title=\"Home\">Home<\/a>\n\t\t<\/span><span class=\"aioseo-breadcrumb-separator\">&raquo;<\/span><span class=\"aioseo-breadcrumb\">\n\t\t\t<a href=\"https:\/\/academiespatiale.fr\/index.php\/formations\/\" title=\"Formations &amp; m\u00e9tiers\">Formations &amp; m\u00e9tiers<\/a>\n\t\t<\/span><span class=\"aioseo-breadcrumb-separator\">&raquo;<\/span><span class=\"aioseo-breadcrumb\">\n\t\t\t<a href=\"https:\/\/academiespatiale.fr\/index.php\/formations\/ecole-dete\/\" title=\"\u00c9coles d\u2019\u00e9t\u00e9 et d\u2019hiver\">\u00c9coles d\u2019\u00e9t\u00e9 et d\u2019hiver<\/a>\n\t\t<\/span><span class=\"aioseo-breadcrumb-separator\">&raquo;<\/span><span class=\"aioseo-breadcrumb\">\n\t\t\tAutres \u00e9coles th\u00e9matiques\n\t\t<\/span><\/div><\/div>\n<\/div>\n\n\n\n<p>D\u00e9couvrez ici les \u00e9coles th\u00e9matiques propos\u00e9es par nos partenaires, ainsi que celles pour lesquelles l&rsquo;Acad\u00e9mie Spatiale d&rsquo;IDF a pris part, notamment par l\u2019envoi de nos \u00e9tudiantes et \u00e9tudiants.<\/p>\n\n\n\n<hr class=\"wp-block-separator has-alpha-channel-opacity\"\/>\n\n\n\n<p class=\"has-text-align-center\">Voir les \u00e9coles th\u00e9matiques organis\u00e9es par l&rsquo;Acad\u00e9mie Spatiale d&rsquo;IDF<br>&gt; <a href=\"https:\/\/academiespatiale.fr\/index.php\/ecole-dete\/\">\u00c9coles d\u2019\u00e9t\u00e9 et d\u2019hiver &#8211; Acad\u00e9mie Spatiale d&rsquo;IDF<\/a> &lt;<\/p>\n\n\n\n<hr class=\"wp-block-separator has-alpha-channel-opacity\"\/>\n\n\n\n<div style=\"height:50px\" aria-hidden=\"true\" class=\"wp-block-spacer\"><\/div>\n\n\n\n<div class=\"wp-block-columns are-vertically-aligned-top is-layout-flex wp-container-core-columns-is-layout-28f84493 wp-block-columns-is-layout-flex\">\n<div class=\"wp-block-column is-vertically-aligned-top is-layout-flow wp-block-column-is-layout-flow\" style=\"flex-basis:33.33%\">\n<figure class=\"wp-block-image size-full\"><a href=\"https:\/\/academiespatiale.fr\/index.php\/ecole-dete\/autres-ecoles-thematiques\/visite-de-lesoc-et-deumetsat\/\"><img loading=\"lazy\" decoding=\"async\" width=\"750\" height=\"500\" src=\"https:\/\/academiespatiale.fr\/wp-content\/uploads\/2025\/05\/Darmstadt2025.png\" alt=\"\" class=\"wp-image-4689\" srcset=\"https:\/\/academiespatiale.fr\/wp-content\/uploads\/2025\/05\/Darmstadt2025.png 750w, https:\/\/academiespatiale.fr\/wp-content\/uploads\/2025\/05\/Darmstadt2025-300x200.png 300w, https:\/\/academiespatiale.fr\/wp-content\/uploads\/2025\/05\/Darmstadt2025-360x240.png 360w\" sizes=\"auto, (max-width: 750px) 100vw, 750px\" \/><\/a><\/figure>\n<\/div>\n\n\n\n<div class=\"wp-block-column is-vertically-aligned-top is-layout-flow wp-block-column-is-layout-flow\" style=\"flex-basis:66.66%\">\n<h5 class=\"wp-block-heading\">Darmstadt 2025 &#8211; Visite de l&rsquo;ESOC (ESA) et EUMETSAT<\/h5>\n\n\n\n<p><em>janvier 2025<\/em><br>D\u00e9couverte des activit\u00e9s op\u00e9rationnelles des agences spatiales europ\u00e9ennes ESOC (centre des op\u00e9rations de l&rsquo;ESA) et EUMETSAT pour les \u00e9tudiant\u00b7es des masters TGAE, FRS et IOS.<\/p>\n<\/div>\n<\/div>\n\n\n\n<p class=\"has-background-color-background-color has-background\">En savoir plus : <a href=\"https:\/\/academiespatiale.fr\/index.php\/ecole-dete\/autres-ecoles-thematiques\/visite-de-lesoc-et-deumetsat\/\">Darmstadt 2025 &#8211; Visite de l\u2019ESOC \/ ESA et EUMETSAT<\/a><\/p>\n\n\n\n<div style=\"height:20px\" aria-hidden=\"true\" class=\"wp-block-spacer\"><\/div>\n\n\n\n<hr class=\"wp-block-separator has-alpha-channel-opacity\"\/>\n\n\n\n<div style=\"height:20px\" aria-hidden=\"true\" class=\"wp-block-spacer\"><\/div>\n\n\n\n<div class=\"wp-block-columns are-vertically-aligned-top is-layout-flex wp-container-core-columns-is-layout-28f84493 wp-block-columns-is-layout-flex\">\n<div class=\"wp-block-column is-vertically-aligned-top is-layout-flow wp-block-column-is-layout-flow\" style=\"flex-basis:66.66%\">\n<h5 class=\"wp-block-heading\">VSEO4 : Vietnam School of Earth Observation, 4<sup>e<\/sup> \u00e9dition<\/h5>\n\n\n\n<p><em>Septembre 2024<\/em><br>Organis\u00e9e dans le cadre des Rencontres du Vietnam pour explorer la g\u00e9n\u00e9ration de mod\u00e8les num\u00e9riques d\u2019\u00e9l\u00e9vation (MNE) \u00e0 l\u2019aide de donn\u00e9es de t\u00e9l\u00e9d\u00e9tection<\/p>\n<\/div>\n\n\n\n<div class=\"wp-block-column is-vertically-aligned-top is-layout-flow wp-block-column-is-layout-flow\" style=\"flex-basis:33.33%\">\n<figure class=\"wp-block-image size-full\"><a href=\"https:\/\/academiespatiale.fr\/index.php\/ecole-dete\/vseo-4-vietnam-school-of-earth-observation\/\"><img loading=\"lazy\" decoding=\"async\" width=\"750\" height=\"500\" src=\"https:\/\/academiespatiale.fr\/wp-content\/uploads\/2024\/10\/VSEO4-3.png\" alt=\"\" class=\"wp-image-1949\" srcset=\"https:\/\/academiespatiale.fr\/wp-content\/uploads\/2024\/10\/VSEO4-3.png 750w, https:\/\/academiespatiale.fr\/wp-content\/uploads\/2024\/10\/VSEO4-3-300x200.png 300w, https:\/\/academiespatiale.fr\/wp-content\/uploads\/2024\/10\/VSEO4-3-360x240.png 360w\" sizes=\"auto, (max-width: 750px) 100vw, 750px\" \/><\/a><\/figure>\n<\/div>\n<\/div>\n\n\n\n<p class=\"has-background-color-background-color has-background\">En savoir plus : <a href=\"https:\/\/academiespatiale.fr\/index.php\/ecole-dete\/vseo-4-vietnam-school-of-earth-observation\/\">VSEO 4 \u2013 Vietnam School of Earth Observation<\/a><\/p>\n\n\n\n<div style=\"height:20px\" aria-hidden=\"true\" class=\"wp-block-spacer\"><\/div>\n\n\n\n<hr class=\"wp-block-separator has-alpha-channel-opacity\"\/>\n\n\n\n<div style=\"height:20px\" aria-hidden=\"true\" class=\"wp-block-spacer\"><\/div>\n\n\n\n<div class=\"wp-block-columns are-vertically-aligned-top is-layout-flex wp-container-core-columns-is-layout-28f84493 wp-block-columns-is-layout-flex\">\n<div class=\"wp-block-column is-vertically-aligned-top is-layout-flow wp-block-column-is-layout-flow\" style=\"flex-basis:33.33%\">\n<figure class=\"wp-block-image size-full\"><a href=\"https:\/\/academiespatiale.fr\/index.php\/ecole-dete\/esa-earth-system-science-hub-workshop\/\"><img loading=\"lazy\" decoding=\"async\" width=\"750\" height=\"500\" src=\"https:\/\/academiespatiale.fr\/wp-content\/uploads\/2025\/01\/ESA-Challenge_2024.png\" alt=\"\" class=\"wp-image-2786\" srcset=\"https:\/\/academiespatiale.fr\/wp-content\/uploads\/2025\/01\/ESA-Challenge_2024.png 750w, https:\/\/academiespatiale.fr\/wp-content\/uploads\/2025\/01\/ESA-Challenge_2024-300x200.png 300w, https:\/\/academiespatiale.fr\/wp-content\/uploads\/2025\/01\/ESA-Challenge_2024-360x240.png 360w\" sizes=\"auto, (max-width: 750px) 100vw, 750px\" \/><\/a><\/figure>\n<\/div>\n\n\n\n<div class=\"wp-block-column is-vertically-aligned-top is-layout-flow wp-block-column-is-layout-flow\" style=\"flex-basis:66.66%\">\n<h5 class=\"wp-block-heading\">Earth System Science Hub Workshop, 2<sup>e<\/sup> \u00e9dition<\/h5>\n\n\n\n<p><em>F\u00e9vrier 2024<\/em><br>Une semaine de pratique intensive \u00ab&nbsp;Observations spatiales de la Terre &amp; Sciences des donn\u00e9es (IA)&nbsp;\u00bb pour les \u00e9tudiants et \u00e9tudiantes de l\u2019Acad\u00e9mie Spatiale, sur place et en distanciel.<\/p>\n<\/div>\n<\/div>\n\n\n\n<p class=\"has-background-color-background-color has-background\">En savoir plus : <a href=\"https:\/\/academiespatiale.fr\/index.php\/ecole-dete\/esa-earth-system-science-hub-workshop\/\">ESA \u2013 Earth System Science Hub Workshop<\/a><\/p>\n\n\n\n<div style=\"height:100px\" aria-hidden=\"true\" class=\"wp-block-spacer\"><\/div>\n\n\n\n<div class=\"wp-block-columns alignfull has-text-color has-link-color wp-elements-8422e2a85d9f2e5605b7dd2ae54b3e54 is-layout-flex wp-container-core-columns-is-layout-e94c545b wp-block-columns-is-layout-flex\" style=\"color:#b1b1b1;margin-top:-25px;margin-bottom:20px;padding-top:0;padding-right:0;padding-bottom:0;padding-left:60px;font-size:15px\">\n<div class=\"wp-block-column has-text-color has-link-color wp-elements-32661c60388d2123b0bf1683c717c484 is-layout-flow wp-block-column-is-layout-flow\" style=\"color:#a1a1a1;padding-top:0;padding-bottom:0;font-size:15px;font-style:normal;font-weight:100;flex-basis:100%\"><div class=\"aioseo-breadcrumbs\"><span class=\"aioseo-breadcrumb\">\n\t\t\t<a href=\"https:\/\/academiespatiale.fr\" title=\"Home\">Home<\/a>\n\t\t<\/span><span class=\"aioseo-breadcrumb-separator\">&raquo;<\/span><span class=\"aioseo-breadcrumb\">\n\t\t\t<a href=\"https:\/\/academiespatiale.fr\/index.php\/formations\/\" title=\"Formations &amp; m\u00e9tiers\">Formations &amp; m\u00e9tiers<\/a>\n\t\t<\/span><span class=\"aioseo-breadcrumb-separator\">&raquo;<\/span><span class=\"aioseo-breadcrumb\">\n\t\t\t<a href=\"https:\/\/academiespatiale.fr\/index.php\/formations\/ecole-dete\/\" title=\"\u00c9coles d\u2019\u00e9t\u00e9 et d\u2019hiver\">\u00c9coles d\u2019\u00e9t\u00e9 et d\u2019hiver<\/a>\n\t\t<\/span><span class=\"aioseo-breadcrumb-separator\">&raquo;<\/span><span class=\"aioseo-breadcrumb\">\n\t\t\tAutres \u00e9coles th\u00e9matiques\n\t\t<\/span><\/div><\/div>\n<\/div>\n","protected":false},"excerpt":{"rendered":"<p>D\u00e9couvrez ici les \u00e9coles th\u00e9matiques propos\u00e9es par nos partenaires, ainsi que celles pour lesquelles l&rsquo;Acad\u00e9mie Spatiale d&rsquo;IDF a pris part, notamment par l\u2019envoi de nos \u00e9tudiantes et \u00e9tudiants. Voir les \u00e9coles th\u00e9matiques organis\u00e9es par l&rsquo;Acad\u00e9mie Spatiale d&rsquo;IDF&gt; \u00c9coles d\u2019\u00e9t\u00e9 et d\u2019hiver &#8211; Acad\u00e9mie Spatiale d&rsquo;IDF &lt; Darmstadt 2025 &#8211; Visite [&hellip;]<\/p>\n","protected":false},"author":1,"featured_media":0,"parent":1947,"menu_order":0,"comment_status":"closed","ping_status":"closed","template":"","meta":{"_monsterinsights_skip_tracking":false,"_monsterinsights_sitenote_active":false,"_monsterinsights_sitenote_note":"","_monsterinsights_sitenote_category":0,"_EventAllDay":false,"_EventTimezone":"","_EventStartDate":"","_EventEndDate":"","_EventStartDateUTC":"","_EventEndDateUTC":"","_EventShowMap":false,"_EventShowMapLink":false,"_EventURL":"","_EventCost":"","_EventCostDescription":"","_EventCurrencySymbol":"","_EventCurrencyCode":"","_EventCurrencyPosition":"","_EventDateTimeSeparator":"","_EventTimeRangeSeparator":"","_EventOrganizerID":[],"_EventVenueID":[],"_OrganizerEmail":"","_OrganizerPhone":"","_OrganizerWebsite":"","_VenueAddress":"","_VenueCity":"","_VenueCountry":"","_VenueProvince":"","_VenueState":"","_VenueZip":"","_VenuePhone":"","_VenueURL":"","_VenueStateProvince":"","_VenueLat":"","_VenueLng":"","_VenueShowMap":false,"_VenueShowMapLink":false,"footnotes":""},"class_list":["post-4643","page","type-page","status-publish","hentry"],"aioseo_notices":[],"_links":{"self":[{"href":"https:\/\/academiespatiale.fr\/index.php\/wp-json\/wp\/v2\/pages\/4643","targetHints":{"allow":["GET"]}}],"collection":[{"href":"https:\/\/academiespatiale.fr\/index.php\/wp-json\/wp\/v2\/pages"}],"about":[{"href":"https:\/\/academiespatiale.fr\/index.php\/wp-json\/wp\/v2\/types\/page"}],"author":[{"embeddable":true,"href":"https:\/\/academiespatiale.fr\/index.php\/wp-json\/wp\/v2\/users\/1"}],"replies":[{"embeddable":true,"href":"https:\/\/academiespatiale.fr\/index.php\/wp-json\/wp\/v2\/comments?post=4643"}],"version-history":[{"count":14,"href":"https:\/\/academiespatiale.fr\/index.php\/wp-json\/wp\/v2\/pages\/4643\/revisions"}],"predecessor-version":[{"id":7156,"href":"https:\/\/academiespatiale.fr\/index.php\/wp-json\/wp\/v2\/pages\/4643\/revisions\/7156"}],"up":[{"embeddable":true,"href":"https:\/\/academiespatiale.fr\/index.php\/wp-json\/wp\/v2\/pages\/1947"}],"wp:attachment":[{"href":"https:\/\/academiespatiale.fr\/index.php\/wp-json\/wp\/v2\/media?parent=4643"}],"curies":[{"name":"wp","href":"https:\/\/api.w.org\/{rel}","templated":true}]}}

Autres écoles thématiques

<div class="wp-block-columns alignfull has-text-color has-link-color wp-elements-8422e2a85d9f2e5605b7dd2ae54b3e54 is-layout-flex wp-container-core-columns-is-layout-e94c545b wp-block-columns-is-layout-flex" style="color:#b1b1b1;margin-top:-25px;margin-bottom:20px;padding-top:0;padding-right:0;padding-bottom:0;padding-left:60px;font-size:15px">
<div class="wp-block-column has-text-color has-link-color wp-elements-32661c60388d2123b0bf1683c717c484 is-layout-flow wp-block-column-is-layout-flow" style="color:#a1a1a1;padding-top:0;padding-bottom:0;font-size:15px;font-style:normal;font-weight:100;flex-basis:100%"><div class="aioseo-breadcrumbs"><span class="aioseo-breadcrumb">
			<a href="https://academiespatiale.fr" title="Home">Home</a>
		</span><span class="aioseo-breadcrumb-separator">&raquo;</span><span class="aioseo-breadcrumb">
			<a href="https://academiespatiale.fr/index.php/formations/" title="Formations &amp; métiers">Formations &amp; métiers</a>
		</span><span class="aioseo-breadcrumb-separator">&raquo;</span><span class="aioseo-breadcrumb">
			<a href="https://academiespatiale.fr/index.php/formations/ecole-dete/" title="Écoles d’été et d’hiver">Écoles d’été et d’hiver</a>
		</span><span class="aioseo-breadcrumb-separator">&raquo;</span><span class="aioseo-breadcrumb">
			Autres écoles thématiques
		</span></div></div>
</div>



<p>Découvrez ici les écoles thématiques proposées par nos partenaires, ainsi que celles pour lesquelles l&rsquo;Académie Spatiale d&rsquo;IDF a pris part, notamment par l’envoi de nos étudiantes et étudiants.</p>



<hr class="wp-block-separator has-alpha-channel-opacity"/>



<p class="has-text-align-center">Voir les écoles thématiques organisées par l&rsquo;Académie Spatiale d&rsquo;IDF<br>&gt; <a href="https://academiespatiale.fr/index.php/ecole-dete/">Écoles d’été et d’hiver &#8211; Académie Spatiale d&rsquo;IDF</a> &lt;</p>



<hr class="wp-block-separator has-alpha-channel-opacity"/>



<div style="height:50px" aria-hidden="true" class="wp-block-spacer"></div>



<div class="wp-block-columns are-vertically-aligned-top is-layout-flex wp-container-core-columns-is-layout-28f84493 wp-block-columns-is-layout-flex">
<div class="wp-block-column is-vertically-aligned-top is-layout-flow wp-block-column-is-layout-flow" style="flex-basis:33.33%">
<figure class="wp-block-image size-full"><a href="https://academiespatiale.fr/index.php/ecole-dete/autres-ecoles-thematiques/visite-de-lesoc-et-deumetsat/"><img loading="lazy" decoding="async" width="750" height="500" src="https://academiespatiale.fr/wp-content/uploads/2025/05/Darmstadt2025.png" alt="" class="wp-image-4689" srcset="https://academiespatiale.fr/wp-content/uploads/2025/05/Darmstadt2025.png 750w, https://academiespatiale.fr/wp-content/uploads/2025/05/Darmstadt2025-300x200.png 300w, https://academiespatiale.fr/wp-content/uploads/2025/05/Darmstadt2025-360x240.png 360w" sizes="auto, (max-width: 750px) 100vw, 750px" /></a></figure>
</div>



<div class="wp-block-column is-vertically-aligned-top is-layout-flow wp-block-column-is-layout-flow" style="flex-basis:66.66%">
<h5 class="wp-block-heading">Darmstadt 2025 &#8211; Visite de l&rsquo;ESOC (ESA) et EUMETSAT</h5>



<p><em>janvier 2025</em><br>Découverte des activités opérationnelles des agences spatiales européennes ESOC (centre des opérations de l&rsquo;ESA) et EUMETSAT pour les étudiant·es des masters TGAE, FRS et IOS.</p>
</div>
</div>



<p class="has-background-color-background-color has-background">En savoir plus : <a href="https://academiespatiale.fr/index.php/ecole-dete/autres-ecoles-thematiques/visite-de-lesoc-et-deumetsat/">Darmstadt 2025 &#8211; Visite de l’ESOC / ESA et EUMETSAT</a></p>



<div style="height:20px" aria-hidden="true" class="wp-block-spacer"></div>



<hr class="wp-block-separator has-alpha-channel-opacity"/>



<div style="height:20px" aria-hidden="true" class="wp-block-spacer"></div>



<div class="wp-block-columns are-vertically-aligned-top is-layout-flex wp-container-core-columns-is-layout-28f84493 wp-block-columns-is-layout-flex">
<div class="wp-block-column is-vertically-aligned-top is-layout-flow wp-block-column-is-layout-flow" style="flex-basis:66.66%">
<h5 class="wp-block-heading">VSEO4 : Vietnam School of Earth Observation, 4<sup>e</sup> édition</h5>



<p><em>Septembre 2024</em><br>Organisée dans le cadre des Rencontres du Vietnam pour explorer la génération de modèles numériques d’élévation (MNE) à l’aide de données de télédétection</p>
</div>



<div class="wp-block-column is-vertically-aligned-top is-layout-flow wp-block-column-is-layout-flow" style="flex-basis:33.33%">
<figure class="wp-block-image size-full"><a href="https://academiespatiale.fr/index.php/ecole-dete/vseo-4-vietnam-school-of-earth-observation/"><img loading="lazy" decoding="async" width="750" height="500" src="https://academiespatiale.fr/wp-content/uploads/2024/10/VSEO4-3.png" alt="" class="wp-image-1949" srcset="https://academiespatiale.fr/wp-content/uploads/2024/10/VSEO4-3.png 750w, https://academiespatiale.fr/wp-content/uploads/2024/10/VSEO4-3-300x200.png 300w, https://academiespatiale.fr/wp-content/uploads/2024/10/VSEO4-3-360x240.png 360w" sizes="auto, (max-width: 750px) 100vw, 750px" /></a></figure>
</div>
</div>



<p class="has-background-color-background-color has-background">En savoir plus : <a href="https://academiespatiale.fr/index.php/ecole-dete/vseo-4-vietnam-school-of-earth-observation/">VSEO 4 – Vietnam School of Earth Observation</a></p>



<div style="height:20px" aria-hidden="true" class="wp-block-spacer"></div>



<hr class="wp-block-separator has-alpha-channel-opacity"/>



<div style="height:20px" aria-hidden="true" class="wp-block-spacer"></div>



<div class="wp-block-columns are-vertically-aligned-top is-layout-flex wp-container-core-columns-is-layout-28f84493 wp-block-columns-is-layout-flex">
<div class="wp-block-column is-vertically-aligned-top is-layout-flow wp-block-column-is-layout-flow" style="flex-basis:33.33%">
<figure class="wp-block-image size-full"><a href="https://academiespatiale.fr/index.php/ecole-dete/esa-earth-system-science-hub-workshop/"><img loading="lazy" decoding="async" width="750" height="500" src="https://academiespatiale.fr/wp-content/uploads/2025/01/ESA-Challenge_2024.png" alt="" class="wp-image-2786" srcset="https://academiespatiale.fr/wp-content/uploads/2025/01/ESA-Challenge_2024.png 750w, https://academiespatiale.fr/wp-content/uploads/2025/01/ESA-Challenge_2024-300x200.png 300w, https://academiespatiale.fr/wp-content/uploads/2025/01/ESA-Challenge_2024-360x240.png 360w" sizes="auto, (max-width: 750px) 100vw, 750px" /></a></figure>
</div>



<div class="wp-block-column is-vertically-aligned-top is-layout-flow wp-block-column-is-layout-flow" style="flex-basis:66.66%">
<h5 class="wp-block-heading">Earth System Science Hub Workshop, 2<sup>e</sup> édition</h5>



<p><em>Février 2024</em><br>Une semaine de pratique intensive «&nbsp;Observations spatiales de la Terre &amp; Sciences des données (IA)&nbsp;» pour les étudiants et étudiantes de l’Académie Spatiale, sur place et en distanciel.</p>
</div>
</div>



<p class="has-background-color-background-color has-background">En savoir plus : <a href="https://academiespatiale.fr/index.php/ecole-dete/esa-earth-system-science-hub-workshop/">ESA – Earth System Science Hub Workshop</a></p>



<div style="height:100px" aria-hidden="true" class="wp-block-spacer"></div>



<div class="wp-block-columns alignfull has-text-color has-link-color wp-elements-8422e2a85d9f2e5605b7dd2ae54b3e54 is-layout-flex wp-container-core-columns-is-layout-e94c545b wp-block-columns-is-layout-flex" style="color:#b1b1b1;margin-top:-25px;margin-bottom:20px;padding-top:0;padding-right:0;padding-bottom:0;padding-left:60px;font-size:15px">
<div class="wp-block-column has-text-color has-link-color wp-elements-32661c60388d2123b0bf1683c717c484 is-layout-flow wp-block-column-is-layout-flow" style="color:#a1a1a1;padding-top:0;padding-bottom:0;font-size:15px;font-style:normal;font-weight:100;flex-basis:100%"><div class="aioseo-breadcrumbs"><span class="aioseo-breadcrumb">
			<a href="https://academiespatiale.fr" title="Home">Home</a>
		</span><span class="aioseo-breadcrumb-separator">&raquo;</span><span class="aioseo-breadcrumb">
			<a href="https://academiespatiale.fr/index.php/formations/" title="Formations &amp; métiers">Formations &amp; métiers</a>
		</span><span class="aioseo-breadcrumb-separator">&raquo;</span><span class="aioseo-breadcrumb">
			<a href="https://academiespatiale.fr/index.php/formations/ecole-dete/" title="Écoles d’été et d’hiver">Écoles d’été et d’hiver</a>
		</span><span class="aioseo-breadcrumb-separator">&raquo;</span><span class="aioseo-breadcrumb">
			Autres écoles thématiques
		</span></div></div>
</div>

<p>Découvrez ici les écoles thématiques proposées par nos partenaires, ainsi que celles pour lesquelles l&rsquo;Académie Spatiale d&rsquo;IDF a pris part, notamment par l’envoi de nos étudiantes et étudiants. Voir les écoles thématiques organisées par l&rsquo;Académie Spatiale d&rsquo;IDF&gt; Écoles d’été et d’hiver &#8211; Académie Spatiale d&rsquo;IDF &lt; Darmstadt 2025 &#8211; Visite [&hellip;]</p>
