{"id":307,"date":"2024-04-04T11:24:56","date_gmt":"2024-04-04T09:24:56","guid":{"rendered":"https:\/\/academiespatiale.fr\/?page_id=307"},"modified":"2025-12-19T17:01:17","modified_gmt":"2025-12-19T16:01:17","slug":"actions","status":"publish","type":"page","link":"https:\/\/academiespatiale.fr\/index.php\/a-propos\/actions\/","title":{"rendered":"Actions de l&rsquo;Acad\u00e9mie Spatiale"},"content":{"rendered":"\n<div class=\"wp-block-columns alignfull has-text-color has-link-color wp-elements-8422e2a85d9f2e5605b7dd2ae54b3e54 is-layout-flex wp-container-core-columns-is-layout-e94c545b wp-block-columns-is-layout-flex\" style=\"color:#b1b1b1;margin-top:-25px;margin-bottom:20px;padding-top:0;padding-right:0;padding-bottom:0;padding-left:60px;font-size:15px\">\n<div class=\"wp-block-column has-text-color has-link-color wp-elements-32661c60388d2123b0bf1683c717c484 is-layout-flow wp-block-column-is-layout-flow\" style=\"color:#a1a1a1;padding-top:0;padding-bottom:0;font-size:15px;font-style:normal;font-weight:100;flex-basis:100%\"><div class=\"aioseo-breadcrumbs\"><span class=\"aioseo-breadcrumb\">\n\t\t\t<a href=\"https:\/\/academiespatiale.fr\" title=\"Home\">Home<\/a>\n\t\t<\/span><span class=\"aioseo-breadcrumb-separator\">&raquo;<\/span><span class=\"aioseo-breadcrumb\">\n\t\t\t<a href=\"https:\/\/academiespatiale.fr\/index.php\/a-propos\/\" title=\"\u00c0 propos de l\u2019Acad\u00e9mie Spatiale d\u2019IDF\">\u00c0 propos de l\u2019Acad\u00e9mie Spatiale d\u2019IDF<\/a>\n\t\t<\/span><span class=\"aioseo-breadcrumb-separator\">&raquo;<\/span><span class=\"aioseo-breadcrumb\">\n\t\t\tActions de l\u2019Acad\u00e9mie Spatiale\n\t\t<\/span><\/div><\/div>\n<\/div>\n\n\n\n<p>Le projet s\u2019organise autour de huit Workpackages (WP) ayant chacun des objectifs compl\u00e9mentaires. Ces diff\u00e9rents lots r\u00e9sultent de discussion entre les partenaires et r\u00e9pondent \u00e0 un besoin partag\u00e9 par les partenaires acad\u00e9miques et les partenaires industriels.<\/p>\n\n\n\n<div class=\"wp-block-columns is-layout-flex wp-container-core-columns-is-layout-28f84493 wp-block-columns-is-layout-flex\">\n<div class=\"wp-block-column is-layout-flow wp-block-column-is-layout-flow\">\n<p class=\"has-small-font-size\">Ces actions concernent les formations secondaires et sup\u00e9rieures, des formations pr\u00e9-Bac jusqu\u2019\u00e0 la formation doctorale et \u00e0 la formation continue. Une attention particuli\u00e8re sera accord\u00e9e \u00e0 la formation par apprentissage, ainsi qu\u2019\u00e0 la formation par projets, en \u00e9troite concertation avec les entreprises concern\u00e9es et les domaines connexes (juridique, d\u00e9fense, g\u00e9opolitique, num\u00e9rique). <\/p>\n<\/div>\n\n\n\n<div class=\"wp-block-column is-layout-flow wp-block-column-is-layout-flow\">\n<p class=\"has-small-font-size\">Pour cela, un large consortium d\u2019universit\u00e9s franciliennes et d\u2019entreprises de toutes tailles (grandes entreprises, PME, startups) ainsi que des employeurs publics se sont associ\u00e9s aux organismes de recherche sp\u00e9cialis\u00e9s dans ce domaine (ONERA, CNES et ESA) pour proposer un large nombre d\u2019actions concert\u00e9es, qui permettront de tester la faisabilit\u00e9 et l\u2019efficacit\u00e9 de nouveaux dispositifs de formation. <\/p>\n<\/div>\n<\/div>\n\n\n\n<div style=\"height:30px\" aria-hidden=\"true\" class=\"wp-block-spacer\"><\/div>\n\n\n\n<div class=\"wp-block-columns are-vertically-aligned-top is-layout-flex wp-container-core-columns-is-layout-28f84493 wp-block-columns-is-layout-flex\">\n<div class=\"wp-block-column is-vertically-aligned-top is-layout-flow wp-block-column-is-layout-flow\" style=\"flex-basis:10%\">\n<h6 class=\"wp-block-heading\">WP0<\/h6>\n<\/div>\n\n\n\n<div class=\"wp-block-column is-vertically-aligned-top is-layout-flow wp-block-column-is-layout-flow\" style=\"flex-basis:90%\">\n<h6 class=\"wp-block-heading\">Coordination <\/h6>\n\n\n\n<p class=\"has-small-font-size\">Coordination transverse de l\u2019ensemble des actions sur les trois th\u00e9matiques phares du projet, communication, animation globale du projet et du Comit\u00e9 Ex\u00e9cutif, lien avec le Comit\u00e9 de suivi contenant les WPs op\u00e9rationnels, suivi des indicateurs.<\/p>\n<\/div>\n<\/div>\n\n\n\n<div class=\"wp-block-columns are-vertically-aligned-top is-layout-flex wp-container-core-columns-is-layout-28f84493 wp-block-columns-is-layout-flex\">\n<div class=\"wp-block-column is-vertically-aligned-top is-layout-flow wp-block-column-is-layout-flow\" style=\"flex-basis:10%\">\n<h6 class=\"wp-block-heading\">WP1<\/h6>\n<\/div>\n\n\n\n<div class=\"wp-block-column is-vertically-aligned-top is-layout-flow wp-block-column-is-layout-flow\" style=\"flex-basis:90%\">\n<h6 class=\"wp-block-heading\">Informer les \u00e9tudiant\u00b7es<\/h6>\n\n\n\n<p class=\"has-small-font-size\">L&rsquo;objectif est d&rsquo;informer les \u00e9tudiants et \u00e9tudiantes sur les diff\u00e9rentes fili\u00e8res et passerelles menant aux spatial, tout en les sensibilisant \u00e0 la diversit\u00e9 des m\u00e9tiers de ce secteur. Pour cela, un portail web s&rsquo;appuyant sur les cartographies des formations existantes (ISSAT, Oraccle, etc.) en lien avec ces m\u00e9tiers sera mis en place. En compl\u00e9ment, des vid\u00e9os seront r\u00e9alis\u00e9es pour mettre en lumi\u00e8re la vari\u00e9t\u00e9 des carri\u00e8res possibles, avec une attention particuli\u00e8re port\u00e9e \u00e0 la f\u00e9minisation du secteur et \u00e0 l&rsquo;inclusion de tous les niveaux de qualification, du CAP\/BEP au doctorat.<\/p>\n\n\n\n<p class=\"has-small-font-size\"><em>Quelques actions r\u00e9alis\u00e9es :<\/em><\/p>\n\n\n\n<ul class=\"wp-block-list has-small-font-size\">\n<li>Mise en place d&rsquo;un portail Web et de r\u00e9seaux sociaux<\/li>\n\n\n\n<li>Participation \u00e0 des forums et \u00e9v\u00e8nements grand-public\n<ul class=\"wp-block-list\">\n<li class=\"has-small-font-size\">Salon YourFuture, Salon de l&rsquo;\u00c9tudiant, Salon Paris pour l&rsquo;Emploi, Cord\u00e9es de la r\u00e9ussite, Science InFuze, etc.<\/li>\n<\/ul>\n<\/li>\n\n\n\n<li>Podcast \u00ab&nbsp;Elles font l&rsquo;espace&nbsp;\u00bb (La Beta-Pi) : d\u00e9couvrir <a href=\"https:\/\/academiespatiale.fr\/index.php\/2024\/10\/18\/lancement-officiel-du-podcast-elles-font-lespace\/\" target=\"_blank\" rel=\"noopener\" title=\"\">le podcast Elles font l&rsquo;Espace<\/a><\/li>\n<\/ul>\n<\/div>\n<\/div>\n\n\n\n<div class=\"wp-block-columns are-vertically-aligned-top is-layout-flex wp-container-core-columns-is-layout-28f84493 wp-block-columns-is-layout-flex\">\n<div class=\"wp-block-column is-vertically-aligned-top is-layout-flow wp-block-column-is-layout-flow\" style=\"flex-basis:10%\">\n<h6 class=\"wp-block-heading\">WP2<\/h6>\n<\/div>\n\n\n\n<div class=\"wp-block-column is-vertically-aligned-top is-layout-flow wp-block-column-is-layout-flow\" style=\"flex-basis:90%\">\n<h6 class=\"wp-block-heading\">Cr\u00e9er une communaut\u00e9<\/h6>\n\n\n\n<p class=\"has-small-font-size\">L&rsquo;objectif est de cr\u00e9er une communaut\u00e9 d\u2019\u00e9tudiant\u00b7es et d\u2019employeurs en \u00cele-de-France. Cela implique de coordonner les \u00e9tablissements et les partenaires pour mettre en place une offre une formation coh\u00e9rente et d\u00e9velopper des actions communes.<br>Parmi ces actions : organisation de visites de sites industriels et acad\u00e9miques, mise en place d\u2019un forum annuel des m\u00e9tiers et d\u2019\u00e9coles annuelles sur les m\u00e9tiers et techniques du spatial, ainsi que l\u2019organisation d\u2019un challenge interdisciplinaire et inter-formations pour la r\u00e9alisation et le test d\u2019un nanosatellite. L&rsquo;initiative vise aussi \u00e0 partager les offres, les opportunit\u00e9s, et \u00e0 connecter les \u00e9tudiantes et \u00e9tudiants form\u00e9s dans des structures priv\u00e9es avec celles et ceux des structures publiques, afin de cr\u00e9er une v\u00e9ritable communaut\u00e9 autour des m\u00e9tiers du spatial.<\/p>\n\n\n\n<p class=\"has-small-font-size\"><em>Quelques actions r\u00e9alis\u00e9es :<\/em><\/p>\n\n\n\n<ul class=\"wp-block-list has-small-font-size\">\n<li>Participation \u00e0 des forums et \u00e9v\u00e8nements grand-public<\/li>\n\n\n\n<li>Organisation d&rsquo;\u00e9coles th\u00e9matiques, voir <a href=\"https:\/\/academiespatiale.fr\/index.php\/ecole-dete\/\" target=\"_blank\" rel=\"noopener\" title=\"\">nos \u00e9coles d&rsquo;\u00e9t\u00e9 et d&rsquo;hiver<\/a>\n<ul class=\"wp-block-list\">\n<li class=\"has-small-font-size\">Junior Space Academy, Bootcamp IA et observation spatiale, Masterclass t\u00e9l\u00e9d\u00e9tection, ESA ESRIN, etc.<\/li>\n<\/ul>\n<\/li>\n<\/ul>\n<\/div>\n<\/div>\n\n\n\n<div class=\"wp-block-columns are-vertically-aligned-top is-layout-flex wp-container-core-columns-is-layout-28f84493 wp-block-columns-is-layout-flex\">\n<div class=\"wp-block-column is-vertically-aligned-top is-layout-flow wp-block-column-is-layout-flow\" style=\"flex-basis:10%\">\n<h6 class=\"wp-block-heading\">WP3<\/h6>\n<\/div>\n\n\n\n<div class=\"wp-block-column is-vertically-aligned-top is-layout-flow wp-block-column-is-layout-flow\" style=\"flex-basis:90%\">\n<h6 class=\"wp-block-heading\">Sensibiliser les \u00e9tudiant\u00b7es<\/h6>\n\n\n\n<p class=\"has-small-font-size\">L&rsquo;objectif est de d\u00e9velopper une offre de formation visant \u00e0 renforcer, notamment, les formations de techniciens et techniciennes pour r\u00e9pondre aux besoins des industriels. Cela inclut la proposition de stages au niveau licence pour faire d\u00e9couvrir le secteur, ainsi que l\u2019adaptation des formations existantes par la mutualisation des enseignements, la mise en place d&rsquo;options, de modules compl\u00e9mentaires ou de mineures pour sensibiliser une plus large communaut\u00e9 d\u2019\u00e9tudiant\u00b7es \u00e0 l&rsquo;environnement et aux m\u00e9tiers du spatial. Toutes ces actions seront r\u00e9alis\u00e9es en \u00e9troite coordination avec les professionnels du secteur.<\/p>\n\n\n\n<p class=\"has-small-font-size\"><em>Quelques actions r\u00e9alis\u00e9es :<\/em><\/p>\n\n\n\n<ul class=\"wp-block-list has-small-font-size\">\n<li>Mise en place de DU en double dipl\u00f4me (100h) pour les \u00e9tudiant\u00b7es BUT 3e ann\u00e9e\n<ul class=\"wp-block-list has-small-font-size\">\n<li>Technique : \u00ab&nbsp;Sciences et technologie du spatial&nbsp;\u00bb<\/li>\n\n\n\n<li>SHS : \u00ab&nbsp;Droit, \u00e9conomie, gestion et r\u00e9glementation du spatial&nbsp;\u00bb<\/li>\n\n\n\n<li>Premi\u00e8re exp\u00e9rimentation \u00e0 l&rsquo;IUT de Mantes en janvier 2025<\/li>\n<\/ul>\n<\/li>\n\n\n\n<li>Ouverture d&rsquo;une UE en licence d&rsquo;\u00e9lectronique \u00e0 Sorbonne Universit\u00e9 (3 ECTS)\n<ul class=\"wp-block-list\">\n<li class=\"has-small-font-size\">\u00ab&nbsp;Introduction au spatial&nbsp;\u00bb \u00e0 partir de la rentr\u00e9e 2025-2026<\/li>\n<\/ul>\n<\/li>\n<\/ul>\n<\/div>\n<\/div>\n\n\n\n<div class=\"wp-block-columns are-vertically-aligned-top is-layout-flex wp-container-core-columns-is-layout-28f84493 wp-block-columns-is-layout-flex\">\n<div class=\"wp-block-column is-vertically-aligned-top is-layout-flow wp-block-column-is-layout-flow\" style=\"flex-basis:10%\">\n<h6 class=\"wp-block-heading\">WP4<\/h6>\n<\/div>\n\n\n\n<div class=\"wp-block-column is-vertically-aligned-top is-layout-flow wp-block-column-is-layout-flow\" style=\"flex-basis:90%\">\n<h6 class=\"wp-block-heading\">S&rsquo;ouvrir \u00e0 l&rsquo;international<\/h6>\n\n\n\n<p class=\"has-small-font-size\">L&rsquo;objectif est d&rsquo;internationaliser les formations en encourageant la mobilit\u00e9 entrante et sortante, en soutenant la r\u00e9alisation de stages \u00e0 l&rsquo;\u00e9tranger et en mettant en place des s\u00e9jours p\u00e9dagogiques internationaux. Ces actions visent \u00e0 offrir aux \u00e9tudiants une ouverture sur les pratiques et les opportunit\u00e9s professionnelles \u00e0 l&rsquo;\u00e9chelle mondiale.<\/p>\n\n\n\n<p class=\"has-small-font-size\"><em>Quelques actions r\u00e9alis\u00e9es :<\/em><\/p>\n\n\n\n<ul class=\"wp-block-list has-small-font-size\">\n<li>Mobilit\u00e9s sortantes\n<ul class=\"wp-block-list\">\n<li class=\"has-small-font-size\">Cor\u00e9e du Sud, Japon, Italie, Australie et USA<\/li>\n<\/ul>\n<\/li>\n\n\n\n<li>Mobilit\u00e9s entrantes\n<ul class=\"wp-block-list\">\n<li class=\"has-small-font-size\">Vietnam, Inde, Mexique, R\u00e9publique tch\u00e8que<\/li>\n<\/ul>\n<\/li>\n\n\n\n<li>S\u00e9jours p\u00e9dagogiques\n<ul class=\"wp-block-list\">\n<li class=\"has-small-font-size\">ESA ESRIN en Italie, ESOC &amp; EUMETSAT en Allemagne, etc.<\/li>\n<\/ul>\n<\/li>\n<\/ul>\n<\/div>\n<\/div>\n\n\n\n<div class=\"wp-block-columns are-vertically-aligned-top is-layout-flex wp-container-core-columns-is-layout-28f84493 wp-block-columns-is-layout-flex\">\n<div class=\"wp-block-column is-vertically-aligned-top is-layout-flow wp-block-column-is-layout-flow\" style=\"flex-basis:10%\">\n<h6 class=\"wp-block-heading\">WP5<\/h6>\n<\/div>\n\n\n\n<div class=\"wp-block-column is-vertically-aligned-top is-layout-flow wp-block-column-is-layout-flow\" style=\"flex-basis:90%\">\n<h6 class=\"wp-block-heading\">Former par la recherche<\/h6>\n\n\n\n<p class=\"has-small-font-size\">L&rsquo;objectif est d&rsquo;am\u00e9liorer la professionnalisation des parcours par l&rsquo;apprentissage et la recherche. Cette pr\u00e9-professionnalisation repose sur un fort encouragement \u00e0 la formation par apprentissage, du niveau BUT au Master, en entreprise et en laboratoire de recherche. La formation par la recherche sera \u00e9galement encourag\u00e9e, notamment sur des th\u00e9matiques interdisciplinaires.<\/p>\n\n\n\n<p class=\"has-small-font-size\"><em>Quelques actions r\u00e9alis\u00e9es :<\/em><\/p>\n\n\n\n<ul class=\"wp-block-list has-small-font-size\">\n<li>Appels d&rsquo;offres pour le financement de contrats doctoraux et d&rsquo;apprentissage\n<ul class=\"wp-block-list\">\n<li class=\"has-small-font-size\">Voir les <a href=\"https:\/\/academiespatiale.fr\/index.php\/ao\/\" target=\"_blank\" rel=\"noopener\" title=\"\">appels d&rsquo;offres en cours<\/a><\/li>\n<\/ul>\n<\/li>\n<\/ul>\n<\/div>\n<\/div>\n\n\n\n<div class=\"wp-block-columns are-vertically-aligned-top is-layout-flex wp-container-core-columns-is-layout-28f84493 wp-block-columns-is-layout-flex\">\n<div class=\"wp-block-column is-vertically-aligned-top is-layout-flow wp-block-column-is-layout-flow\" style=\"flex-basis:10%\">\n<h6 class=\"wp-block-heading\">WP6<\/h6>\n<\/div>\n\n\n\n<div class=\"wp-block-column is-vertically-aligned-top is-layout-flow wp-block-column-is-layout-flow\" style=\"flex-basis:90%\">\n<h6 class=\"wp-block-heading\">D\u00e9velopper de nouvelles fili\u00e8res<\/h6>\n\n\n\n<p class=\"has-small-font-size\">L&rsquo;objectif est de mettre en place de nouvelles formations en lien avec les nouveaux m\u00e9tiers et les besoins des industriels. Cela inclut des stages de formation continue portant sur les m\u00e9thodes de mesure et les outils num\u00e9riques, ainsi que des \u00e9coles d\u2019\u00e9t\u00e9 rapprochant \u00e9tudiant\u00b7es et employeurs autour d&rsquo;une th\u00e9matique. De nouveaux masters sp\u00e9cialis\u00e9s seront \u00e9galement cr\u00e9\u00e9s, couvrant des domaines tels que l&rsquo;entrepreneuriat, la g\u00e9opolitique, le commercial du spatial, ainsi qu&rsquo;un master d\u00e9di\u00e9 aux syst\u00e8mes satellitaires et \u00e0 leurs applications, incluant une formation aux outils de captation et d&rsquo;analyse de donn\u00e9es.<\/p>\n\n\n\n<p class=\"has-small-font-size\"><em>Quelques actions r\u00e9alis\u00e9es :<\/em><\/p>\n\n\n\n<ul class=\"wp-block-list has-small-font-size\">\n<li>Master G\u00e9nie Industriel parcours International Syst\u00e8emes Satellitaires et Applications\n<ul class=\"wp-block-list\">\n<li class=\"has-small-font-size\">UPEC \/ Cape Peninsula University of Technology (Afrique du Sud)<\/li>\n<\/ul>\n<\/li>\n\n\n\n<li>Master Sc&amp;T Space Business Strategry\n<ul class=\"wp-block-list\">\n<li class=\"has-small-font-size\">CentraleSup\u00e9lec \/ Universit\u00e9 Paris-Saclay \/ UVSQ<\/li>\n<\/ul>\n<\/li>\n<\/ul>\n<\/div>\n<\/div>\n\n\n\n<div class=\"wp-block-columns are-vertically-aligned-top is-layout-flex wp-container-core-columns-is-layout-28f84493 wp-block-columns-is-layout-flex\">\n<div class=\"wp-block-column is-vertically-aligned-top is-layout-flow wp-block-column-is-layout-flow\" style=\"flex-basis:10%\">\n<h6 class=\"wp-block-heading\">WP7<\/h6>\n<\/div>\n\n\n\n<div class=\"wp-block-column is-vertically-aligned-top is-layout-flow wp-block-column-is-layout-flow\" style=\"flex-basis:90%\">\n<h6 class=\"wp-block-heading\">Plateaux p\u00e9dagogiques et TP<\/h6>\n\n\n\n<p class=\"has-small-font-size\">L&rsquo;objectif est de d\u00e9velopper des plateformes exp\u00e9rimentales \u00e0 usage p\u00e9dagogique par la mutualisation de plateaux p\u00e9dagogiques, num\u00e9riques et exp\u00e9rimentaux, accessibles \u00e0 tous les partenaires du projet. Cela repose sur la mise en place de travaux pratiques inter-universit\u00e9s, la mise en commun d&rsquo;une plateforme d&rsquo;essais en r\u00e9alit\u00e9 virtuelle, la mutualisation de mat\u00e9riaux de technologie radiofr\u00e9quence, et la mise en place de plateformes projet ouvertes aux partenaires acad\u00e9miques et industriels, en particulier pour le test et la r\u00e9alisation de CubeSats.<\/p>\n\n\n\n<p class=\"has-small-font-size\"><em>Quelques actions r\u00e9alis\u00e9es :<\/em><\/p>\n\n\n\n<ul class=\"wp-block-list has-small-font-size\">\n<li>Projet de plateaux p\u00e9dagogiques d\u00e9di\u00e9s \u00e0 la formation\n<ul class=\"wp-block-list\">\n<li class=\"has-small-font-size\">Drones volants \u00e0 l&rsquo;ESTACA<\/li>\n\n\n\n<li class=\"has-small-font-size\">Biomedical \u00e0 CentraleSup\u00e9lec<\/li>\n\n\n\n<li class=\"has-small-font-size\">R\u00e9alit\u00e9 virtuelle \u00e0 l&rsquo;Universit\u00e9 Paris Cit\u00e9<\/li>\n\n\n\n<li class=\"has-small-font-size\">etc.<\/li>\n<\/ul>\n<\/li>\n<\/ul>\n<\/div>\n<\/div>\n\n\n\n<div style=\"height:100px\" aria-hidden=\"true\" class=\"wp-block-spacer\"><\/div>\n\n\n\n<div class=\"wp-block-columns alignfull has-text-color has-link-color wp-elements-8422e2a85d9f2e5605b7dd2ae54b3e54 is-layout-flex wp-container-core-columns-is-layout-e94c545b wp-block-columns-is-layout-flex\" style=\"color:#b1b1b1;margin-top:-25px;margin-bottom:20px;padding-top:0;padding-right:0;padding-bottom:0;padding-left:60px;font-size:15px\">\n<div class=\"wp-block-column has-text-color has-link-color wp-elements-32661c60388d2123b0bf1683c717c484 is-layout-flow wp-block-column-is-layout-flow\" style=\"color:#a1a1a1;padding-top:0;padding-bottom:0;font-size:15px;font-style:normal;font-weight:100;flex-basis:100%\"><div class=\"aioseo-breadcrumbs\"><span class=\"aioseo-breadcrumb\">\n\t\t\t<a href=\"https:\/\/academiespatiale.fr\" title=\"Home\">Home<\/a>\n\t\t<\/span><span class=\"aioseo-breadcrumb-separator\">&raquo;<\/span><span class=\"aioseo-breadcrumb\">\n\t\t\t<a href=\"https:\/\/academiespatiale.fr\/index.php\/a-propos\/\" title=\"\u00c0 propos de l\u2019Acad\u00e9mie Spatiale d\u2019IDF\">\u00c0 propos de l\u2019Acad\u00e9mie Spatiale d\u2019IDF<\/a>\n\t\t<\/span><span class=\"aioseo-breadcrumb-separator\">&raquo;<\/span><span class=\"aioseo-breadcrumb\">\n\t\t\tActions de l\u2019Acad\u00e9mie Spatiale\n\t\t<\/span><\/div><\/div>\n<\/div>\n","protected":false},"excerpt":{"rendered":"<p>Le projet s\u2019organise autour de huit Workpackages (WP) ayant chacun des objectifs compl\u00e9mentaires. Ces diff\u00e9rents lots r\u00e9sultent de discussion entre les partenaires et r\u00e9pondent \u00e0 un besoin partag\u00e9 par les partenaires acad\u00e9miques et les partenaires industriels. Ces actions concernent les formations secondaires et sup\u00e9rieures, des formations pr\u00e9-Bac jusqu\u2019\u00e0 la formation [&hellip;]<\/p>\n","protected":false},"author":1,"featured_media":0,"parent":61,"menu_order":0,"comment_status":"closed","ping_status":"closed","template":"","meta":{"_monsterinsights_skip_tracking":false,"_monsterinsights_sitenote_active":false,"_monsterinsights_sitenote_note":"","_monsterinsights_sitenote_category":0,"_EventAllDay":false,"_EventTimezone":"","_EventStartDate":"","_EventEndDate":"","_EventStartDateUTC":"","_EventEndDateUTC":"","_EventShowMap":false,"_EventShowMapLink":false,"_EventURL":"","_EventCost":"","_EventCostDescription":"","_EventCurrencySymbol":"","_EventCurrencyCode":"","_EventCurrencyPosition":"","_EventDateTimeSeparator":"","_EventTimeRangeSeparator":"","_EventOrganizerID":[],"_EventVenueID":[],"_OrganizerEmail":"","_OrganizerPhone":"","_OrganizerWebsite":"","_VenueAddress":"","_VenueCity":"","_VenueCountry":"","_VenueProvince":"","_VenueState":"","_VenueZip":"","_VenuePhone":"","_VenueURL":"","_VenueStateProvince":"","_VenueLat":"","_VenueLng":"","_VenueShowMap":false,"_VenueShowMapLink":false,"footnotes":""},"class_list":["post-307","page","type-page","status-publish","hentry"],"aioseo_notices":[],"_links":{"self":[{"href":"https:\/\/academiespatiale.fr\/index.php\/wp-json\/wp\/v2\/pages\/307","targetHints":{"allow":["GET"]}}],"collection":[{"href":"https:\/\/academiespatiale.fr\/index.php\/wp-json\/wp\/v2\/pages"}],"about":[{"href":"https:\/\/academiespatiale.fr\/index.php\/wp-json\/wp\/v2\/types\/page"}],"author":[{"embeddable":true,"href":"https:\/\/academiespatiale.fr\/index.php\/wp-json\/wp\/v2\/users\/1"}],"replies":[{"embeddable":true,"href":"https:\/\/academiespatiale.fr\/index.php\/wp-json\/wp\/v2\/comments?post=307"}],"version-history":[{"count":31,"href":"https:\/\/academiespatiale.fr\/index.php\/wp-json\/wp\/v2\/pages\/307\/revisions"}],"predecessor-version":[{"id":7206,"href":"https:\/\/academiespatiale.fr\/index.php\/wp-json\/wp\/v2\/pages\/307\/revisions\/7206"}],"up":[{"embeddable":true,"href":"https:\/\/academiespatiale.fr\/index.php\/wp-json\/wp\/v2\/pages\/61"}],"wp:attachment":[{"href":"https:\/\/academiespatiale.fr\/index.php\/wp-json\/wp\/v2\/media?parent=307"}],"curies":[{"name":"wp","href":"https:\/\/api.w.org\/{rel}","templated":true}]}}