{"id":2938,"date":"2025-01-21T11:56:25","date_gmt":"2025-01-21T10:56:25","guid":{"rendered":"https:\/\/academiespatiale.fr\/?page_id=2938"},"modified":"2025-12-18T17:35:51","modified_gmt":"2025-12-18T16:35:51","slug":"numerique-informatique","status":"publish","type":"page","link":"https:\/\/academiespatiale.fr\/index.php\/formations\/trouver-une-formation\/numerique-informatique\/","title":{"rendered":"Num\u00e9rique &#8211; Informatique"},"content":{"rendered":"\n<div class=\"wp-block-columns alignfull has-text-color has-link-color wp-elements-8422e2a85d9f2e5605b7dd2ae54b3e54 is-layout-flex wp-container-core-columns-is-layout-e94c545b wp-block-columns-is-layout-flex\" style=\"color:#b1b1b1;margin-top:-25px;margin-bottom:20px;padding-top:0;padding-right:0;padding-bottom:0;padding-left:60px;font-size:15px\">\n<div class=\"wp-block-column has-text-color has-link-color wp-elements-32661c60388d2123b0bf1683c717c484 is-layout-flow wp-block-column-is-layout-flow\" style=\"color:#a1a1a1;padding-top:0;padding-bottom:0;font-size:15px;font-style:normal;font-weight:100;flex-basis:100%\"><div class=\"aioseo-breadcrumbs\"><span class=\"aioseo-breadcrumb\">\n\t\t\t<a href=\"https:\/\/academiespatiale.fr\" title=\"Home\">Home<\/a>\n\t\t<\/span><span class=\"aioseo-breadcrumb-separator\">&raquo;<\/span><span class=\"aioseo-breadcrumb\">\n\t\t\t<a href=\"https:\/\/academiespatiale.fr\/index.php\/formations\/\" title=\"Formations &amp; m\u00e9tiers\">Formations &amp; m\u00e9tiers<\/a>\n\t\t<\/span><span class=\"aioseo-breadcrumb-separator\">&raquo;<\/span><span class=\"aioseo-breadcrumb\">\n\t\t\t<a href=\"https:\/\/academiespatiale.fr\/index.php\/formations\/trouver-une-formation\/\" title=\"Trouver une formation\">Trouver une formation<\/a>\n\t\t<\/span><span class=\"aioseo-breadcrumb-separator\">&raquo;<\/span><span class=\"aioseo-breadcrumb\">\n\t\t\tNum\u00e9rique \u2013 Informatique\n\t\t<\/span><\/div><\/div>\n<\/div>\n\n\n\n<div class=\"wp-block-columns is-layout-flex wp-container-core-columns-is-layout-28f84493 wp-block-columns-is-layout-flex\">\n<div class=\"wp-block-column is-layout-flow wp-block-column-is-layout-flow\" style=\"flex-basis:66.66%\">\n<figure class=\"wp-block-image size-full\"><img loading=\"lazy\" decoding=\"async\" width=\"720\" height=\"480\" src=\"https:\/\/academiespatiale.fr\/wp-content\/uploads\/2025\/01\/Unhealthy-Skies-over-Los-Angeles-County_TEMPO-data-from-Nasa-earthdata-_-NASA-_-Michala-Garrison.jpg\" alt=\"\" class=\"wp-image-2880\" srcset=\"https:\/\/academiespatiale.fr\/wp-content\/uploads\/2025\/01\/Unhealthy-Skies-over-Los-Angeles-County_TEMPO-data-from-Nasa-earthdata-_-NASA-_-Michala-Garrison.jpg 720w, https:\/\/academiespatiale.fr\/wp-content\/uploads\/2025\/01\/Unhealthy-Skies-over-Los-Angeles-County_TEMPO-data-from-Nasa-earthdata-_-NASA-_-Michala-Garrison-300x200.jpg 300w, https:\/\/academiespatiale.fr\/wp-content\/uploads\/2025\/01\/Unhealthy-Skies-over-Los-Angeles-County_TEMPO-data-from-Nasa-earthdata-_-NASA-_-Michala-Garrison-360x240.jpg 360w\" sizes=\"auto, (max-width: 720px) 100vw, 720px\" \/><\/figure>\n\n\n\n<p class=\"has-small-font-size\">Unhealthy skies over Los Angeles County &#8211; TEMPO data from Nasa earthdata \u00a9 NASA \/ Michala Garrison<\/p>\n\n\n\n<p>Nous proposons des formations num\u00e9rique et informatique au niveau master. Cependant, nous vous rappellons qu&rsquo;il existe de nombreuses voies pour int\u00e9grer le secteur spatial sans parcours sp\u00e9cifique !<\/p>\n<\/div>\n\n\n\n<div class=\"wp-block-column is-layout-flow wp-block-column-is-layout-flow\" style=\"flex-basis:33.33%\">\n<p><strong>Comp\u00e9tences<\/strong><\/p>\n\n\n\n<p>Les expertises recherch\u00e9es dans ce domaine incluent, entre autres :<\/p>\n\n\n\n<ul class=\"wp-block-list\">\n<li>informatique<\/li>\n\n\n\n<li>t\u00e9l\u00e9d\u00e9tection<\/li>\n\n\n\n<li>intelligence artificielle<\/li>\n\n\n\n<li>gestion des donn\u00e9es<\/li>\n\n\n\n<li>hyperfr\u00e9quences<\/li>\n\n\n\n<li>mod\u00e9lisation<\/li>\n\n\n\n<li>g\u00e9omatique<\/li>\n\n\n\n<li>programmation<\/li>\n\n\n\n<li>etc.<\/li>\n<\/ul>\n<\/div>\n<\/div>\n\n\n\n<hr class=\"wp-block-separator has-alpha-channel-opacity\"\/>\n\n\n\n<h2 class=\"wp-block-heading\">Master 2<\/h2>\n\n\n\n<p class=\"has-small-font-size\">(cliquez pour afficher les d\u00e9tails)<\/p>\n\n\n\n<details class=\"wp-block-details is-layout-flow wp-block-details-is-layout-flow\"><summary>Master 2 GAED \/ TGAE : T\u00e9l\u00e9d\u00e9tection et G\u00e9omatique Appliqu\u00e9es \u00e0 l&rsquo;Environnement<\/summary>\n<p class=\"has-large-font-size\">Master 2 GAED parcours TGAE : T\u00e9l\u00e9d\u00e9tection et G\u00e9omatique Appliqu\u00e9es \u00e0 l&rsquo;Environnement<\/p>\n\n\n\n<p>1 an \u2013 Universit\u00e9 Paris Cit\u00e9 \/ Universit\u00e9 Paris 1 Panth\u00e9on Sorbonne<\/p>\n\n\n\n<p>Admission : Les candidatures sont possibles en M1 GAED comme en M2. Les \u00e9tudiants sont issus majoritairement de formation de g\u00e9ographie et de g\u00e9omatique, mais aussi d&rsquo;autres disciplines (\u00e9cologie, agronomie, urbanisme \u2026).<\/p>\n\n\n\n<div data-wp-interactive=\"core\/file\" class=\"wp-block-file\"><object data-wp-bind--hidden=\"!state.hasPdfPreview\" hidden class=\"wp-block-file__embed\" data=\"https:\/\/academiespatiale.fr\/wp-content\/uploads\/2025\/01\/M2_TGAE-GAED_Teledetection-Geomatique-Appliquees-Environnement_2024.pdf\" type=\"application\/pdf\" style=\"width:100%;height:200px\" aria-label=\"Contenu embarqu\u00e9 M2_TGAE-GAED_Teledetection-Geomatique-Appliquees-Environnement_2024.\"><\/object><a id=\"wp-block-file--media-91e26bb9-e100-48b8-bbbd-f1e64ddd1ca2\" href=\"https:\/\/academiespatiale.fr\/wp-content\/uploads\/2025\/01\/M2_TGAE-GAED_Teledetection-Geomatique-Appliquees-Environnement_2024.pdf\">M2_TGAE-GAED_Teledetection-Geomatique-Appliquees-Environnement_2024<\/a><a href=\"https:\/\/academiespatiale.fr\/wp-content\/uploads\/2025\/01\/M2_TGAE-GAED_Teledetection-Geomatique-Appliquees-Environnement_2024.pdf\" class=\"wp-block-file__button wp-element-button\" download aria-describedby=\"wp-block-file--media-91e26bb9-e100-48b8-bbbd-f1e64ddd1ca2\">T\u00e9l\u00e9charger la brochure<\/a><\/div>\n\n\n\n<p class=\"has-background-color-background-color has-background\">Plus d&rsquo;infos \u2192 <a href=\"https:\/\/odf.u-paris.fr\/fr\/offre-de-formation\/master-XB\/sciences-humaines-et-sociales-SHS\/geographie-amenagement-environnement-et-developpement-K2VO0KVP\/master-gaed-parcours-teledetection-et-geomatique-appliquees-a-l-environnement-tgae-M34CCK3G.html\" target=\"_blank\" rel=\"noopener\" title=\"\">Master GAED &#8211; Parcours : T\u00e9l\u00e9d\u00e9tection et G\u00e9omatique appliqu\u00e9es \u00e0 l\u2019Environnement (TGAE) &#8211; Ametys Campus &#8211; Paris Cit\u00e9<\/a><\/p>\n<\/details>\n\n\n\n<hr class=\"wp-block-separator has-alpha-channel-opacity\"\/>\n\n\n\n<details class=\"wp-block-details is-layout-flow wp-block-details-is-layout-flow\"><summary>Master 2 TRIED : Traitement de l&rsquo;Information et Exploitation de Donn\u00e9es<\/summary>\n<p class=\"has-large-font-size\">M2 TRIED : Traitement de l&rsquo;Information et Exploitation de Donn\u00e9es<\/p>\n\n\n\n<p>1 an &#8211; Universit\u00e9 Paris-Saclay \/ UVSQ<\/p>\n\n\n\n<p class=\"has-background-color-background-color has-background\">Plus d&rsquo;infos Paris-Saclay \u2192 <a href=\"https:\/\/www.universite-paris-saclay.fr\/formation\/master\/electronique-energie-electrique-automatique\/m2-traitement-de-linformation-et-exploitation-donnees\" target=\"_blank\" rel=\"noopener\" title=\"\">M2 Traitement de l&rsquo;information et exploitation donn\u00e9es | Universit\u00e9 Paris-Saclay<\/a><\/p>\n<\/details>\n\n\n\n<hr class=\"wp-block-separator has-alpha-channel-opacity\"\/>\n\n\n\n<div style=\"height:30px\" aria-hidden=\"true\" class=\"wp-block-spacer\"><\/div>\n\n\n\n<div class=\"wp-block-columns alignfull has-text-color has-link-color wp-elements-8422e2a85d9f2e5605b7dd2ae54b3e54 is-layout-flex wp-container-core-columns-is-layout-e94c545b wp-block-columns-is-layout-flex\" style=\"color:#b1b1b1;margin-top:-25px;margin-bottom:20px;padding-top:0;padding-right:0;padding-bottom:0;padding-left:60px;font-size:15px\">\n<div class=\"wp-block-column has-text-color has-link-color wp-elements-32661c60388d2123b0bf1683c717c484 is-layout-flow wp-block-column-is-layout-flow\" style=\"color:#a1a1a1;padding-top:0;padding-bottom:0;font-size:15px;font-style:normal;font-weight:100;flex-basis:100%\"><div class=\"aioseo-breadcrumbs\"><span class=\"aioseo-breadcrumb\">\n\t\t\t<a href=\"https:\/\/academiespatiale.fr\" title=\"Home\">Home<\/a>\n\t\t<\/span><span class=\"aioseo-breadcrumb-separator\">&raquo;<\/span><span class=\"aioseo-breadcrumb\">\n\t\t\t<a href=\"https:\/\/academiespatiale.fr\/index.php\/formations\/\" title=\"Formations &amp; m\u00e9tiers\">Formations &amp; m\u00e9tiers<\/a>\n\t\t<\/span><span class=\"aioseo-breadcrumb-separator\">&raquo;<\/span><span class=\"aioseo-breadcrumb\">\n\t\t\t<a href=\"https:\/\/academiespatiale.fr\/index.php\/formations\/trouver-une-formation\/\" title=\"Trouver une formation\">Trouver une formation<\/a>\n\t\t<\/span><span class=\"aioseo-breadcrumb-separator\">&raquo;<\/span><span class=\"aioseo-breadcrumb\">\n\t\t\tNum\u00e9rique \u2013 Informatique\n\t\t<\/span><\/div><\/div>\n<\/div>\n","protected":false},"excerpt":{"rendered":"<p>Unhealthy skies over Los Angeles County &#8211; TEMPO data from Nasa earthdata \u00a9 NASA \/ Michala Garrison Nous proposons des formations num\u00e9rique et informatique au niveau master. Cependant, nous vous rappellons qu&rsquo;il existe de nombreuses voies pour int\u00e9grer le secteur spatial sans parcours sp\u00e9cifique ! Comp\u00e9tences Les expertises recherch\u00e9es dans [&hellip;]<\/p>\n","protected":false},"author":1,"featured_media":0,"parent":2351,"menu_order":0,"comment_status":"closed","ping_status":"closed","template":"","meta":{"_monsterinsights_skip_tracking":false,"_monsterinsights_sitenote_active":false,"_monsterinsights_sitenote_note":"","_monsterinsights_sitenote_category":0,"_EventAllDay":false,"_EventTimezone":"","_EventStartDate":"","_EventEndDate":"","_EventStartDateUTC":"","_EventEndDateUTC":"","_EventShowMap":false,"_EventShowMapLink":false,"_EventURL":"","_EventCost":"","_EventCostDescription":"","_EventCurrencySymbol":"","_EventCurrencyCode":"","_EventCurrencyPosition":"","_EventDateTimeSeparator":"","_EventTimeRangeSeparator":"","_EventOrganizerID":[],"_EventVenueID":[],"_OrganizerEmail":"","_OrganizerPhone":"","_OrganizerWebsite":"","_VenueAddress":"","_VenueCity":"","_VenueCountry":"","_VenueProvince":"","_VenueState":"","_VenueZip":"","_VenuePhone":"","_VenueURL":"","_VenueStateProvince":"","_VenueLat":"","_VenueLng":"","_VenueShowMap":false,"_VenueShowMapLink":false,"footnotes":""},"class_list":["post-2938","page","type-page","status-publish","hentry"],"aioseo_notices":[],"_links":{"self":[{"href":"https:\/\/academiespatiale.fr\/index.php\/wp-json\/wp\/v2\/pages\/2938","targetHints":{"allow":["GET"]}}],"collection":[{"href":"https:\/\/academiespatiale.fr\/index.php\/wp-json\/wp\/v2\/pages"}],"about":[{"href":"https:\/\/academiespatiale.fr\/index.php\/wp-json\/wp\/v2\/types\/page"}],"author":[{"embeddable":true,"href":"https:\/\/academiespatiale.fr\/index.php\/wp-json\/wp\/v2\/users\/1"}],"replies":[{"embeddable":true,"href":"https:\/\/academiespatiale.fr\/index.php\/wp-json\/wp\/v2\/comments?post=2938"}],"version-history":[{"count":9,"href":"https:\/\/academiespatiale.fr\/index.php\/wp-json\/wp\/v2\/pages\/2938\/revisions"}],"predecessor-version":[{"id":7127,"href":"https:\/\/academiespatiale.fr\/index.php\/wp-json\/wp\/v2\/pages\/2938\/revisions\/7127"}],"up":[{"embeddable":true,"href":"https:\/\/academiespatiale.fr\/index.php\/wp-json\/wp\/v2\/pages\/2351"}],"wp:attachment":[{"href":"https:\/\/academiespatiale.fr\/index.php\/wp-json\/wp\/v2\/media?parent=2938"}],"curies":[{"name":"wp","href":"https:\/\/api.w.org\/{rel}","templated":true}]}}

Numérique &#8211; Informatique

<div class="wp-block-columns alignfull has-text-color has-link-color wp-elements-8422e2a85d9f2e5605b7dd2ae54b3e54 is-layout-flex wp-container-core-columns-is-layout-e94c545b wp-block-columns-is-layout-flex" style="color:#b1b1b1;margin-top:-25px;margin-bottom:20px;padding-top:0;padding-right:0;padding-bottom:0;padding-left:60px;font-size:15px">
<div class="wp-block-column has-text-color has-link-color wp-elements-32661c60388d2123b0bf1683c717c484 is-layout-flow wp-block-column-is-layout-flow" style="color:#a1a1a1;padding-top:0;padding-bottom:0;font-size:15px;font-style:normal;font-weight:100;flex-basis:100%"><div class="aioseo-breadcrumbs"><span class="aioseo-breadcrumb">
			<a href="https://academiespatiale.fr" title="Home">Home</a>
		</span><span class="aioseo-breadcrumb-separator">&raquo;</span><span class="aioseo-breadcrumb">
			<a href="https://academiespatiale.fr/index.php/formations/" title="Formations &amp; métiers">Formations &amp; métiers</a>
		</span><span class="aioseo-breadcrumb-separator">&raquo;</span><span class="aioseo-breadcrumb">
			<a href="https://academiespatiale.fr/index.php/formations/trouver-une-formation/" title="Trouver une formation">Trouver une formation</a>
		</span><span class="aioseo-breadcrumb-separator">&raquo;</span><span class="aioseo-breadcrumb">
			Numérique – Informatique
		</span></div></div>
</div>



<div class="wp-block-columns is-layout-flex wp-container-core-columns-is-layout-28f84493 wp-block-columns-is-layout-flex">
<div class="wp-block-column is-layout-flow wp-block-column-is-layout-flow" style="flex-basis:66.66%">
<figure class="wp-block-image size-full"><img loading="lazy" decoding="async" width="720" height="480" src="https://academiespatiale.fr/wp-content/uploads/2025/01/Unhealthy-Skies-over-Los-Angeles-County_TEMPO-data-from-Nasa-earthdata-_-NASA-_-Michala-Garrison.jpg" alt="" class="wp-image-2880" srcset="https://academiespatiale.fr/wp-content/uploads/2025/01/Unhealthy-Skies-over-Los-Angeles-County_TEMPO-data-from-Nasa-earthdata-_-NASA-_-Michala-Garrison.jpg 720w, https://academiespatiale.fr/wp-content/uploads/2025/01/Unhealthy-Skies-over-Los-Angeles-County_TEMPO-data-from-Nasa-earthdata-_-NASA-_-Michala-Garrison-300x200.jpg 300w, https://academiespatiale.fr/wp-content/uploads/2025/01/Unhealthy-Skies-over-Los-Angeles-County_TEMPO-data-from-Nasa-earthdata-_-NASA-_-Michala-Garrison-360x240.jpg 360w" sizes="auto, (max-width: 720px) 100vw, 720px" /></figure>



<p class="has-small-font-size">Unhealthy skies over Los Angeles County &#8211; TEMPO data from Nasa earthdata © NASA / Michala Garrison</p>



<p>Nous proposons des formations numérique et informatique au niveau master. Cependant, nous vous rappellons qu&rsquo;il existe de nombreuses voies pour intégrer le secteur spatial sans parcours spécifique !</p>
</div>



<div class="wp-block-column is-layout-flow wp-block-column-is-layout-flow" style="flex-basis:33.33%">
<p><strong>Compétences</strong></p>



<p>Les expertises recherchées dans ce domaine incluent, entre autres :</p>



<ul class="wp-block-list">
<li>informatique</li>



<li>télédétection</li>



<li>intelligence artificielle</li>



<li>gestion des données</li>



<li>hyperfréquences</li>



<li>modélisation</li>



<li>géomatique</li>



<li>programmation</li>



<li>etc.</li>
</ul>
</div>
</div>



<hr class="wp-block-separator has-alpha-channel-opacity"/>



<h2 class="wp-block-heading">Master 2</h2>



<p class="has-small-font-size">(cliquez pour afficher les détails)</p>



<details class="wp-block-details is-layout-flow wp-block-details-is-layout-flow"><summary>Master 2 GAED / TGAE : Télédétection et Géomatique Appliquées à l&rsquo;Environnement</summary>
<p class="has-large-font-size">Master 2 GAED parcours TGAE : Télédétection et Géomatique Appliquées à l&rsquo;Environnement</p>



<p>1 an – Université Paris Cité / Université Paris 1 Panthéon Sorbonne</p>



<p>Admission : Les candidatures sont possibles en M1 GAED comme en M2. Les étudiants sont issus majoritairement de formation de géographie et de géomatique, mais aussi d&rsquo;autres disciplines (écologie, agronomie, urbanisme …).</p>



<div data-wp-interactive="core/file" class="wp-block-file"><object data-wp-bind--hidden="!state.hasPdfPreview" hidden class="wp-block-file__embed" data="https://academiespatiale.fr/wp-content/uploads/2025/01/M2_TGAE-GAED_Teledetection-Geomatique-Appliquees-Environnement_2024.pdf" type="application/pdf" style="width:100%;height:200px" aria-label="Contenu embarqué M2_TGAE-GAED_Teledetection-Geomatique-Appliquees-Environnement_2024."></object><a id="wp-block-file--media-91e26bb9-e100-48b8-bbbd-f1e64ddd1ca2" href="https://academiespatiale.fr/wp-content/uploads/2025/01/M2_TGAE-GAED_Teledetection-Geomatique-Appliquees-Environnement_2024.pdf">M2_TGAE-GAED_Teledetection-Geomatique-Appliquees-Environnement_2024</a><a href="https://academiespatiale.fr/wp-content/uploads/2025/01/M2_TGAE-GAED_Teledetection-Geomatique-Appliquees-Environnement_2024.pdf" class="wp-block-file__button wp-element-button" download aria-describedby="wp-block-file--media-91e26bb9-e100-48b8-bbbd-f1e64ddd1ca2">Télécharger la brochure</a></div>



<p class="has-background-color-background-color has-background">Plus d&rsquo;infos → <a href="https://odf.u-paris.fr/fr/offre-de-formation/master-XB/sciences-humaines-et-sociales-SHS/geographie-amenagement-environnement-et-developpement-K2VO0KVP/master-gaed-parcours-teledetection-et-geomatique-appliquees-a-l-environnement-tgae-M34CCK3G.html" target="_blank" rel="noopener" title="">Master GAED &#8211; Parcours : Télédétection et Géomatique appliquées à l’Environnement (TGAE) &#8211; Ametys Campus &#8211; Paris Cité</a></p>
</details>



<hr class="wp-block-separator has-alpha-channel-opacity"/>



<details class="wp-block-details is-layout-flow wp-block-details-is-layout-flow"><summary>Master 2 TRIED : Traitement de l&rsquo;Information et Exploitation de Données</summary>
<p class="has-large-font-size">M2 TRIED : Traitement de l&rsquo;Information et Exploitation de Données</p>



<p>1 an &#8211; Université Paris-Saclay / UVSQ</p>



<p class="has-background-color-background-color has-background">Plus d&rsquo;infos Paris-Saclay → <a href="https://www.universite-paris-saclay.fr/formation/master/electronique-energie-electrique-automatique/m2-traitement-de-linformation-et-exploitation-donnees" target="_blank" rel="noopener" title="">M2 Traitement de l&rsquo;information et exploitation données | Université Paris-Saclay</a></p>
</details>



<hr class="wp-block-separator has-alpha-channel-opacity"/>



<div style="height:30px" aria-hidden="true" class="wp-block-spacer"></div>



<div class="wp-block-columns alignfull has-text-color has-link-color wp-elements-8422e2a85d9f2e5605b7dd2ae54b3e54 is-layout-flex wp-container-core-columns-is-layout-e94c545b wp-block-columns-is-layout-flex" style="color:#b1b1b1;margin-top:-25px;margin-bottom:20px;padding-top:0;padding-right:0;padding-bottom:0;padding-left:60px;font-size:15px">
<div class="wp-block-column has-text-color has-link-color wp-elements-32661c60388d2123b0bf1683c717c484 is-layout-flow wp-block-column-is-layout-flow" style="color:#a1a1a1;padding-top:0;padding-bottom:0;font-size:15px;font-style:normal;font-weight:100;flex-basis:100%"><div class="aioseo-breadcrumbs"><span class="aioseo-breadcrumb">
			<a href="https://academiespatiale.fr" title="Home">Home</a>
		</span><span class="aioseo-breadcrumb-separator">&raquo;</span><span class="aioseo-breadcrumb">
			<a href="https://academiespatiale.fr/index.php/formations/" title="Formations &amp; métiers">Formations &amp; métiers</a>
		</span><span class="aioseo-breadcrumb-separator">&raquo;</span><span class="aioseo-breadcrumb">
			<a href="https://academiespatiale.fr/index.php/formations/trouver-une-formation/" title="Trouver une formation">Trouver une formation</a>
		</span><span class="aioseo-breadcrumb-separator">&raquo;</span><span class="aioseo-breadcrumb">
			Numérique – Informatique
		</span></div></div>
</div>

<p>Unhealthy skies over Los Angeles County &#8211; TEMPO data from Nasa earthdata © NASA / Michala Garrison Nous proposons des formations numérique et informatique au niveau master. Cependant, nous vous rappellons qu&rsquo;il existe de nombreuses voies pour intégrer le secteur spatial sans parcours spécifique ! Compétences Les expertises recherchées dans [&hellip;]</p>
