{"id":2656,"date":"2024-12-20T13:58:04","date_gmt":"2024-12-20T12:58:04","guid":{"rendered":"https:\/\/academiespatiale.fr\/?page_id=2656"},"modified":"2025-12-19T17:12:07","modified_gmt":"2025-12-19T16:12:07","slug":"recherche","status":"publish","type":"page","link":"https:\/\/academiespatiale.fr\/index.php\/recherche\/","title":{"rendered":"Recherche"},"content":{"rendered":"\n<div class=\"wp-block-columns alignfull has-text-color has-link-color wp-elements-8422e2a85d9f2e5605b7dd2ae54b3e54 is-layout-flex wp-container-core-columns-is-layout-e94c545b wp-block-columns-is-layout-flex\" style=\"color:#b1b1b1;margin-top:-25px;margin-bottom:20px;padding-top:0;padding-right:0;padding-bottom:0;padding-left:60px;font-size:15px\">\n<div class=\"wp-block-column has-text-color has-link-color wp-elements-32661c60388d2123b0bf1683c717c484 is-layout-flow wp-block-column-is-layout-flow\" style=\"color:#a1a1a1;padding-top:0;padding-bottom:0;font-size:15px;font-style:normal;font-weight:100;flex-basis:100%\"><div class=\"aioseo-breadcrumbs\"><span class=\"aioseo-breadcrumb\">\n\t\t\t<a href=\"https:\/\/academiespatiale.fr\" title=\"Home\">Home<\/a>\n\t\t<\/span><span class=\"aioseo-breadcrumb-separator\">&raquo;<\/span><span class=\"aioseo-breadcrumb\">\n\t\t\tRecherche\n\t\t<\/span><\/div><\/div>\n<\/div>\n\n\n\n<p>Bienvenue dans cette section d\u00e9di\u00e9e \u00e0 la valorisation de la recherche spatiale associ\u00e9es \u00e0 notre r\u00e9seau.<\/p>\n\n\n\n<div class=\"wp-block-columns is-layout-flex wp-container-core-columns-is-layout-28f84493 wp-block-columns-is-layout-flex\">\n<div class=\"wp-block-column is-layout-flow wp-block-column-is-layout-flow\">\n<div class=\"wp-block-buttons is-layout-flex wp-block-buttons-is-layout-flex\">\n<div class=\"wp-block-button has-custom-width wp-block-button__width-100\"><a class=\"wp-block-button__link has-background wp-element-button\" href=\"https:\/\/academiespatiale.fr\/index.php\/publications-scientifiques\/\" style=\"background-color:#003761\">Les publications scientifiques<\/a><\/div>\n<\/div>\n\n\n\n<div style=\"height:10px\" aria-hidden=\"true\" class=\"wp-block-spacer\"><\/div>\n\n\n\n<p class=\"has-text-align-center has-small-font-size\">Les publications issues des recherches men\u00e9es par les \u00e9tudiantes et les \u00e9tudiants soutenues par l\u2019Acad\u00e9mie Spatiale ou relevant d\u2019actions port\u00e9es par l\u2019Acad\u00e9mie Spatiale.<\/p>\n<\/div>\n\n\n\n<div class=\"wp-block-column is-layout-flow wp-block-column-is-layout-flow\">\n<div class=\"wp-block-buttons is-layout-flex wp-block-buttons-is-layout-flex\">\n<div class=\"wp-block-button has-custom-width wp-block-button__width-100\"><a class=\"wp-block-button__link has-background wp-element-button\" href=\"https:\/\/academiespatiale.fr\/index.php\/recherche\/liste-des-laboratoires\/\" style=\"background-color:#003761\">Les laboratoires spatiaux<\/a><\/div>\n<\/div>\n\n\n\n<div style=\"height:10px\" aria-hidden=\"true\" class=\"wp-block-spacer\"><\/div>\n\n\n\n<p class=\"has-text-align-center has-small-font-size\">Une liste des laboratoires et \u00e9quipes de recherches spatiales en \u00cele-de-France.<\/p>\n<\/div>\n<\/div>\n\n\n\n<div class=\"wp-block-columns is-layout-flex wp-container-core-columns-is-layout-28f84493 wp-block-columns-is-layout-flex\">\n<div class=\"wp-block-column is-layout-flow wp-block-column-is-layout-flow\">\n<div class=\"wp-block-buttons is-content-justification-center is-layout-flex wp-container-core-buttons-is-layout-a89b3969 wp-block-buttons-is-layout-flex\">\n<div class=\"wp-block-button has-custom-width wp-block-button__width-50\"><a class=\"wp-block-button__link has-background wp-element-button\" href=\"https:\/\/academiespatiale.fr\/index.php\/les-doctorants\/\" style=\"background-color:#003761\">Les doctorantes et doctorants<\/a><\/div>\n<\/div>\n\n\n\n<div style=\"height:10px\" aria-hidden=\"true\" class=\"wp-block-spacer\"><\/div>\n\n\n\n<p class=\"has-text-align-center has-small-font-size\">Liste des doctorantes et doctorants financ\u00e9s par l&rsquo;Acad\u00e9mie Spatiale<\/p>\n<\/div>\n<\/div>\n\n\n\n<hr class=\"wp-block-separator has-alpha-channel-opacity\"\/>\n\n\n\n<div class=\"wp-block-group has-white-color has-text-color has-background has-link-color wp-elements-627ee0f08b7dffc23eb5db0ff8301afd\" style=\"background:linear-gradient(135deg,rgb(0,55,97) 0%,rgb(141,19,15) 99%);padding-top:var(--wp--preset--spacing--80);padding-right:var(--wp--preset--spacing--80);padding-bottom:var(--wp--preset--spacing--80);padding-left:var(--wp--preset--spacing--80)\"><div class=\"wp-block-group__inner-container is-layout-constrained wp-container-core-group-is-layout-10bc4538 wp-block-group-is-layout-constrained\">\n<h5 class=\"wp-block-heading\">\u00c0 noter pour les coll\u00e8gues soutenu\u00b7es par l\u2019Acad\u00e9mie Spatiale :<\/h5>\n\n\n\n<p>Lorsque vos publications sont accept\u00e9es, veuiller :<\/p>\n\n\n\n<ol class=\"wp-block-list\">\n<li>Les enregistrer sur HAL<\/li>\n\n\n\n<li>Envoyer la citation et le lien HAL \u00e0&nbsp;<a href=\"mailto:communication@academiespatiale.fr\" target=\"_blank\" rel=\"noreferrer noopener\">communication@academiespatiale.fr<\/a><\/li>\n<\/ol>\n\n\n\n<hr class=\"wp-block-separator has-alpha-channel-opacity\"\/>\n\n\n\n<div style=\"height:10px\" aria-hidden=\"true\" class=\"wp-block-spacer\"><\/div>\n\n\n\n<p><strong>Phrase officielle \u00e0 inclure dans toutes vos publications :<\/strong><\/p>\n\n\n\n<p>En fran\u00e7ais :<\/p>\n\n\n\n<blockquote class=\"wp-block-quote is-layout-flow wp-block-quote-is-layout-flow\">\n<p>Ce travail a b\u00e9n\u00e9fici\u00e9 d\u2019une aide de l\u2019\u00c9tat g\u00e9r\u00e9e par l\u2019Agence Nationale de la Recherche au titre de France 2030 portant la r\u00e9f\u00e9rence ANR-23-CMAS-0041 \u00e0 travers le projet Comp\u00e9tences et M\u00e9tiers d\u2019Avenir appel\u00e9 Acad\u00e9mie Spatiale d\u2019\u00cele-de-France (<a href=\"https:\/\/academiespatiale.fr\/\">https:\/\/academiespatiale.fr\/<\/a>).<\/p>\n<\/blockquote>\n\n\n\n<p>En anglais :<\/p>\n\n\n\n<blockquote class=\"wp-block-quote is-layout-flow wp-block-quote-is-layout-flow\">\n<p>This work has received support from France 2030 through the project named Acad\u00e9mie Spatiale d\u2019\u00cele-de-France (<a href=\"https:\/\/academiespatiale.fr\/\">https:\/\/academiespatiale.fr\/<\/a>) managed by the National Research Agency under bearing the reference ANR-23-CMAS-0041.<\/p>\n<\/blockquote>\n<\/div><\/div>\n\n\n\n<div style=\"height:30px\" aria-hidden=\"true\" class=\"wp-block-spacer\"><\/div>\n\n\n\n<p class=\"has-white-color has-text-color has-background has-link-color wp-elements-8892d9abd9cf83ad72ee8f6b76020f5c\" style=\"background-color:#8d130f\">Logos de l&rsquo;Acad\u00e9mie spatiale d&rsquo;\u00cele-de-France :<br>\u2192 <a href=\"https:\/\/academiespatiale.fr\/index.php\/logos\/\">Logos de l\u2019Acad\u00e9mie Spatiale d\u2019\u00cele-de-France &#8211; Acad\u00e9mie Spatiale d&rsquo;\u00cele-de-France<\/a><\/p>\n\n\n\n<hr class=\"wp-block-separator has-alpha-channel-opacity\" style=\"margin-top:var(--wp--preset--spacing--60);margin-bottom:var(--wp--preset--spacing--60)\"\/>\n\n\n\n<p class=\"has-text-align-center\">&gt;&gt;&gt; Voir tous les articles de la cat\u00e9gorie <a href=\"https:\/\/academiespatiale.fr\/index.php\/category\/recherche\/\" title=\"\">Recherche<\/a> &lt;&lt;&lt;<\/p>\n\n\n\n<hr class=\"wp-block-separator has-alpha-channel-opacity\"\/>\n\n\n<ul class=\"wp-block-latest-posts__list is-grid columns-4 has-dates alignwide wp-block-latest-posts\"><li><div class=\"wp-block-latest-posts__featured-image\"><img loading=\"lazy\" decoding=\"async\" width=\"300\" height=\"200\" src=\"https:\/\/academiespatiale.fr\/wp-content\/uploads\/2026\/03\/ECOSPACE_IUTmantes_appel-participation-300x200.png\" class=\"attachment-medium size-medium wp-post-image\" alt=\"\" style=\"\" srcset=\"https:\/\/academiespatiale.fr\/wp-content\/uploads\/2026\/03\/ECOSPACE_IUTmantes_appel-participation-300x200.png 300w, https:\/\/academiespatiale.fr\/wp-content\/uploads\/2026\/03\/ECOSPACE_IUTmantes_appel-participation-360x240.png 360w, https:\/\/academiespatiale.fr\/wp-content\/uploads\/2026\/03\/ECOSPACE_IUTmantes_appel-participation.png 750w\" sizes=\"auto, (max-width: 300px) 100vw, 300px\" \/><\/div><a class=\"wp-block-latest-posts__post-title\" href=\"https:\/\/academiespatiale.fr\/index.php\/2026\/03\/11\/appel-a-participation-ecospace-travaux-de-recherche\/\">Appel \u00e0 participation ECOSPACE &#8211; Travaux de recherche<\/a><time datetime=\"2026-03-11T17:21:50+01:00\" class=\"wp-block-latest-posts__post-date\">11 mars 2026<\/time><\/li>\n<li><div class=\"wp-block-latest-posts__featured-image\"><img loading=\"lazy\" decoding=\"async\" width=\"300\" height=\"200\" src=\"https:\/\/academiespatiale.fr\/wp-content\/uploads\/2026\/02\/jeuneschercheurs_23fev2026-300x200.png\" class=\"attachment-medium size-medium wp-post-image\" alt=\"\" style=\"\" srcset=\"https:\/\/academiespatiale.fr\/wp-content\/uploads\/2026\/02\/jeuneschercheurs_23fev2026-300x200.png 300w, https:\/\/academiespatiale.fr\/wp-content\/uploads\/2026\/02\/jeuneschercheurs_23fev2026-360x240.png 360w, https:\/\/academiespatiale.fr\/wp-content\/uploads\/2026\/02\/jeuneschercheurs_23fev2026.png 750w\" sizes=\"auto, (max-width: 300px) 100vw, 300px\" \/><\/div><a class=\"wp-block-latest-posts__post-title\" href=\"https:\/\/academiespatiale.fr\/index.php\/2026\/02\/12\/lancement-groupe-travail-jeunes-chercheurs-chercheuses\/\">Lancement du groupe de travail des jeunes chercheurs et chercheuses de l&rsquo;Acad\u00e9mie Spatiale<\/a><time datetime=\"2026-02-12T17:53:57+01:00\" class=\"wp-block-latest-posts__post-date\">12 f\u00e9vrier 2026<\/time><\/li>\n<li><div class=\"wp-block-latest-posts__featured-image\"><img loading=\"lazy\" decoding=\"async\" width=\"300\" height=\"200\" src=\"https:\/\/academiespatiale.fr\/wp-content\/uploads\/2025\/12\/Chaire-diplomatie-arctique-et-spatiale-300x200.png\" class=\"attachment-medium size-medium wp-post-image\" alt=\"\" style=\"\" srcset=\"https:\/\/academiespatiale.fr\/wp-content\/uploads\/2025\/12\/Chaire-diplomatie-arctique-et-spatiale-300x200.png 300w, https:\/\/academiespatiale.fr\/wp-content\/uploads\/2025\/12\/Chaire-diplomatie-arctique-et-spatiale-360x240.png 360w, https:\/\/academiespatiale.fr\/wp-content\/uploads\/2025\/12\/Chaire-diplomatie-arctique-et-spatiale.png 750w\" sizes=\"auto, (max-width: 300px) 100vw, 300px\" \/><\/div><a class=\"wp-block-latest-posts__post-title\" href=\"https:\/\/academiespatiale.fr\/index.php\/2025\/12\/17\/communique-de-presse-chaire-de-diplomatie-arctique-et-spatiale-cooperation-franco-canado-americaine\/\">[Communiqu\u00e9 de presse] Chaire de dipl\u00f4matie arctique et spatiale \u2013 coop\u00e9ration franco-canado-am\u00e9ricaine<\/a><time datetime=\"2025-12-17T18:27:51+01:00\" class=\"wp-block-latest-posts__post-date\">17 d\u00e9cembre 2025<\/time><\/li>\n<li><div class=\"wp-block-latest-posts__featured-image\"><img loading=\"lazy\" decoding=\"async\" width=\"300\" height=\"200\" src=\"https:\/\/academiespatiale.fr\/wp-content\/uploads\/2025\/11\/FIRESPACE_laureat-ERC_2025-300x200.png\" class=\"attachment-medium size-medium wp-post-image\" alt=\"\" style=\"\" srcset=\"https:\/\/academiespatiale.fr\/wp-content\/uploads\/2025\/11\/FIRESPACE_laureat-ERC_2025-300x200.png 300w, https:\/\/academiespatiale.fr\/wp-content\/uploads\/2025\/11\/FIRESPACE_laureat-ERC_2025-360x240.png 360w, https:\/\/academiespatiale.fr\/wp-content\/uploads\/2025\/11\/FIRESPACE_laureat-ERC_2025.png 750w\" sizes=\"auto, (max-width: 300px) 100vw, 300px\" \/><\/div><a class=\"wp-block-latest-posts__post-title\" href=\"https:\/\/academiespatiale.fr\/index.php\/2025\/11\/07\/distinction-du-projet-firespace-erc-synergy-2025\/\">Distinction du projet Firespace &#8211; ERC Synergy 2025<\/a><time datetime=\"2025-11-07T15:09:47+01:00\" class=\"wp-block-latest-posts__post-date\">7 novembre 2025<\/time><\/li>\n<li><div class=\"wp-block-latest-posts__featured-image\"><img loading=\"lazy\" decoding=\"async\" width=\"300\" height=\"200\" src=\"https:\/\/academiespatiale.fr\/wp-content\/uploads\/2025\/07\/Workshop_OBS-SPATIALES_sept2025-300x200.png\" class=\"attachment-medium size-medium wp-post-image\" alt=\"\" style=\"\" srcset=\"https:\/\/academiespatiale.fr\/wp-content\/uploads\/2025\/07\/Workshop_OBS-SPATIALES_sept2025-300x200.png 300w, https:\/\/academiespatiale.fr\/wp-content\/uploads\/2025\/07\/Workshop_OBS-SPATIALES_sept2025-360x240.png 360w, https:\/\/academiespatiale.fr\/wp-content\/uploads\/2025\/07\/Workshop_OBS-SPATIALES_sept2025.png 750w\" sizes=\"auto, (max-width: 300px) 100vw, 300px\" \/><\/div><a class=\"wp-block-latest-posts__post-title\" href=\"https:\/\/academiespatiale.fr\/index.php\/2025\/07\/28\/inscription-workshop-observations-spatiales-pour-tous-et-toutes\/\">[Inscription] Workshop \u00ab\u00a0Observations spatiales pour tous et toutes\u00a0\u00bb<\/a><time datetime=\"2025-07-28T17:36:49+02:00\" class=\"wp-block-latest-posts__post-date\">28 juillet 2025<\/time><\/li>\n<li><div class=\"wp-block-latest-posts__featured-image\"><img loading=\"lazy\" decoding=\"async\" width=\"300\" height=\"200\" src=\"https:\/\/academiespatiale.fr\/wp-content\/uploads\/2025\/05\/Colloque_EGA_mai2025-300x200.png\" class=\"attachment-medium size-medium wp-post-image\" alt=\"\" style=\"\" srcset=\"https:\/\/academiespatiale.fr\/wp-content\/uploads\/2025\/05\/Colloque_EGA_mai2025-300x200.png 300w, https:\/\/academiespatiale.fr\/wp-content\/uploads\/2025\/05\/Colloque_EGA_mai2025-360x240.png 360w, https:\/\/academiespatiale.fr\/wp-content\/uploads\/2025\/05\/Colloque_EGA_mai2025.png 750w\" sizes=\"auto, (max-width: 300px) 100vw, 300px\" \/><\/div><a class=\"wp-block-latest-posts__post-title\" href=\"https:\/\/academiespatiale.fr\/index.php\/2025\/05\/07\/colloque-lespace-un-theatre-de-conflits-institut-detudes-de-geopolitique-appliquee\/\">[Colloque] L&rsquo;espace, un th\u00e9\u00e2tre de conflits &#8211; Institut d&rsquo;\u00c9tudes de G\u00e9opolitique Appliqu\u00e9e<\/a><time datetime=\"2025-05-07T16:56:48+02:00\" class=\"wp-block-latest-posts__post-date\">7 mai 2025<\/time><\/li>\n<li><div class=\"wp-block-latest-posts__featured-image\"><img loading=\"lazy\" decoding=\"async\" width=\"300\" height=\"200\" src=\"https:\/\/academiespatiale.fr\/wp-content\/uploads\/2025\/04\/SeminaireLATMOS_13mai2025-300x200.png\" class=\"attachment-medium size-medium wp-post-image\" alt=\"\" style=\"\" srcset=\"https:\/\/academiespatiale.fr\/wp-content\/uploads\/2025\/04\/SeminaireLATMOS_13mai2025-300x200.png 300w, https:\/\/academiespatiale.fr\/wp-content\/uploads\/2025\/04\/SeminaireLATMOS_13mai2025-360x240.png 360w, https:\/\/academiespatiale.fr\/wp-content\/uploads\/2025\/04\/SeminaireLATMOS_13mai2025.png 750w\" sizes=\"auto, (max-width: 300px) 100vw, 300px\" \/><\/div><a class=\"wp-block-latest-posts__post-title\" href=\"https:\/\/academiespatiale.fr\/index.php\/2025\/04\/29\/seminaire-latmos-suivre-les-tempetes-de-poussieres-martiennes\/\">[S\u00e9minaire &#8211; LATMOS] Suivre les temp\u00eates de poussi\u00e8res martiennes<\/a><time datetime=\"2025-04-29T17:06:45+02:00\" class=\"wp-block-latest-posts__post-date\">29 avril 2025<\/time><\/li>\n<li><div class=\"wp-block-latest-posts__featured-image\"><img loading=\"lazy\" decoding=\"async\" width=\"300\" height=\"200\" src=\"https:\/\/academiespatiale.fr\/wp-content\/uploads\/2025\/02\/Design-facility_Exfires-dec2024-300x200.png\" class=\"attachment-medium size-medium wp-post-image\" alt=\"\" style=\"\" srcset=\"https:\/\/academiespatiale.fr\/wp-content\/uploads\/2025\/02\/Design-facility_Exfires-dec2024-300x200.png 300w, https:\/\/academiespatiale.fr\/wp-content\/uploads\/2025\/02\/Design-facility_Exfires-dec2024-360x240.png 360w, https:\/\/academiespatiale.fr\/wp-content\/uploads\/2025\/02\/Design-facility_Exfires-dec2024.png 750w\" sizes=\"auto, (max-width: 300px) 100vw, 300px\" \/><\/div><a class=\"wp-block-latest-posts__post-title\" href=\"https:\/\/academiespatiale.fr\/index.php\/2025\/02\/06\/design-facility-team-exfires-esa\/\">Design Facility Team ExFires &#8211; ESA<\/a><time datetime=\"2025-02-06T16:43:32+01:00\" class=\"wp-block-latest-posts__post-date\">6 f\u00e9vrier 2025<\/time><\/li>\n<\/ul>\n\n\n<div style=\"height:20px\" aria-hidden=\"true\" class=\"wp-block-spacer\"><\/div>\n\n\n\n<hr class=\"wp-block-separator has-alpha-channel-opacity\"\/>\n\n\n\n<figure class=\"wp-block-image alignwide size-large\"><img loading=\"lazy\" decoding=\"async\" width=\"1024\" height=\"72\" src=\"https:\/\/academiespatiale.fr\/wp-content\/uploads\/2024\/05\/Frise_logosCMA-HD-1024x72.png\" alt=\"\" class=\"wp-image-997\" srcset=\"https:\/\/academiespatiale.fr\/wp-content\/uploads\/2024\/05\/Frise_logosCMA-HD-1024x72.png 1024w, https:\/\/academiespatiale.fr\/wp-content\/uploads\/2024\/05\/Frise_logosCMA-HD-300x21.png 300w, https:\/\/academiespatiale.fr\/wp-content\/uploads\/2024\/05\/Frise_logosCMA-HD-768x54.png 768w, https:\/\/academiespatiale.fr\/wp-content\/uploads\/2024\/05\/Frise_logosCMA-HD-1536x108.png 1536w, https:\/\/academiespatiale.fr\/wp-content\/uploads\/2024\/05\/Frise_logosCMA-HD-2048x143.png 2048w\" sizes=\"auto, (max-width: 1024px) 100vw, 1024px\" \/><\/figure>\n\n\n\n<div style=\"height:100px\" aria-hidden=\"true\" class=\"wp-block-spacer\"><\/div>\n\n\n\n<div class=\"wp-block-columns alignfull has-text-color has-link-color wp-elements-8422e2a85d9f2e5605b7dd2ae54b3e54 is-layout-flex wp-container-core-columns-is-layout-e94c545b wp-block-columns-is-layout-flex\" style=\"color:#b1b1b1;margin-top:-25px;margin-bottom:20px;padding-top:0;padding-right:0;padding-bottom:0;padding-left:60px;font-size:15px\">\n<div class=\"wp-block-column has-text-color has-link-color wp-elements-32661c60388d2123b0bf1683c717c484 is-layout-flow wp-block-column-is-layout-flow\" style=\"color:#a1a1a1;padding-top:0;padding-bottom:0;font-size:15px;font-style:normal;font-weight:100;flex-basis:100%\"><div class=\"aioseo-breadcrumbs\"><span class=\"aioseo-breadcrumb\">\n\t\t\t<a href=\"https:\/\/academiespatiale.fr\" title=\"Home\">Home<\/a>\n\t\t<\/span><span class=\"aioseo-breadcrumb-separator\">&raquo;<\/span><span class=\"aioseo-breadcrumb\">\n\t\t\tRecherche\n\t\t<\/span><\/div><\/div>\n<\/div>\n","protected":false},"excerpt":{"rendered":"<p>Bienvenue dans cette section d\u00e9di\u00e9e \u00e0 la valorisation de la recherche spatiale associ\u00e9es \u00e0 notre r\u00e9seau. Les publications issues des recherches men\u00e9es par les \u00e9tudiantes et les \u00e9tudiants soutenues par l\u2019Acad\u00e9mie Spatiale ou relevant d\u2019actions port\u00e9es par l\u2019Acad\u00e9mie Spatiale. Une liste des laboratoires et \u00e9quipes de recherches spatiales en \u00cele-de-France. [&hellip;]<\/p>\n","protected":false},"author":1,"featured_media":0,"parent":0,"menu_order":0,"comment_status":"closed","ping_status":"closed","template":"","meta":{"_monsterinsights_skip_tracking":false,"_monsterinsights_sitenote_active":false,"_monsterinsights_sitenote_note":"","_monsterinsights_sitenote_category":0,"_EventAllDay":false,"_EventTimezone":"","_EventStartDate":"","_EventEndDate":"","_EventStartDateUTC":"","_EventEndDateUTC":"","_EventShowMap":false,"_EventShowMapLink":false,"_EventURL":"","_EventCost":"","_EventCostDescription":"","_EventCurrencySymbol":"","_EventCurrencyCode":"","_EventCurrencyPosition":"","_EventDateTimeSeparator":"","_EventTimeRangeSeparator":"","_EventOrganizerID":[],"_EventVenueID":[],"_OrganizerEmail":"","_OrganizerPhone":"","_OrganizerWebsite":"","_VenueAddress":"","_VenueCity":"","_VenueCountry":"","_VenueProvince":"","_VenueState":"","_VenueZip":"","_VenuePhone":"","_VenueURL":"","_VenueStateProvince":"","_VenueLat":"","_VenueLng":"","_VenueShowMap":false,"_VenueShowMapLink":false,"footnotes":""},"class_list":["post-2656","page","type-page","status-publish","hentry"],"aioseo_notices":[],"_links":{"self":[{"href":"https:\/\/academiespatiale.fr\/index.php\/wp-json\/wp\/v2\/pages\/2656","targetHints":{"allow":["GET"]}}],"collection":[{"href":"https:\/\/academiespatiale.fr\/index.php\/wp-json\/wp\/v2\/pages"}],"about":[{"href":"https:\/\/academiespatiale.fr\/index.php\/wp-json\/wp\/v2\/types\/page"}],"author":[{"embeddable":true,"href":"https:\/\/academiespatiale.fr\/index.php\/wp-json\/wp\/v2\/users\/1"}],"replies":[{"embeddable":true,"href":"https:\/\/academiespatiale.fr\/index.php\/wp-json\/wp\/v2\/comments?post=2656"}],"version-history":[{"count":22,"href":"https:\/\/academiespatiale.fr\/index.php\/wp-json\/wp\/v2\/pages\/2656\/revisions"}],"predecessor-version":[{"id":7227,"href":"https:\/\/academiespatiale.fr\/index.php\/wp-json\/wp\/v2\/pages\/2656\/revisions\/7227"}],"wp:attachment":[{"href":"https:\/\/academiespatiale.fr\/index.php\/wp-json\/wp\/v2\/media?parent=2656"}],"curies":[{"name":"wp","href":"https:\/\/api.w.org\/{rel}","templated":true}]}}