{"id":2558,"date":"2024-12-18T12:00:14","date_gmt":"2024-12-18T11:00:14","guid":{"rendered":"https:\/\/academiespatiale.fr\/?page_id=2558"},"modified":"2026-03-24T16:57:20","modified_gmt":"2026-03-24T15:57:20","slug":"publications-scientifiques","status":"publish","type":"page","link":"https:\/\/academiespatiale.fr\/index.php\/recherche\/publications-scientifiques\/","title":{"rendered":"Publications scientifiques \/ Scientific publications"},"content":{"rendered":"\n<div class=\"wp-block-columns alignfull has-text-color has-link-color wp-elements-8422e2a85d9f2e5605b7dd2ae54b3e54 is-layout-flex wp-container-core-columns-is-layout-e94c545b wp-block-columns-is-layout-flex\" style=\"color:#b1b1b1;margin-top:-25px;margin-bottom:20px;padding-top:0;padding-right:0;padding-bottom:0;padding-left:60px;font-size:15px\">\n<div class=\"wp-block-column has-text-color has-link-color wp-elements-32661c60388d2123b0bf1683c717c484 is-layout-flow wp-block-column-is-layout-flow\" style=\"color:#a1a1a1;padding-top:0;padding-bottom:0;font-size:15px;font-style:normal;font-weight:100;flex-basis:100%\"><div class=\"aioseo-breadcrumbs\"><span class=\"aioseo-breadcrumb\">\n\t\t\t<a href=\"https:\/\/academiespatiale.fr\" title=\"Home\">Home<\/a>\n\t\t<\/span><span class=\"aioseo-breadcrumb-separator\">&raquo;<\/span><span class=\"aioseo-breadcrumb\">\n\t\t\t<a href=\"https:\/\/academiespatiale.fr\/index.php\/recherche\/\" title=\"Recherche\">Recherche<\/a>\n\t\t<\/span><span class=\"aioseo-breadcrumb-separator\">&raquo;<\/span><span class=\"aioseo-breadcrumb\">\n\t\t\tPublications scientifiques \/ Scientific publications\n\t\t<\/span><\/div><\/div>\n<\/div>\n\n\n\n<p><strong>Retrouvez ici les publications issues des recherches men\u00e9es par les doctorants et les doctorantes soutenues par l&rsquo;Acad\u00e9mie Spatiale ou relevant d&rsquo;actions port\u00e9es par l&rsquo;Acad\u00e9mie Spatiale.<\/strong><\/p>\n\n\n\n<p style=\"font-size:15px\"><em><strong>Here you will find publications resulting from research conducted by doctoral students supported by the Acad\u00e9mie Spatiale or related to initiatives carried out by the Acad\u00e9mie Spatiale.<\/strong><\/em><\/p>\n\n\n\n<hr class=\"wp-block-separator has-alpha-channel-opacity\" style=\"margin-top:var(--wp--preset--spacing--80);margin-bottom:var(--wp--preset--spacing--80)\"\/>\n\n\n\n<h4 class=\"wp-block-heading\">Publications<\/h4>\n\n\n\n<p class=\"has-text-align-left\">S. Dalledonne, <strong>J. Dousset<\/strong>, M. Aliberti and R. Caranta. Procurement Policies in the Space Sector: A Review of Different Procurement Mechanisms in the United States and Europe.\u00a0<em>New Space<\/em>, 2025, 13 (4), pp.96-110. <a href=\"https:\/\/dx.doi.org\/10.1177\/21680256251376276\" target=\"_blank\" rel=\"noreferrer noopener\">doi:\u00a010.1177\/21680256251376276<\/a> &#8211;\u00a0<a href=\"https:\/\/hal.science\/hal-05432426v1\" target=\"_blank\" rel=\"noreferrer noopener\">hal-05432426<\/a>.<\/p>\n\n\n\n<p><strong>S. Mishra<\/strong>, R. Samadi and D. B\u00e9rard. Impact of charge transfer inefficiency on transit light curves: A correction strategy for PLATO.\u00a0<em>Astronomy &amp; Astrophysics &#8211; A&amp;A<\/em>, 2026, 707, pp.A200.\u00a0<a href=\"https:\/\/dx.doi.org\/10.1051\/0004-6361\/202557037\" target=\"_blank\" rel=\"noreferrer noopener\">doi:\u00a010.1051\/0004-6361\/202557037<\/a> &#8211;\u00a0<a href=\"https:\/\/hal.science\/hal-05551365v1\" target=\"_blank\" rel=\"noreferrer noopener\">hal-05551365<\/a>.<\/p>\n\n\n\n<hr class=\"wp-block-separator has-alpha-channel-opacity\" style=\"margin-top:var(--wp--preset--spacing--80);margin-bottom:var(--wp--preset--spacing--80)\"\/>\n\n\n\n<h4 class=\"wp-block-heading\">Conf\u00e9rences \/ Conferences<\/h4>\n\n\n\n<p><strong>P. Keckhut, H. Chepfer and al.<\/strong>, Space Academy of \u00cele-de-France: Evolution of taught courses and educational practices in the space domain facing new emerging professions, 5th Symposium on Space Educational Activities, April 2026, Munich (Germany) &#8211; (<a href=\"https:\/\/academiespatiale.fr\/wp-content\/uploads\/2026\/02\/Academie-Spatiale-SSEA26_all.pdf\" target=\"_blank\" rel=\"noopener\" title=\"\">\u00e0 lire ici \/ read here<\/a>)<\/p>\n\n\n\n<p><strong>J. Sousa<\/strong>, A. Meuris and R. Le Breton, Caliste-3D CZT: Development of a New Generation of Gamma-ray Imager Spectrometer to meet the Sensitivity Challenge of Space Astronomy Telescopes in the MeV band, Journ\u00e9e de l&rsquo;Axe Astrophysique, Nov. 2025, Orsay (France) &#8211; (<a href=\"https:\/\/academiespatiale.fr\/wp-content\/uploads\/2026\/01\/Sousa_poster2025_final_A0.pdf\" target=\"_blank\" rel=\"noopener\" title=\"\">Poster<\/a>)<\/p>\n\n\n\n<hr class=\"wp-block-separator has-alpha-channel-opacity\"\/>\n\n\n\n<div class=\"wp-block-group has-white-color has-text-color has-background has-link-color wp-elements-2a065c337b841ccba184e6030ebbe891\" style=\"background:linear-gradient(135deg,rgb(24,82,142) 0%,rgb(141,19,15) 99%);padding-top:var(--wp--preset--spacing--80);padding-right:var(--wp--preset--spacing--80);padding-bottom:var(--wp--preset--spacing--80);padding-left:var(--wp--preset--spacing--80)\"><div class=\"wp-block-group__inner-container is-layout-constrained wp-container-core-group-is-layout-10bc4538 wp-block-group-is-layout-constrained\">\n<h5 class=\"wp-block-heading\">\u00c0 noter pour les coll\u00e8gues soutenu\u00b7es par l\u2019Acad\u00e9mie Spatiale \/ <em>Please note for colleagues supported by the Acad\u00e9mie Spatiale:<\/em><\/h5>\n\n\n\n<p>Lorsque vos publications sont accept\u00e9es, veuiller :<br><em>When your publications are accepted, please:<\/em><\/p>\n\n\n\n<ol class=\"wp-block-list\">\n<li>Les enregistrer sur HAL \/<em> Save them on HAL<\/em><\/li>\n\n\n\n<li>Envoyer la citation et le lien HAL \u00e0 \/ <em>Send the citation and HAL link to<\/em>:&nbsp;<a href=\"mailto:communication@academiespatiale.fr\" target=\"_blank\" rel=\"noreferrer noopener\">communication@academiespatiale.fr<\/a><\/li>\n<\/ol>\n\n\n\n<hr class=\"wp-block-separator has-alpha-channel-opacity\"\/>\n\n\n\n<div style=\"height:10px\" aria-hidden=\"true\" class=\"wp-block-spacer\"><\/div>\n\n\n\n<p><strong>Phrase officielle \u00e0 inclure dans toutes vos publications :<\/strong><br><em>Official statement to be included in all your publications:<\/em><\/p>\n\n\n\n<p>En fran\u00e7ais :<\/p>\n\n\n\n<blockquote class=\"wp-block-quote is-layout-flow wp-block-quote-is-layout-flow\">\n<p>Ce travail a b\u00e9n\u00e9fici\u00e9 d\u2019une aide de l\u2019\u00c9tat g\u00e9r\u00e9e par l\u2019Agence Nationale de la Recherche au titre de France 2030 portant la r\u00e9f\u00e9rence ANR-23-CMAS-0041 \u00e0 travers le projet Comp\u00e9tences et M\u00e9tiers d\u2019Avenir appel\u00e9 Acad\u00e9mie Spatiale d\u2019\u00cele-de-France (<a href=\"https:\/\/academiespatiale.fr\/\">https:\/\/academiespatiale.fr\/<\/a>).<\/p>\n<\/blockquote>\n\n\n\n<div style=\"height:10px\" aria-hidden=\"true\" class=\"wp-block-spacer\"><\/div>\n\n\n\n<p>In English:<\/p>\n\n\n\n<blockquote class=\"wp-block-quote is-layout-flow wp-block-quote-is-layout-flow\">\n<p>This work has received support from France 2030 through the project named Acad\u00e9mie Spatiale d\u2019\u00cele-de-France (<a href=\"https:\/\/academiespatiale.fr\/\">https:\/\/academiespatiale.fr\/<\/a>) managed by the National Research Agency under bearing the reference ANR-23-CMAS-0041.<\/p>\n<\/blockquote>\n<\/div><\/div>\n\n\n\n<div style=\"height:30px\" aria-hidden=\"true\" class=\"wp-block-spacer\"><\/div>\n\n\n\n<figure class=\"wp-block-image alignwide size-full\"><img loading=\"lazy\" decoding=\"async\" width=\"14840\" height=\"1039\" src=\"https:\/\/academiespatiale.fr\/wp-content\/uploads\/2024\/04\/Frise_logosCMA-HD.png\" alt=\"\" class=\"wp-image-188\" srcset=\"https:\/\/academiespatiale.fr\/wp-content\/uploads\/2024\/04\/Frise_logosCMA-HD.png 14840w, https:\/\/academiespatiale.fr\/wp-content\/uploads\/2024\/04\/Frise_logosCMA-HD-300x21.png 300w, https:\/\/academiespatiale.fr\/wp-content\/uploads\/2024\/04\/Frise_logosCMA-HD-1024x72.png 1024w, https:\/\/academiespatiale.fr\/wp-content\/uploads\/2024\/04\/Frise_logosCMA-HD-768x54.png 768w, https:\/\/academiespatiale.fr\/wp-content\/uploads\/2024\/04\/Frise_logosCMA-HD-1536x108.png 1536w, https:\/\/academiespatiale.fr\/wp-content\/uploads\/2024\/04\/Frise_logosCMA-HD-2048x143.png 2048w\" sizes=\"auto, (max-width: 14840px) 100vw, 14840px\" \/><\/figure>\n\n\n\n<div style=\"height:100px\" aria-hidden=\"true\" class=\"wp-block-spacer\"><\/div>\n\n\n\n<div class=\"wp-block-columns alignfull has-text-color has-link-color wp-elements-8422e2a85d9f2e5605b7dd2ae54b3e54 is-layout-flex wp-container-core-columns-is-layout-e94c545b wp-block-columns-is-layout-flex\" style=\"color:#b1b1b1;margin-top:-25px;margin-bottom:20px;padding-top:0;padding-right:0;padding-bottom:0;padding-left:60px;font-size:15px\">\n<div class=\"wp-block-column has-text-color has-link-color wp-elements-32661c60388d2123b0bf1683c717c484 is-layout-flow wp-block-column-is-layout-flow\" style=\"color:#a1a1a1;padding-top:0;padding-bottom:0;font-size:15px;font-style:normal;font-weight:100;flex-basis:100%\"><div class=\"aioseo-breadcrumbs\"><span class=\"aioseo-breadcrumb\">\n\t\t\t<a href=\"https:\/\/academiespatiale.fr\" title=\"Home\">Home<\/a>\n\t\t<\/span><span class=\"aioseo-breadcrumb-separator\">&raquo;<\/span><span class=\"aioseo-breadcrumb\">\n\t\t\t<a href=\"https:\/\/academiespatiale.fr\/index.php\/recherche\/\" title=\"Recherche\">Recherche<\/a>\n\t\t<\/span><span class=\"aioseo-breadcrumb-separator\">&raquo;<\/span><span class=\"aioseo-breadcrumb\">\n\t\t\tPublications scientifiques \/ Scientific publications\n\t\t<\/span><\/div><\/div>\n<\/div>\n","protected":false},"excerpt":{"rendered":"<p>Retrouvez ici les publications issues des recherches men\u00e9es par les doctorants et les doctorantes soutenues par l&rsquo;Acad\u00e9mie Spatiale ou relevant d&rsquo;actions port\u00e9es par l&rsquo;Acad\u00e9mie Spatiale. Here you will find publications resulting from research conducted by doctoral students supported by the Acad\u00e9mie Spatiale or related to initiatives carried out by the [&hellip;]<\/p>\n","protected":false},"author":1,"featured_media":0,"parent":2656,"menu_order":0,"comment_status":"closed","ping_status":"closed","template":"","meta":{"_monsterinsights_skip_tracking":false,"_monsterinsights_sitenote_active":false,"_monsterinsights_sitenote_note":"","_monsterinsights_sitenote_category":0,"_EventAllDay":false,"_EventTimezone":"","_EventStartDate":"","_EventEndDate":"","_EventStartDateUTC":"","_EventEndDateUTC":"","_EventShowMap":false,"_EventShowMapLink":false,"_EventURL":"","_EventCost":"","_EventCostDescription":"","_EventCurrencySymbol":"","_EventCurrencyCode":"","_EventCurrencyPosition":"","_EventDateTimeSeparator":"","_EventTimeRangeSeparator":"","_EventOrganizerID":[],"_EventVenueID":[],"_OrganizerEmail":"","_OrganizerPhone":"","_OrganizerWebsite":"","_VenueAddress":"","_VenueCity":"","_VenueCountry":"","_VenueProvince":"","_VenueState":"","_VenueZip":"","_VenuePhone":"","_VenueURL":"","_VenueStateProvince":"","_VenueLat":"","_VenueLng":"","_VenueShowMap":false,"_VenueShowMapLink":false,"footnotes":""},"class_list":["post-2558","page","type-page","status-publish","hentry"],"aioseo_notices":[],"_links":{"self":[{"href":"https:\/\/academiespatiale.fr\/index.php\/wp-json\/wp\/v2\/pages\/2558","targetHints":{"allow":["GET"]}}],"collection":[{"href":"https:\/\/academiespatiale.fr\/index.php\/wp-json\/wp\/v2\/pages"}],"about":[{"href":"https:\/\/academiespatiale.fr\/index.php\/wp-json\/wp\/v2\/types\/page"}],"author":[{"embeddable":true,"href":"https:\/\/academiespatiale.fr\/index.php\/wp-json\/wp\/v2\/users\/1"}],"replies":[{"embeddable":true,"href":"https:\/\/academiespatiale.fr\/index.php\/wp-json\/wp\/v2\/comments?post=2558"}],"version-history":[{"count":28,"href":"https:\/\/academiespatiale.fr\/index.php\/wp-json\/wp\/v2\/pages\/2558\/revisions"}],"predecessor-version":[{"id":8651,"href":"https:\/\/academiespatiale.fr\/index.php\/wp-json\/wp\/v2\/pages\/2558\/revisions\/8651"}],"up":[{"embeddable":true,"href":"https:\/\/academiespatiale.fr\/index.php\/wp-json\/wp\/v2\/pages\/2656"}],"wp:attachment":[{"href":"https:\/\/academiespatiale.fr\/index.php\/wp-json\/wp\/v2\/media?parent=2558"}],"curies":[{"name":"wp","href":"https:\/\/api.w.org\/{rel}","templated":true}]}}